{"id":1016,"date":"2013-10-01T00:35:04","date_gmt":"2013-10-01T03:35:04","guid":{"rendered":"http:\/\/www.animafestival.com.ar\/2013\/?page_id=1016"},"modified":"2013-10-12T10:35:17","modified_gmt":"2013-10-12T13:35:17","slug":"panorama-latinoamericano-2","status":"publish","type":"page","link":"http:\/\/www.animafestival.com.ar\/2015\/panorama-latinoamericano-2\/","title":{"rendered":"Panorama Latinoamericano"},"content":{"rendered":"<h3><\/h3>\n<table width=\"600\" border=\"0\" cellspacing=\"0\" cellpadding=\"0\">\n<tbody>\n<tr>\n<td width=\"475\" height=\"26\">\n<h3>Cou &#8211; Cou Monsieur Perin\u00e9\u00a0<em>Cou &#8211; Cou Se\u00f1or Perin\u00e9 \/ Cou &#8211; Cou Mister Perin\u00e9<\/em><\/h3>\n<h3>Dir: Alberto Serrano y Sim\u00f3n Acosta<\/h3>\n<\/td>\n<td width=\"455\"><\/td>\n<td style=\"text-align: center;\"><strong><img decoding=\"async\" alt=\"\" src=\"http:\/\/www.animafestival.com.ar\/cortos2013\/panolatam\/1.jpg\" width=\"250\" height=\"152\" \/><\/strong><\/td>\n<\/tr>\n<tr>\n<td width=\"475\" height=\"26\">\n<h3>Et\u00e9reas\u00a0<em>Ethereal<\/em><\/h3>\n<h3>Dir: Daniela Villanueva &amp; Mara Soler<\/h3>\n<\/td>\n<td width=\"455\"><\/td>\n<td style=\"text-align: center;\"><strong><img decoding=\"async\" alt=\"\" src=\"http:\/\/www.animafestival.com.ar\/cortos2013\/panolatam\/2.jpg\" width=\"250\" height=\"152\" \/><\/strong><\/td>\n<\/tr>\n<tr>\n<td width=\"475\" height=\"26\">\n<h3>La Cacer\u00eda The Hunt<\/h3>\n<h3>Dir: Margarita Cid Lizondo<\/h3>\n<\/td>\n<td width=\"455\"><\/td>\n<td style=\"text-align: center;\"><strong><img decoding=\"async\" alt=\"\" src=\"http:\/\/www.animafestival.com.ar\/cortos2013\/panolatam\/3.jpg\" width=\"250\" height=\"152\" \/><\/strong><\/td>\n<\/tr>\n<tr>\n<td width=\"475\" height=\"26\">\n<h3>La Ni\u00f1a de las Rosas\u00a0<em>The Roses Girl<\/em><\/h3>\n<h3>Dir: Gina Rivas<\/h3>\n<\/td>\n<td width=\"455\"><\/td>\n<td style=\"text-align: center;\"><strong><img loading=\"lazy\" decoding=\"async\" alt=\"\" src=\"http:\/\/www.animafestival.com.ar\/cortos2013\/panolatam\/4.jpg\" width=\"250\" height=\"152\" \/><\/strong><\/td>\n<\/tr>\n<tr>\n<td width=\"475\" height=\"26\">\n<h3>La Noche Boca Arriba\u00a0<em>The Night Face Up<\/em>\u00a0Dir: Hugo Covarrubias<\/h3>\n<\/td>\n<td width=\"455\"><\/td>\n<td style=\"text-align: center;\"><strong><img loading=\"lazy\" decoding=\"async\" alt=\"\" src=\"http:\/\/www.animafestival.com.ar\/cortos2013\/panolatam\/5.jpg\" width=\"250\" height=\"152\" \/><\/strong><\/td>\n<\/tr>\n<tr>\n<td width=\"475\" height=\"26\">\n<h3>Luna en el Jard\u00edn\u00a0<em>Moon in the Garden<\/em><\/h3>\n<h3>Dir:\u00a0Adanoe Lima &amp; Yemel\u00ed Cruz<\/h3>\n<p>&nbsp;<\/td>\n<td width=\"455\"><\/td>\n<td style=\"text-align: center;\"><strong><img loading=\"lazy\" decoding=\"async\" alt=\"\" src=\"http:\/\/www.animafestival.com.ar\/cortos2013\/panolatam\/6.jpg\" width=\"250\" height=\"152\" \/><\/strong><\/td>\n<\/tr>\n<tr>\n<td width=\"475\" height=\"26\">\n<h3>Mi Abuela\u00a0<em>Grandmother<\/em><\/h3>\n<h3>Dir: Carlos Eduardo Smith Rovira<\/h3>\n<p>&nbsp;<\/td>\n<td width=\"455\"><\/td>\n<td style=\"text-align: center;\"><strong><img loading=\"lazy\" decoding=\"async\" alt=\"\" src=\"http:\/\/www.animafestival.com.ar\/cortos2013\/panolatam\/7.jpg\" width=\"250\" height=\"152\" \/><\/strong><\/td>\n<\/tr>\n<tr>\n<td width=\"475\" height=\"26\">\n<h3>Mi Primer Vuelo\u00a0<em>My First Flight<\/em><\/h3>\n<h3>Dir: Kurt Malonnek<\/h3>\n<\/td>\n<td width=\"455\"><\/td>\n<td style=\"text-align: center;\"><strong><img loading=\"lazy\" decoding=\"async\" alt=\"\" src=\"http:\/\/www.animafestival.com.ar\/cortos2013\/panolatam\/8.jpg\" width=\"250\" height=\"152\" \/><\/strong><\/td>\n<\/tr>\n<tr>\n<td width=\"475\" height=\"26\">\n<h3>Pallay\u00a0<em>Pallay<\/em><\/h3>\n<h3>Dir: Patricia Aramayo Mariscal<\/h3>\n<\/td>\n<td width=\"455\"><\/td>\n<td style=\"text-align: center;\"><strong><img loading=\"lazy\" decoding=\"async\" alt=\"\" src=\"http:\/\/www.animafestival.com.ar\/cortos2013\/panolatam\/9.jpg\" width=\"250\" height=\"152\" \/><\/strong><\/td>\n<\/tr>\n<tr>\n<td width=\"475\" height=\"26\">\n<h3>Pintas\u00a0<em>Pecas \/ Freckles<\/em><\/h3>\n<h3>Dir: Marcus Vinicius Vasconcelos<\/h3>\n<\/td>\n<td width=\"455\"><\/td>\n<td style=\"text-align: center;\"><strong><img loading=\"lazy\" decoding=\"async\" alt=\"\" src=\"http:\/\/www.animafestival.com.ar\/cortos2013\/panolatam\/10.jpg\" width=\"250\" height=\"152\" \/><\/strong><\/td>\n<\/tr>\n<tr>\n<td width=\"475\" height=\"26\">\n<h3>Retrato Pol\u00edtico\u00a0<em>Political Portrait<\/em><\/h3>\n<h3>Dir: Luis Felipe N\u00fa\u00f1ez Vel\u00e1zquez<\/h3>\n<\/td>\n<td width=\"455\"><\/td>\n<td style=\"text-align: center;\"><strong><img loading=\"lazy\" decoding=\"async\" alt=\"\" src=\"http:\/\/www.animafestival.com.ar\/cortos2013\/panolatam\/11.jpg\" width=\"250\" height=\"152\" \/><\/strong><\/td>\n<\/tr>\n<tr>\n<td width=\"475\" height=\"26\"><\/td>\n<td width=\"455\"><\/td>\n<td style=\"text-align: center;\"><\/td>\n<\/tr>\n<\/tbody>\n<\/table>\n<p>&nbsp;<\/p>\n","protected":false},"excerpt":{"rendered":"<p>Cou &#8211; Cou Monsieur Perin\u00e9\u00a0Cou &#8211; Cou Se\u00f1or Perin\u00e9 \/ Cou &#8211; Cou Mister Perin\u00e9 Dir: Alberto Serrano y Sim\u00f3n Acosta Et\u00e9reas\u00a0Ethereal Dir: Daniela Villanueva &amp; Mara Soler La Cacer\u00eda [&hellip;]<\/p>\n","protected":false},"author":1,"featured_media":0,"parent":0,"menu_order":0,"comment_status":"closed","ping_status":"open","template":"","meta":{"footnotes":""},"class_list":["post-1016","page","type-page","status-publish","hentry"],"_links":{"self":[{"href":"http:\/\/www.animafestival.com.ar\/2015\/wp-json\/wp\/v2\/pages\/1016","targetHints":{"allow":["GET"]}}],"collection":[{"href":"http:\/\/www.animafestival.com.ar\/2015\/wp-json\/wp\/v2\/pages"}],"about":[{"href":"http:\/\/www.animafestival.com.ar\/2015\/wp-json\/wp\/v2\/types\/page"}],"author":[{"embeddable":true,"href":"http:\/\/www.animafestival.com.ar\/2015\/wp-json\/wp\/v2\/users\/1"}],"replies":[{"embeddable":true,"href":"http:\/\/www.animafestival.com.ar\/2015\/wp-json\/wp\/v2\/comments?post=1016"}],"version-history":[{"count":10,"href":"http:\/\/www.animafestival.com.ar\/2015\/wp-json\/wp\/v2\/pages\/1016\/revisions"}],"predecessor-version":[{"id":1290,"href":"http:\/\/www.animafestival.com.ar\/2015\/wp-json\/wp\/v2\/pages\/1016\/revisions\/1290"}],"wp:attachment":[{"href":"http:\/\/www.animafestival.com.ar\/2015\/wp-json\/wp\/v2\/media?parent=1016"}],"curies":[{"name":"wp","href":"https:\/\/api.w.org\/{rel}","templated":true}]}}