{"id":1018,"date":"2013-10-01T00:35:20","date_gmt":"2013-10-01T03:35:20","guid":{"rendered":"http:\/\/www.animafestival.com.ar\/2013\/?page_id=1018"},"modified":"2013-10-12T00:19:09","modified_gmt":"2013-10-12T03:19:09","slug":"panorama-internacional","status":"publish","type":"page","link":"http:\/\/www.animafestival.com.ar\/2015\/panorama-internacional\/","title":{"rendered":"Panorama Internacional"},"content":{"rendered":"<h3><\/h3>\n<table width=\"600\" border=\"0\" cellspacing=\"0\" cellpadding=\"0\">\n<tbody>\n<tr>\n<td width=\"475\" height=\"26\">\n<h3>A Very Large Increase in the Size, Amount, or Importance of Something Over a Very Short Period of Time<br \/>\n<em>Un Gran Incremento en el Tama\u00f1o, Cantidad, o Importancia de Algo en un Per\u00edodo de tiempo muy corto<\/em><br \/>\nDir: Max Hattler<\/h3>\n<\/td>\n<td width=\"455\"><\/td>\n<td style=\"text-align: center;\"><strong><img decoding=\"async\" alt=\"\" src=\"http:\/\/www.animafestival.com.ar\/cortos2013\/panointerna\/1.jpg\" width=\"250\" height=\"152\" \/><\/strong><\/td>\n<\/tr>\n<tr>\n<td width=\"475\" height=\"26\">\n<h3>Animated Self Portraits<br \/>\n<em>Retratos Animados<\/em><br \/>\nDir: Madi Piller<\/h3>\n<\/td>\n<td width=\"455\"><\/td>\n<td style=\"text-align: center;\"><strong><img decoding=\"async\" alt=\"\" src=\"http:\/\/www.animafestival.com.ar\/cortos2013\/panointerna\/2.jpg\" width=\"250\" height=\"152\" \/><\/strong><\/td>\n<\/tr>\n<tr>\n<td width=\"475\" height=\"26\">\n<h3>BAO<br \/>\nDir: Sandra Desmazieres<\/h3>\n<\/td>\n<td width=\"455\"><\/td>\n<td style=\"text-align: center;\"><strong><img decoding=\"async\" alt=\"\" src=\"http:\/\/www.animafestival.com.ar\/cortos2013\/panointerna\/3.jpg\" width=\"250\" height=\"152\" \/><\/strong><\/td>\n<\/tr>\n<tr>\n<td width=\"475\" height=\"26\">\n<h3>Beyond the Spheres<br \/>\n<em>M\u00e1s All\u00e1 de las Esferas<\/em><br \/>\nDir:\u00a0 Meghdad Asadi Lari<\/h3>\n<\/td>\n<td width=\"455\"><\/td>\n<td style=\"text-align: center;\"><strong><img loading=\"lazy\" decoding=\"async\" alt=\"\" src=\"http:\/\/www.animafestival.com.ar\/cortos2013\/panointerna\/4.jpg\" width=\"250\" height=\"152\" \/><\/strong><\/td>\n<\/tr>\n<tr>\n<td width=\"475\" height=\"26\">\n<h3>Comme Des Lapins (Chroniques de la poisse, chap. 2)<br \/>\n<em>Como Conejos (finales pegajosos, cap. 2) \/ Like Rabbits (Sticky Ends, chap. 2)<\/em><br \/>\nDir: Osman Cerfon<\/h3>\n<\/td>\n<td width=\"455\"><\/td>\n<td style=\"text-align: center;\"><strong><img loading=\"lazy\" decoding=\"async\" alt=\"\" src=\"http:\/\/www.animafestival.com.ar\/cortos2013\/panointerna\/5.jpg\" width=\"250\" height=\"152\" \/><\/strong><\/td>\n<\/tr>\n<tr>\n<td width=\"475\" height=\"26\">\n<h3>De Riria Subasutaimu<br \/>\nDir:\u00a0 Shinsaku Hidaka<\/h3>\n<\/td>\n<td width=\"455\"><\/td>\n<td style=\"text-align: center;\"><strong><img loading=\"lazy\" decoding=\"async\" alt=\"\" src=\"http:\/\/www.animafestival.com.ar\/cortos2013\/panointerna\/6.jpg\" width=\"250\" height=\"152\" \/><\/strong><\/td>\n<\/tr>\n<tr>\n<td width=\"475\" height=\"26\">\n<h3>Dimanche<br \/>\n<em>Domingo \/ Sunday<\/em><br \/>\nDir: Patrick Doyon<\/h3>\n<\/td>\n<td width=\"455\"><\/td>\n<td style=\"text-align: center;\"><strong><img loading=\"lazy\" decoding=\"async\" alt=\"\" src=\"http:\/\/www.animafestival.com.ar\/cortos2013\/panointerna\/7.jpg\" width=\"250\" height=\"152\" \/><\/strong><\/td>\n<\/tr>\n<tr>\n<td width=\"475\" height=\"26\">\n<h3>El Ruido del Mundo<br \/>\n<em>Noise of the World<\/em><br \/>\nDir: Coke Riob\u00f3o<\/h3>\n<\/td>\n<td width=\"455\"><\/td>\n<td style=\"text-align: center;\"><strong><img loading=\"lazy\" decoding=\"async\" alt=\"\" src=\"http:\/\/www.animafestival.com.ar\/cortos2013\/panointerna\/8.jpg\" width=\"250\" height=\"152\" \/><\/strong><\/td>\n<\/tr>\n<tr>\n<td width=\"475\" height=\"26\">\n<h3>In Vino Veritas<br \/>\nDir:\u00a0 Aneta K\u00fdrov\u00e1 \u017dabkov\u00e1<\/h3>\n<\/td>\n<td width=\"455\"><\/td>\n<td style=\"text-align: center;\"><strong><img loading=\"lazy\" decoding=\"async\" alt=\"\" src=\"http:\/\/www.animafestival.com.ar\/cortos2013\/panointerna\/9.jpg\" width=\"250\" height=\"152\" \/><\/strong><\/td>\n<\/tr>\n<tr>\n<td width=\"475\" height=\"26\">\n<h3>La Nuit Am\u00e9ricaine d\u2019Ang\u00e9lique<br \/>\n<em>La Noche Americana de Ang\u00e9lique \/ Ang\u00e9lique&#8217;s Day for Night<\/em><br \/>\nDir: Joris Clert\u00e9<\/h3>\n<\/td>\n<td width=\"455\"><\/td>\n<td style=\"text-align: center;\"><strong><img loading=\"lazy\" decoding=\"async\" alt=\"\" src=\"http:\/\/www.animafestival.com.ar\/cortos2013\/panointerna\/10.jpg\" width=\"250\" height=\"152\" \/><\/strong><\/td>\n<\/tr>\n<tr>\n<td width=\"475\" height=\"26\">\n<h3>La Vida en la Cima<br \/>\n<em>Life at The Top<\/em><br \/>\nDir:\u00a0 Javier Ojeda<\/h3>\n<\/td>\n<td width=\"455\"><\/td>\n<td style=\"text-align: center;\"><strong><img loading=\"lazy\" decoding=\"async\" alt=\"\" src=\"http:\/\/www.animafestival.com.ar\/cortos2013\/panointerna\/11.jpg\" width=\"250\" height=\"152\" \/><\/strong><\/td>\n<\/tr>\n<tr>\n<td width=\"475\" height=\"26\">\n<h3>Lake<br \/>\n<em>Lago<\/em><br \/>\nDir: Steven Subotnick<\/h3>\n<\/td>\n<td width=\"455\"><\/td>\n<td style=\"text-align: center;\"><strong><img loading=\"lazy\" decoding=\"async\" alt=\"\" src=\"http:\/\/www.animafestival.com.ar\/cortos2013\/panointerna\/12.jpg\" width=\"250\" height=\"152\" \/><\/strong><\/td>\n<\/tr>\n<tr>\n<td width=\"475\" height=\"26\">\n<h3>Norman<br \/>\nDir:\u00a0Robbe Vervaeke<\/h3>\n<\/td>\n<td width=\"455\"><\/td>\n<td style=\"text-align: center;\"><strong><img loading=\"lazy\" decoding=\"async\" alt=\"\" src=\"http:\/\/www.animafestival.com.ar\/cortos2013\/panointerna\/13.jpg\" width=\"250\" height=\"152\" \/><\/strong><\/td>\n<\/tr>\n<tr>\n<td width=\"475\" height=\"26\">\n<h3>O \u0161unce<br \/>\n<em>La Historia del Jam\u00f3n \/ Ham Story<\/em><br \/>\nDir: Eli\u0161ka Chytkov\u00e1<\/h3>\n<\/td>\n<td width=\"455\"><\/td>\n<td style=\"text-align: center;\"><strong><img loading=\"lazy\" decoding=\"async\" alt=\"\" src=\"http:\/\/www.animafestival.com.ar\/cortos2013\/panointerna\/14.jpg\" width=\"250\" height=\"152\" \/><\/strong><\/td>\n<\/tr>\n<tr>\n<td width=\"475\" height=\"26\">\n<h3>Our Son<br \/>\n<em>Nuestro Hijo<\/em><br \/>\nDir: Eric Ko<\/h3>\n<\/td>\n<td width=\"455\"><\/td>\n<td style=\"text-align: center;\"><strong><img loading=\"lazy\" decoding=\"async\" alt=\"\" src=\"http:\/\/www.animafestival.com.ar\/cortos2013\/panointerna\/15.jpg\" width=\"250\" height=\"152\" \/><\/strong><\/td>\n<\/tr>\n<tr>\n<td width=\"475\" height=\"26\">\n<h3>Rozaneh<br \/>\n<em>Apertura\/ Aperture<\/em><br \/>\nDir: Amir Mehran<\/h3>\n<\/td>\n<td width=\"455\"><\/td>\n<td style=\"text-align: center;\"><strong><img loading=\"lazy\" decoding=\"async\" alt=\"\" src=\"http:\/\/www.animafestival.com.ar\/cortos2013\/panointerna\/16.jpg\" width=\"250\" height=\"152\" \/><\/strong><\/td>\n<\/tr>\n<tr>\n<td width=\"475\" height=\"26\">\n<h3>Tall Tales from the Trail<br \/>\n<em>Largos Cuentos del Sendero \/ Tall Tales from the Trail<\/em><br \/>\nDir: Adrian Kaxrud<\/h3>\n<\/td>\n<td width=\"455\"><\/td>\n<td style=\"text-align: center;\"><strong><img loading=\"lazy\" decoding=\"async\" alt=\"\" src=\"http:\/\/www.animafestival.com.ar\/cortos2013\/panointerna\/17.jpg\" width=\"250\" height=\"152\" \/><\/strong><\/td>\n<\/tr>\n<tr>\n<td width=\"475\" height=\"26\">\n<h3>The Kiosk<br \/>\n<em>El Kiosco<\/em><br \/>\nDir: Anete Melece<\/h3>\n<\/td>\n<td width=\"455\"><\/td>\n<td style=\"text-align: center;\"><strong><img loading=\"lazy\" decoding=\"async\" alt=\"\" src=\"http:\/\/www.animafestival.com.ar\/cortos2013\/panointerna\/18.jpg\" width=\"250\" height=\"152\" \/><\/strong><\/td>\n<\/tr>\n<tr>\n<td width=\"475\" height=\"26\">\n<h3>This Thirst<br \/>\n<em>Esta Sed<\/em><br \/>\nDir: Francois Vogel<\/h3>\n<\/td>\n<td width=\"455\"><\/td>\n<td style=\"text-align: center;\"><strong><img loading=\"lazy\" decoding=\"async\" alt=\"\" src=\"http:\/\/www.animafestival.com.ar\/cortos2013\/panointerna\/19.jpg\" width=\"250\" height=\"152\" \/><\/strong><\/td>\n<\/tr>\n<tr>\n<td width=\"475\" height=\"26\">\n<h3>Wednesday<br \/>\n<em>Mi\u00e9rcoles<\/em><br \/>\nDir: Olivier Dressen<\/h3>\n<\/td>\n<td width=\"455\"><\/td>\n<td style=\"text-align: center;\"><strong><img loading=\"lazy\" decoding=\"async\" alt=\"\" src=\"http:\/\/www.animafestival.com.ar\/cortos2013\/panointerna\/20.jpg\" width=\"250\" height=\"152\" \/><\/strong><\/td>\n<\/tr>\n<tr>\n<td width=\"475\" height=\"26\">\n<h3>Yellow Sticky Notes | Canadian Anijam<br \/>\n<em>Notas Amarillas y Pegajosas l Anijam Canadiense<\/em><br \/>\nDir: Jeff Chiba Stearns<\/h3>\n<\/td>\n<td width=\"455\"><\/td>\n<td style=\"text-align: center;\"><strong><img loading=\"lazy\" decoding=\"async\" alt=\"\" src=\"http:\/\/www.animafestival.com.ar\/cortos2013\/panointerna\/21.jpg\" width=\"250\" height=\"152\" \/><\/strong><\/td>\n<\/tr>\n<tr>\n<td width=\"475\" height=\"26\"><\/td>\n<td width=\"455\"><\/td>\n<td style=\"text-align: center;\"><\/td>\n<\/tr>\n<\/tbody>\n<\/table>\n<p>&nbsp;<\/p>\n","protected":false},"excerpt":{"rendered":"<p>A Very Large Increase in the Size, Amount, or Importance of Something Over a Very Short Period of Time Un Gran Incremento en el Tama\u00f1o, Cantidad, o Importancia de Algo [&hellip;]<\/p>\n","protected":false},"author":1,"featured_media":0,"parent":0,"menu_order":0,"comment_status":"closed","ping_status":"open","template":"","meta":{"footnotes":""},"class_list":["post-1018","page","type-page","status-publish","hentry"],"_links":{"self":[{"href":"http:\/\/www.animafestival.com.ar\/2015\/wp-json\/wp\/v2\/pages\/1018","targetHints":{"allow":["GET"]}}],"collection":[{"href":"http:\/\/www.animafestival.com.ar\/2015\/wp-json\/wp\/v2\/pages"}],"about":[{"href":"http:\/\/www.animafestival.com.ar\/2015\/wp-json\/wp\/v2\/types\/page"}],"author":[{"embeddable":true,"href":"http:\/\/www.animafestival.com.ar\/2015\/wp-json\/wp\/v2\/users\/1"}],"replies":[{"embeddable":true,"href":"http:\/\/www.animafestival.com.ar\/2015\/wp-json\/wp\/v2\/comments?post=1018"}],"version-history":[{"count":11,"href":"http:\/\/www.animafestival.com.ar\/2015\/wp-json\/wp\/v2\/pages\/1018\/revisions"}],"predecessor-version":[{"id":1284,"href":"http:\/\/www.animafestival.com.ar\/2015\/wp-json\/wp\/v2\/pages\/1018\/revisions\/1284"}],"wp:attachment":[{"href":"http:\/\/www.animafestival.com.ar\/2015\/wp-json\/wp\/v2\/media?parent=1018"}],"curies":[{"name":"wp","href":"https:\/\/api.w.org\/{rel}","templated":true}]}}