{"id":1047,"date":"2013-10-01T01:34:48","date_gmt":"2013-10-01T04:34:48","guid":{"rendered":"http:\/\/www.animafestival.com.ar\/2013\/?page_id=1047"},"modified":"2013-10-10T08:29:09","modified_gmt":"2013-10-10T11:29:09","slug":"muestra-de-escuelas","status":"publish","type":"page","link":"http:\/\/www.animafestival.com.ar\/2015\/muestra-de-escuelas\/","title":{"rendered":"Panorama de Escuelas de Animaci\u00f3n"},"content":{"rendered":"<p><strong>ESCUELA DE CINE INFANTIL Y JUVENIL<\/strong><br \/>\n<strong> TALLER DE CINE \u201cEL MATE\u201d<\/strong><br \/>\nMunicipalidad de Vicente L\u00f3pez, Buenos Aires<br \/>\nDirectora: Irene Blei<br \/>\nwww.tallerelmate.com.ar<br \/>\ninfo@tallerelmate.com.ar<br \/>\nProducci\u00f3n 2012<br \/>\nDuraci\u00f3n: 5:00<\/p>\n<p>\u201cMundo El\u00e9ctrico\u201d<br \/>\n\u201c\u00a1Miua!\u201d<br \/>\n\u201cLa Dama China\u201d<br \/>\n\u201cTransformaciones\u201d<\/p>\n<p><strong>UNIVERSIDAD SAN FRANCISCO DE QUITO<\/strong><br \/>\n<strong> COLEGIO DE COMUNICACI\u00d3N Y ARTES CONTEMPOR\u00c1NEAS<\/strong><br \/>\nCarrera Animaci\u00f3n Digital<br \/>\nCoord. Acad\u00e9mico: Decano Hugo Burgos Y. Ph.D.<br \/>\ngalo@usfq.edu.ec<br \/>\nregistro@usfq.edu.ec<br \/>\nDuraci\u00f3n: 4:08<\/p>\n<p>\u201cMago\u201d Nicol\u00e1s Sorzano<br \/>\n\u201cLugar de Origen\u201d Juan Sebasti\u00e1n Bossano<br \/>\n\u201cMil disparos al Amor\u201d Nathalia D\u00e1vila<br \/>\n\u201cDibujo Animado del Sismo\u201d Andr\u00e9s P\u00e9rez<\/p>\n<p><strong>TALLER TIMBO<\/strong><br \/>\nAtenci\u00f3n Pedag\u00f3gica Especializada<br \/>\nTaller de Lenguaje Audiovisual<br \/>\nCoord. Acad\u00e9mico: Alvaro Adib Barreiro<br \/>\nDuraci\u00f3n: 5:07<\/p>\n<p>\u201cEncuentro\u201d<br \/>\n\u201cPlaneta X\u201d<br \/>\n\u201cLa Vaca Fer\u00f3z\u201d<br \/>\n\u201cRaig\u00f3n\u201d<\/p>\n<p><strong>ESCUELA DE ARTES VISUALES \u201cMARTIN MALHARRO\u201d<\/strong><br \/>\nCarrera de Ilustraci\u00f3n<br \/>\nCoord. Acad\u00e9mico: Prof. Marita Sampedro.<br \/>\nMar del Plata, Buenos Aires, Argentina<br \/>\nmartinmalharro@hotmail.com<br \/>\nwww.avmartinmalharro.edu.ar<br \/>\nAlumnos de 3ro y 4to a\u00f1o.<br \/>\nDuraci\u00f3n: 4:50<\/p>\n<p>\u201cZen\u201d, de Facundo L\u00f3pez, 2013<br \/>\n\u201cEl enviado\u201d, Facundo L\u00f3pez, flipbook , 2012<br \/>\n\u201cSecuestro en el cerro\u201d, Melanie Alarc\u00f3n, flipbook , 2012<br \/>\n\u201cConcentraci\u00f3n\u201d , Agostina Privitello, flipbook , 2012<br \/>\n\u201cPajaritos en la cabeza\u201d, Lucila Cardozo, flipbook , 2012<br \/>\n\u201cCaperucita roja y sus malabares sobre tres hisopos\u201d, Emiliano Gunckel, flipbook, 2011<br \/>\n\u201cMalharreados\u201d, Pablo Carr\u00e1, Luc\u00eda Frola, Miguel Zenteno, Pamela Mieres, Andrea Acu\u00f1a, Agostina Privitello, Pablo Abdolcadir y Fabi\u00e1n Iglesias, Stopmotion, 2010<\/p>\n<p><strong>UNIVERSIDAD NACIONAL DE LA RIOJA<\/strong><br \/>\nDpto. Acad\u00e9mico de Cs. Exactas, F\u00edsicas y Naturales<br \/>\nDirecci\u00f3n de Carrera de Dise\u00f1o Mulitmedia<br \/>\nC\u00e1tedra de Animaci\u00f3n<br \/>\nCoord. Acad\u00e9mico: Lic. Juan P. Sgr\u00f3<br \/>\nLa Rioja \u2013 Argentina<br \/>\nwww.unlar.edu.ar<br \/>\nDuraci\u00f3n: 5:09<\/p>\n<p>\u201cCuide el Planeta\u201d, Santiago Contreras, Natal\u00ed Tuli\u00e1n Herrera y Mariana Celada.<br \/>\n\u201cCaramelo\u201d, Mat\u00edas Oyola y Mayra Luna<br \/>\n\u201cFusa, corchea y luces\u201d, Lucas Cardoza, Ignacio Daniele, Mart\u00edn I\u00f1igo, Renzo Juarez y Marcos Pereyra.<\/p>\n<p><strong>UNIVERSIDADE FEDERAL DE PELOTAS<\/strong><br \/>\nCentro de Artes \u2013 Cinema de Anima\u00c7ao<\/p>\n<p>Duraci\u00f3n: 5:00<\/p>\n<p><strong>ESCUELA PARA ANIMADORES DE ROSARIO<\/strong><br \/>\nRosario, Santa F\u00e9, Argentina<br \/>\nCoord. Acad\u00e9mico: Prof. Pablo Rodr\u00edguez Jauregui.<br \/>\nwww.escuelaanimadores.com.ar<br \/>\nPromoci\u00f3n 2012<br \/>\nDuraci\u00f3n: 5:29<\/p>\n<p>\u201cDonde Habitan las Ideas?\u201d, Mar\u00eda Victoria Rodr\u00edguez<br \/>\n\u201cLa Ni\u00f1a y el Poni\u201d, Emanuel Gastaldi<br \/>\n\u201cLa Bamba\u201d<br \/>\n\u2026<\/p>\n<p><strong>UNIVERSIDAD ORT URUGUAY<\/strong><br \/>\nFacultad de Comunicaci\u00f3n y Dise\u00f1o<br \/>\nLicenciatura en Animaci\u00f3n y Videojuegos<br \/>\nCoord. Acad\u00e9mico:<br \/>\nDuraci\u00f3n: 5:34<\/p>\n<p>\u201cDelivery\u201d, Didier Surka<br \/>\n\u201cIllusion\u201d, Georgine Herbig<br \/>\n\u2026<br \/>\n\u201cPecking Order\u201d<\/p>\n<p><strong>UNIVERSIDAD NACIONAL DE CORDOBA<\/strong><br \/>\nFacultad de Artes \u2013 Dpto. de Cine y TV<br \/>\nC\u00e1tedra de Cine Animaci\u00f3n con Elementos de Dise\u00f1o Gr\u00e1fico.<br \/>\nTitular: Carmen Garz\u00f3n<br \/>\nAsistente: Alejandro R. Gonz\u00e1lez<br \/>\nAdscriptos: Paula Daveloza, Mar\u00eda Delia Puebla y Victoria In\u00e9s Suarez.<br \/>\nAyudante Alumno: Jos\u00e9 Mat\u00edas Benassi, Anal\u00eda Pereda.<br \/>\nC\u00f3rdoba \u2013 Argentina<\/p>\n<p>Hombre Misterioso<br \/>\nMart\u00edn Alonso de Armi\u00f1o.<br \/>\n00\u201945\u00b4, dibujos. 2012.<\/p>\n<p>Circus<br \/>\nIrup\u00e9 Baldoneyro, Ver\u00f3nica Goren, Micaela Mart\u00edn<br \/>\n00\u201940\u201d, Recortes. 2013.<\/p>\n<p>Animate<br \/>\nVirginia Avila, Alvaro Buchini, Giuliana Cittadini.<br \/>\n50\u201d, T\u00e9cnica Mixta. 2013<\/p>\n<p>El espectador televisado<br \/>\nMar\u00eda Durante, Ivy Su\u00e1rez, Marisel Guerrero.<br \/>\n40\u201d, Dibujos, 2012.<\/p>\n<p>Lejano Oeste<br \/>\nFernanda Guerrero, Facundo Panza, Eimi Pouli<br \/>\n1\u2019, Dibujos, 2013.<\/p>\n<p>Equilibrista<br \/>\nMart\u00edn Morenilla, Agust\u00edn Lamarlere<br \/>\n1\u2019, Dibujos, 2013<\/p>\n<p>Hasta los huevos<br \/>\nAgust\u00edn Premat, Constanza Rigazio, Sof\u00eda Rold\u00e1n<br \/>\n1\u00b415\u00b4\u00b4, Stop Motion, 2012.<\/p>\n<p>723<br \/>\nSheila Fentana, Facundo Guilbert<br \/>\n1\u00b4, Dibujos, 2011<\/p>\n<p><strong>UNIVERSIDAD NACIONAL DE VILLA MARIA<\/strong><br \/>\nC\u00e1tedra de Animaci\u00f3n<br \/>\nAdjunto a cargo: Alejandro R. Gonz\u00e1lez<br \/>\nJPT: Paula As\u00eds<br \/>\nAdscripta: Carolina Segre<br \/>\nAyudante Alumno: Luz Cantisani<br \/>\nVilla Mar\u00eda \u2013 C\u00f3rdoba \u2013 Argentina<br \/>\nwww.unvm.edu.ar<\/p>\n<p>Arcade Madness<br \/>\nMart\u00edn Oddino, Paulo de Carlini<br \/>\n0:55, 2013<\/p>\n<p>Me enamoro en primavera<br \/>\nF\u00e1tima Infante, Betsab\u00e9 Vella<br \/>\n2:02, 2013<\/p>\n<p>El idioma final<br \/>\nDaiana Cristaudo<br \/>\n0:41, 2013<\/p>\n<p>Voyager<br \/>\nSebasti\u00e1n Perotti<br \/>\n1:15, 2012<\/p>\n","protected":false},"excerpt":{"rendered":"<p>ESCUELA DE CINE INFANTIL Y JUVENIL TALLER DE CINE \u201cEL MATE\u201d Municipalidad de Vicente L\u00f3pez, Buenos Aires Directora: Irene Blei www.tallerelmate.com.ar info@tallerelmate.com.ar Producci\u00f3n 2012 Duraci\u00f3n: 5:00 \u201cMundo El\u00e9ctrico\u201d \u201c\u00a1Miua!\u201d \u201cLa [&hellip;]<\/p>\n","protected":false},"author":1,"featured_media":0,"parent":0,"menu_order":0,"comment_status":"closed","ping_status":"open","template":"","meta":{"footnotes":""},"class_list":["post-1047","page","type-page","status-publish","hentry"],"_links":{"self":[{"href":"http:\/\/www.animafestival.com.ar\/2015\/wp-json\/wp\/v2\/pages\/1047","targetHints":{"allow":["GET"]}}],"collection":[{"href":"http:\/\/www.animafestival.com.ar\/2015\/wp-json\/wp\/v2\/pages"}],"about":[{"href":"http:\/\/www.animafestival.com.ar\/2015\/wp-json\/wp\/v2\/types\/page"}],"author":[{"embeddable":true,"href":"http:\/\/www.animafestival.com.ar\/2015\/wp-json\/wp\/v2\/users\/1"}],"replies":[{"embeddable":true,"href":"http:\/\/www.animafestival.com.ar\/2015\/wp-json\/wp\/v2\/comments?post=1047"}],"version-history":[{"count":3,"href":"http:\/\/www.animafestival.com.ar\/2015\/wp-json\/wp\/v2\/pages\/1047\/revisions"}],"predecessor-version":[{"id":1271,"href":"http:\/\/www.animafestival.com.ar\/2015\/wp-json\/wp\/v2\/pages\/1047\/revisions\/1271"}],"wp:attachment":[{"href":"http:\/\/www.animafestival.com.ar\/2015\/wp-json\/wp\/v2\/media?parent=1047"}],"curies":[{"name":"wp","href":"https:\/\/api.w.org\/{rel}","templated":true}]}}