{"id":1474,"date":"2015-09-02T18:20:51","date_gmt":"2015-09-02T21:20:51","guid":{"rendered":"http:\/\/www.animafestival.com.ar\/2015\/?page_id=1474"},"modified":"2015-09-05T16:09:47","modified_gmt":"2015-09-05T19:09:47","slug":"panorama-latinoamericano-2015","status":"publish","type":"page","link":"http:\/\/www.animafestival.com.ar\/2015\/panorama-latinoamericano-2015\/","title":{"rendered":"Panorama Latinoamericano 2015"},"content":{"rendered":"<h1>Panorama Latinoamericano<\/h1>\n<div>\n<div><img fetchpriority=\"high\" decoding=\"async\" src=\"http:\/\/www.animafestival.com.ar\/imgs\/2015_films\/lat01.jpg\" alt=\"Aya Esp\u00edritu | Cuando el color se va\" width=\"300\" height=\"195\" \/><\/div>\n<div>\n<h2><b>Aya <\/b><i><span style=\"font-weight: 400\">| <\/span><\/i><b>Espiritu<\/b><\/h2>\n<p><span style=\"font-weight: 400\">2013-14 \/ Color \/ Dibujos \/ <\/span><i><span style=\"font-weight: 400\">Drawings<\/span><\/i><span style=\"font-weight: 400\"> \/ 5:05<\/span><\/p>\n<p><span style=\"font-weight: 400\">Ecuador<\/span><\/p>\n<p><b>Edison Fuentes, Director<\/b><\/p>\n<p><span style=\"font-weight: 400\">Una madrugada, a lo lejos se divisa un anciano entre los maizales culminado su jornada de cosecha y se dirige hacia un antiguo \u00e1rbol para un descanso con su flauta; mientras se escucha el viento que cada vez sopla con m\u00e1s intensidad. El cansancio lo vence y queda dormido profundamente, cuando de repente el viento sopla y su sombrero es llevado con fuerza hacia los maizales. El anciano corre tras \u00e9l, sin imaginarse que se aproxima un encuentro inesperado.<\/span><\/p>\n<p>&nbsp;<\/p>\n<h1><b>Cuando el color se va<\/b><\/h1>\n<p><span style=\"font-weight: 400\">2013 \/ Color \/ Dibujos \/ <\/span><i><span style=\"font-weight: 400\">Drawings<\/span><\/i><span style=\"font-weight: 400\"> \/ 4:47<\/span><\/p>\n<p><span style=\"font-weight: 400\">Per\u00fa<\/span><\/p>\n<p><b>Laura Carranza, Director<\/b><\/p>\n<p><span style=\"font-weight: 400\">En medio del caos de la ciudad un viejo est\u00e1 parado frente al hospital infantil sujetando un manojo de globos blancos. Al caer la noche entra sin ser percibido por nadie. Mientras transcurre la noche el viejo visita las habitaciones de ni\u00f1os moribundos recolectando sus almas en los globos.<\/span><\/p>\n<hr \/>\n<p>&nbsp;<\/p>\n<p>&nbsp;<\/p>\n<\/div>\n<div><img decoding=\"async\" src=\"http:\/\/www.animafestival.com.ar\/imgs\/2015_films\/lat02.jpg\" alt=\"De los lugares | El viaje de Gaia\" width=\"300\" height=\"195\" \/><\/div>\n<div>\n<p>&nbsp;<\/p>\n<h1><b>De los lugares<\/b><\/h1>\n<p><span style=\"font-weight: 400\">2014 \/ Color \/ Dibujos <\/span><span style=\"font-weight: 400\">\u00a0\/ 2:26<\/span><\/p>\n<p><span style=\"font-weight: 400\">Universidad Nacional de Colombia<\/span><\/p>\n<p><span style=\"font-weight: 400\">Colombia<\/span><\/p>\n<p><b>Mauricio Vargas,Director<\/b><\/p>\n<p><span style=\"font-weight: 400\">A una ni\u00f1a tranquila se le enreda una de las mangas de su saco en el suelo y no puede liberarse, este percance la lleva a enfrentar la angustia y conocer la otra cara de s\u00ed misma<\/span><i><span style=\"font-weight: 400\">.<\/span><\/i><\/p>\n<hr \/>\n<p>&nbsp;<\/p>\n<\/div>\n<div>\n<h1><\/h1>\n<h1><b>El viaje de Gaia<\/b><\/h1>\n<p><span style=\"font-weight: 400\">2015 \/ Color \/ <\/span><i><span style=\"font-weight: 400\">Dibujos \/ Drawings \/ <\/span><\/i><span style=\"font-weight: 400\">55\u00b4<\/span><\/p>\n<p><span style=\"font-weight: 400\">Argentina<\/span><\/p>\n<p><b>Pablo Rodr\u00edguez J\u00e1uregui, Director<\/b><\/p>\n<p><span style=\"font-weight: 400\">Gaia es una nena de 10 a\u00f1os que nace en una Santa Fe del futuro, donde el equilibrio entre humanos y naturaleza se ha arruinado sin remedio. Su abuelo Nicol\u00e1s inventa una nave que puede viajar al pasado, y Gaia ser\u00e1 la encargada de una importante misi\u00f3n: avisar a las personas m\u00e1s importantes del mundo que deben buscar formas alternativas de producir energ\u00eda que sean amigables con la naturaleza.<\/span><\/p>\n<hr \/>\n<p>&nbsp;<\/p>\n<\/div>\n<div><\/div>\n<\/div>\n<div><\/div>\n<div>\n<div><img decoding=\"async\" src=\"http:\/\/www.animafestival.com.ar\/imgs\/2015_films\/lat03.jpg\" alt=\"Fluxos | Friendly Fire\" width=\"300\" height=\"195\" \/><\/div>\n<div>\n<h1><b>Fluxos<\/b><\/h1>\n<p><span style=\"font-weight: 400\">2014 \/ ByN \/<\/span> <span style=\"font-weight: 400\">Stop motion \/ 2:42<\/span><\/p>\n<p><span style=\"font-weight: 400\">Brasil<\/span><\/p>\n<p><b>Diego Akel, Director<\/b><\/p>\n<p><span style=\"font-weight: 400\">Un ensayo sobre los flujos constantes de la vida, un autorretrato de su propio proceso, un improvisar sobre Bach, una investigaci\u00f3n sobre la plastilina<\/span><i><span style=\"font-weight: 400\">.<\/span><\/i><\/p>\n<hr \/>\n<p>&nbsp;<\/p>\n<\/div>\n<div>\n<p>&nbsp;<\/p>\n<h1><b>Friendly Fire<\/b><\/h1>\n<p><span style=\"font-weight: 400\">2014 \/ Color \/ 3D y 2D \/ 4:58<\/span><\/p>\n<p><span style=\"font-weight: 400\">Universidad Mayor<\/span><\/p>\n<p><span style=\"font-weight: 400\">Chile<\/span><\/p>\n<p><b>Vicente Casas-Cordero, Director<\/b><\/p>\n<p><span style=\"font-weight: 400\">En una ciudad pelea un robot contra un dinosaurio, y este \u00faltimo muere. El robot, arrepentido, intenta revivirlo ya que es su \u00fanico amigo.<\/span><\/p>\n<hr \/>\n<p>&nbsp;<\/p>\n<\/div>\n<div><\/div>\n<div><img loading=\"lazy\" decoding=\"async\" src=\"http:\/\/www.animafestival.com.ar\/imgs\/2015_films\/lat04.jpg\" alt=\"Guida | Historias Contaminadas\" width=\"300\" height=\"195\" \/><\/div>\n<div>\n<h1><b>Guida<\/b><\/h1>\n<p><span style=\"font-weight: 400\">2014 \/ Color \/ Dibujos<\/span><span style=\"font-weight: 400\">\u00a0\/ 12:00<\/span><\/p>\n<p><span style=\"font-weight: 400\">Brasil\u00a0<\/span><\/p>\n<p><b>Rosana Urbes, Director<\/b><\/p>\n<p><span style=\"font-weight: 400\">Guida trabaja en el archivo desde hace 30 a\u00f1os. Su rutina cambia cuando ve un aviso en el diario sobre clases de dibujo.<\/span><\/p>\n<hr \/>\n<p>&nbsp;<\/p>\n<\/div>\n<div>\n<h1><\/h1>\n<h1><b>Historias Contaminadas<\/b><\/h1>\n<p><span style=\"font-weight: 400\">2014 \/ Color \/ Dibujos<\/span><span style=\"font-weight: 400\">\u00a0\/ 8:58<\/span><\/p>\n<p><span style=\"font-weight: 400\">Bolivia<\/span><\/p>\n<p><strong>Denis Chapon, Director<\/strong><\/p>\n<p><span style=\"font-weight: 400\">Cinco cap\u00edtulos para representar ir\u00f3nicamente los comportamientos destructivos de la humanidad, que parecen ser su mayor amenaza. \u00bfO es su estupidez?<\/span><\/p>\n<hr \/>\n<p>&nbsp;<\/p>\n<\/div>\n<\/div>\n<div>\n<div><img loading=\"lazy\" decoding=\"async\" src=\"http:\/\/www.animafestival.com.ar\/imgs\/2015_films\/lat05.jpg\" alt=\"NuevaMente | O extraordinario caso do Sr A\" width=\"300\" height=\"195\" \/><\/div>\n<div>\n<h1><b>NuevaMente<\/b><\/h1>\n<p><span style=\"font-weight: 400\">2014 \/ Color \/ 3D &amp; 2D CGI \/ 3:22<\/span><\/p>\n<p><span style=\"font-weight: 400\">Universidad de Monterrey<\/span><\/p>\n<p><span style=\"font-weight: 400\">M\u00e9xico<\/span><\/p>\n<p><b>Pedro Barrera, Director<\/b><\/p>\n<p><i><span style=\"font-weight: 400\">Stanley despierta esperando tener un d\u00eda \u00fanico y emocionante con su novia, Jess. Pero nunca estuvo m\u00e1s equivocado.<\/span><\/i><\/p>\n<hr \/>\n<p>&nbsp;<\/p>\n<\/div>\n<div>\n<h1><b>O extraordinario caso do Sr A<\/b><\/h1>\n<p><span style=\"font-weight: 400\">2014 \/ Color \/ 2D, medios mixtos \/ 11:40<\/span><\/p>\n<p><span style=\"font-weight: 400\">Brasil\u00a0<\/span><\/p>\n<p><b>Jackson Abacatu, Director<\/b><\/p>\n<p><span style=\"font-weight: 400\">Una historia peculiar (pero tonta) sobre un hombre sin futuro en su batalla contra una parte (irreparable) de s\u00ed mismo.<\/span><\/p>\n<hr \/>\n<p>&nbsp;<\/p>\n<\/div>\n<div><\/div>\n<div><img loading=\"lazy\" decoding=\"async\" src=\"http:\/\/www.animafestival.com.ar\/imgs\/2015_films\/lat06.jpg\" alt=\"Salu e o Cavalo Marinho | Soberano Papeleo\" width=\"300\" height=\"195\" \/><\/div>\n<div>\n<h1><b>Salu e o Cavalo Marinho<\/b><\/h1>\n<p><span style=\"font-weight: 400\">2014 \/ Color \/ Dibujos <\/span><span style=\"font-weight: 400\">\u00a0\/ 13:35<\/span><\/p>\n<p><span style=\"font-weight: 400\">Brasil\u00a0<\/span><\/p>\n<p><b>Cecilia da Fonte, Director<\/b><\/p>\n<p><span style=\"font-weight: 400\">La pel\u00edcula cuenta la historia de Mestre Salustiano, uno de los m\u00e1s renombrados artistas populares de Brasil. Hijo de un trabajador de ca\u00f1a de az\u00facar y artista del viol\u00edn, Jo\u00e3o Salustiano, el joven Salu sue\u00f1a ser parte de una fiesta tradicional llamada <\/span><i><span style=\"font-weight: 400\">Cavalo Marinho<\/span><\/i><span style=\"font-weight: 400\"> (Caballito de Mar).<\/span><\/p>\n<hr \/>\n<p>&nbsp;<\/p>\n<\/div>\n<div>\n<p>&nbsp;<\/p>\n<h1><b>Soberano Papeleo<\/b><\/h1>\n<p><span style=\"font-weight: 400\">2014 \/ Color \/ Stop Motion \/ 2:52<\/span><\/p>\n<p><span style=\"font-weight: 400\">Uruguay<\/span><\/p>\n<p><b>Lala Severi, Director<\/b><\/p>\n<p><span style=\"font-weight: 400\">Un empleado que pasa sus horas archivando expedientes es sorprendido por un papel en blanco que le mostrar\u00e1 varias posibilidades de cambio.<\/span><\/p>\n<hr \/>\n<p>&nbsp;<\/p>\n<\/div>\n<\/div>\n<div><\/div>\n<div>\n<div><img loading=\"lazy\" decoding=\"async\" src=\"http:\/\/www.animafestival.com.ar\/imgs\/2015_films\/lat07.jpg\" alt=\"Viagem na chuva\" width=\"300\" height=\"195\" \/><\/div>\n<div>\n<h1><strong>Viajar en la lluvia<\/strong><\/h1>\n<p><span style=\"font-weight: 400\">2014 \/ Color \/ Dibujos <\/span><span style=\"font-weight: 400\">\u00a0\/ 12:55<\/span><\/p>\n<p><span style=\"font-weight: 400\">Brasil\u00a0<\/span><\/p>\n<p><b>Wesley Rodrigues de Oliveira, Director<\/b><\/p>\n<hr \/>\n<p>&nbsp;<\/p>\n<\/div>\n<\/div>\n","protected":false},"excerpt":{"rendered":"<p>Panorama Latinoamericano Aya | Espiritu 2013-14 \/ Color \/ Dibujos \/ Drawings \/ 5:05 Ecuador Edison Fuentes, Director Una madrugada, a lo lejos se divisa un anciano entre los maizales [&hellip;]<\/p>\n","protected":false},"author":1,"featured_media":0,"parent":0,"menu_order":0,"comment_status":"closed","ping_status":"closed","template":"","meta":{"footnotes":""},"class_list":["post-1474","page","type-page","status-publish","hentry"],"_links":{"self":[{"href":"http:\/\/www.animafestival.com.ar\/2015\/wp-json\/wp\/v2\/pages\/1474","targetHints":{"allow":["GET"]}}],"collection":[{"href":"http:\/\/www.animafestival.com.ar\/2015\/wp-json\/wp\/v2\/pages"}],"about":[{"href":"http:\/\/www.animafestival.com.ar\/2015\/wp-json\/wp\/v2\/types\/page"}],"author":[{"embeddable":true,"href":"http:\/\/www.animafestival.com.ar\/2015\/wp-json\/wp\/v2\/users\/1"}],"replies":[{"embeddable":true,"href":"http:\/\/www.animafestival.com.ar\/2015\/wp-json\/wp\/v2\/comments?post=1474"}],"version-history":[{"count":5,"href":"http:\/\/www.animafestival.com.ar\/2015\/wp-json\/wp\/v2\/pages\/1474\/revisions"}],"predecessor-version":[{"id":1625,"href":"http:\/\/www.animafestival.com.ar\/2015\/wp-json\/wp\/v2\/pages\/1474\/revisions\/1625"}],"wp:attachment":[{"href":"http:\/\/www.animafestival.com.ar\/2015\/wp-json\/wp\/v2\/media?parent=1474"}],"curies":[{"name":"wp","href":"https:\/\/api.w.org\/{rel}","templated":true}]}}