{"id":1496,"date":"2015-09-03T00:16:27","date_gmt":"2015-09-03T03:16:27","guid":{"rendered":"http:\/\/www.animafestival.com.ar\/2015\/?page_id=1496"},"modified":"2015-09-05T13:35:39","modified_gmt":"2015-09-05T16:35:39","slug":"muestra-de-escuelas-2","status":"publish","type":"page","link":"http:\/\/www.animafestival.com.ar\/2015\/muestra-de-escuelas-2\/","title":{"rendered":"Muestra de Escuelas"},"content":{"rendered":"<h1><strong>Muestra de Escuelas<\/strong><\/h1>\n<p><b>C\u00e1tedra Animaci\u00f3n<\/b><\/p>\n<p><b>Universidad Nacional de Villa Mar\u00eda<\/b><\/p>\n<p><span style=\"font-weight: 400\">Villa Mar\u00eda, C\u00f3rdoba, Argentina<\/span><\/p>\n<p>&nbsp;<\/p>\n<p><span style=\"font-weight: 400\">Profesor adjunto a cargo: Alejandro R. Gonz\u00e1lez<\/span><\/p>\n<p><span style=\"font-weight: 400\">Equipo de C\u00e1tedra: Paula As\u00eds Ferri, Carolina Segre, Mar\u00eda Eugenia Fiorenza Silvano, Luz Cantisani Rovasio, B\u00e1rbara Poszkus.<\/span><\/p>\n<p>&nbsp;<\/p>\n<h1><em><span style=\"font-weight: 400\">Milonga del Boliche<\/span><span style=\"font-weight: 400\">. Dir: Camila R\u00e9. 1:30<\/span><\/em><\/h1>\n<h1><em><span style=\"font-weight: 400\">Salvapantallas<\/span><span style=\"font-weight: 400\">. Dir: Celeste Burante, Florencia Sorzana. 3:14<\/span><\/em><\/h1>\n<h1><em><span style=\"font-weight: 400\">Amor<\/span><span style=\"font-weight: 400\">. Dir: Romina Sosa. 2:04<\/span><\/em><\/h1>\n<hr \/>\n<p>&nbsp;<\/p>\n<p><b>C\u00e1tedra Cine Animaci\u00f3n con Elementos de Dise\u00f1o Gr\u00e1fico<\/b><\/p>\n<p><b>Universidad Nacional de C\u00f3rdoba<\/b><\/p>\n<p><span style=\"font-weight: 400\">C\u00f3rdoba, Argentina<\/span><\/p>\n<p>&nbsp;<\/p>\n<p><span style=\"font-weight: 400\">Profesor Titular: Carmen Garz\u00f3n<\/span><\/p>\n<p><span style=\"font-weight: 400\">Profesor Asistente: Alejandro R. Gonz\u00e1lez<\/span><\/p>\n<p><span style=\"font-weight: 400\">Equipo de C\u00e1tedra: Paula Daveloza, Alejandra Herrera, Agust\u00edn Premat<\/span><\/p>\n<p>&nbsp;<\/p>\n<h1><em><span style=\"font-weight: 400\">El misterio de las medias<\/span><span style=\"font-weight: 400\">. Dir: Virginia \u00c1vila, Giuliana Cittadini.<\/span><\/em><\/h1>\n<h1><em><span style=\"font-weight: 400\">La Espera<\/span><span style=\"font-weight: 400\">. Dir: Alberto Ignacio Casavecchia, Diego Franco Aguero, Juan Jos\u00e9 Romera<\/span><\/em><\/h1>\n<h1><em><span style=\"font-weight: 400\">2\u00b440\u00b4\u00b4<\/span><\/em><\/h1>\n<h1><em><span style=\"font-weight: 400\">Vicio Postmorten<\/span><span style=\"font-weight: 400\">. Dir: Facundo Corsini, Franco Torres Tiller\u00eda, Mar\u00eda Virginia Valles<\/span><\/em><\/h1>\n<h1><em><span style=\"font-weight: 400\">56\u201d<\/span><\/em><\/h1>\n<h1><em><span style=\"font-weight: 400\">La Promesa<\/span><span style=\"font-weight: 400\">. Dir: Paula Cocucci, Romina Sol\u00eds, Alex Albretch. 1\u00b456\u00b4\u00b4<\/span><\/em><\/h1>\n<h1><em><span style=\"font-weight: 400\">Tributo a Moonasi<\/span><span style=\"font-weight: 400\">. Dir: Hern\u00e1n Rossi Fraire, Camila Hayes. 2\u00b407\u201d.<\/span><\/em><\/h1>\n<hr \/>\n<p>&nbsp;<\/p>\n<p><b>Escuela Ceroveinticinco<\/b><\/p>\n<p><span style=\"font-weight: 400\">Secretar\u00eda de Cultura y Educaci\u00f3n<\/span><\/p>\n<p><span style=\"font-weight: 400\">Municipalidad de Rosario<\/span><\/p>\n<p><span style=\"font-weight: 400\">Rosario, Santa Fe, Argentina<\/span><br \/>\n<span style=\"font-weight: 400\">Docentes responsables: Lorena M\u00e9ndez, Leticia Santa Cruz<\/span><\/p>\n<h1><em><span style=\"font-weight: 400\">Sin t\u00edtulo<\/span><span style=\"font-weight: 400\">. Dir: Camila P\u00e9rez N\u00fa\u00f1ez.<\/span><\/em><\/h1>\n<h1><em><span style=\"font-weight: 400\">El Tren inoportuno<\/span><span style=\"font-weight: 400\">. Dir: Meital Elizavetsky, Pedro Rivas, Santiago Guzm\u00e1n y Felipe Mainini<\/span><\/em><\/h1>\n<h1><em><span style=\"font-weight: 400\">Te recuerdo<\/span><span style=\"font-weight: 400\">. Dir: Anal\u00eda Muratori<\/span><\/em><\/h1>\n<h1><em><span style=\"font-weight: 400\">Cat\u00b4s Adventure<\/span><span style=\"font-weight: 400\">. Dir. Camila Gambini<\/span><\/em><\/h1>\n<h1><em><span style=\"font-weight: 400\">Sin t\u00edtulo<\/span><span style=\"font-weight: 400\">. Dir: Luc\u00eda Sosa Macera<\/span><\/em><\/h1>\n<hr \/>\n<p>&nbsp;<\/p>\n<p><b>C\u00e1tedra Ilustraci\u00f3n Animada<\/b><\/p>\n<p><b>Escuela de Artes Visuales Mart\u00edn Malharro<\/b><\/p>\n<p><span style=\"font-weight: 400\">Mar del Plata, Buenos Aires, Argentina<\/span><br \/>\n<span style=\"font-weight: 400\">Docente Responsable: Marita Sampedro<\/span><\/p>\n<h1><em><span style=\"font-weight: 400\">La pelotita<\/span><span style=\"font-weight: 400\">. Dir: Leandro Davel<\/span><\/em><\/h1>\n<h1><em><span style=\"font-weight: 400\">Encuentro cercano del tercer tipo<\/span><span style=\"font-weight: 400\">. Dir: Nicol\u00e1s Dami\u00e1n Leitao Vasco, Macarena Regueiro, Emilia Torraca, Leandro Davel<\/span><\/em><\/h1>\n<h1><em><span style=\"font-weight: 400\">Mutzkas, el gato<\/span><span style=\"font-weight: 400\">. Dir. Leandro Lougedo, Carolina Echeverria, Julian Camezzana, Federico Rivarola<\/span><\/em><\/h1>\n<hr \/>\n<p>&nbsp;<\/p>\n<p><b>Escuela para Animadores de Rosario<\/b><\/p>\n<p><b>Centro Audiovisual Rosario <\/b><\/p>\n<p><span style=\"font-weight: 400\">Municipalidad de Rosario<\/span><\/p>\n<p><span style=\"font-weight: 400\">Rosario, Santa Fe, Argentina<\/span><br \/>\n<span style=\"font-weight: 400\">Docentes responsables: Diego Rolle y Pablo Rodr\u00edguez J\u00e1uregui<\/span><\/p>\n<h1><em><span style=\"font-weight: 400\">La Cabra y el Cordero<\/span><span style=\"font-weight: 400\">. Dir: Andr\u00e9s Bertoni<\/span><\/em><\/h1>\n<h1><em><span style=\"font-weight: 400\">Peque\u00f1as cosas Invisibles<\/span><span style=\"font-weight: 400\">. Dir: Mariana Suarez Otero<\/span><\/em><\/h1>\n<h1><em><span style=\"font-weight: 400\">Oasis<\/span><span style=\"font-weight: 400\">. Dir: Mar\u00eda Paula Molina<\/span><\/em><\/h1>\n<h1><em><span style=\"font-weight: 400\">Tit\u00e1n<\/span><span style=\"font-weight: 400\">. Dir: Mario Veragua<\/span><\/em><\/h1>\n<hr \/>\n<p>&nbsp;<\/p>\n<p><b>IUPATOONS<\/b><\/p>\n<p><b>Instituto Universitario Patag\u00f3nico de las Artes<\/b><\/p>\n<p><span style=\"font-weight: 400\">General Roca, R\u00edo Negro, Argentina<\/span><br \/>\n<span style=\"font-weight: 400\">Docentes responsables: Dar\u00edo Bermeo, Nicol\u00e1s Mart\u00ednez<\/span><\/p>\n<h1><em><span style=\"font-weight: 400\">Las desventuras de Caos y Percance. Piloto: el proyecto de ciencias<\/span><span style=\"font-weight: 400\">. Dir: Dante Di Giovanni<\/span><\/em><\/h1>\n<h1><em><span style=\"font-weight: 400\">Un d\u00eda diferente<\/span><span style=\"font-weight: 400\">. Dir: Sergio Paci<\/span><\/em><\/h1>\n<hr \/>\n<p>&nbsp;<\/p>\n<p><b>SAE Intitute <\/b><\/p>\n<p><span style=\"font-weight: 400\">Mexico<\/span><\/p>\n<p>&nbsp;<\/p>\n<p><span style=\"font-weight: 400\">Docentes responsables: Rodrigo Mu\u00f1oz, Pablo Angeles, Roberto Ham, Guillermo P\u00e9rez<\/span><\/p>\n<p><span style=\"font-weight: 400\">Eusebio Ba\u00f1uelos<\/span><\/p>\n<h1><em><span style=\"font-weight: 400\">Good day Krit<\/span><span style=\"font-weight: 400\">. Dir: Claudio Esteban Ruiz D\u00edaz<\/span><\/em><\/h1>\n<h1><em><span style=\"font-weight: 400\">Traumma<\/span><span style=\"font-weight: 400\">. Dir: Manuel Ortiz Hunger<\/span><\/em><\/h1>\n<hr \/>\n<p>&nbsp;<\/p>\n<p><b>Taller de Cine El Mate<\/b><\/p>\n<p><b>Secretar\u00eda de Educaci\u00f3n <\/b><\/p>\n<p><b>Municipalidad de Vicente L\u00f3pez<\/b><\/p>\n<p><span style=\"font-weight: 400\">Vicente L\u00f3pez, Buenos Aires, Argentina<\/span><br \/>\n<span style=\"font-weight: 400\">Docentes responsables: Gonzalo Butta, Alexia Nowotny, Leandro Cerd\u00e1, Coralis Dulfan<\/span><\/p>\n<h1><em><span style=\"font-weight: 400\">La leyenda del Sr. Queso<\/span><\/em><\/h1>\n<h1><em><span style=\"font-weight: 400\">El viaje de los ping\u00fcinos<\/span><\/em><\/h1>\n<h1><em><span style=\"font-weight: 400\">Recorrido Fant\u00e1stico<\/span><\/em><\/h1>\n<h1><em><span style=\"font-weight: 400\">Las aventuras del mate y el termo<\/span><\/em><\/h1>\n<h1><em><span style=\"font-weight: 400\">Esa cosa al final de la escalera<\/span><\/em><\/h1>\n<h1><em><span style=\"font-weight: 400\">El Matrino<\/span><\/em><\/h1>\n<p>&nbsp;<\/p>\n<p><span style=\"font-weight: 400\">Alumnos realizadores: <\/span><\/p>\n<p><span style=\"font-weight: 400\">Adriel Ameijeiras (14 a\u00f1os), Agustina Fern\u00e1ndez (10 a\u00f1os), Agustina Buigues (17 a\u00f1os), Agust\u00edn Medina (9 a\u00f1os), Agust\u00edn Rubinstein (10 a\u00f1os), Ana Espinoza (10 a\u00f1os), Bautista Peri (10 a\u00f1os), Ciro Pomposiello Valencia (8 a\u00f1os), Emma Rowland Cassia (9 a\u00f1os), Francisca Bonari Piazze (11 a\u00f1os), Francisco Moller (10 a\u00f1os), Francisco Sergi (14 a\u00f1os), Francisco Gim\u00e9nez Zapiola (8 a\u00f1os), Joaqu\u00edn Rodr\u00edguez C\u00f3rdoba (13 a\u00f1os), Joaqu\u00edn Levy(11 a\u00f1os), Juan Francisco Pisano (10 a\u00f1os), Laura Ordoqui (8 a\u00f1os), Lautaro Rengel Grosso (14 a\u00f1os), Lihuel Emilliozzi Seifert (13 a\u00f1os), Lorenzo Heinz (10 a\u00f1os), Lucas Adamoli (10 a\u00f1os), Martina Horak Vanoni (11 a\u00f1os), Mat\u00edas Sosa (16 a\u00f1os), Micaela M\u00e9ndez (10 a\u00f1os), Miranda L\u00f3pez Fern\u00e1ndez (10 a\u00f1os), Pedro De Bernardis Claro (13 a\u00f1os), Renata Bonari Piazze (11 a\u00f1os), Sim\u00f3n N\u00fa\u00f1ez Ruzzante (8 a\u00f1os), Teo Alazraqui (11 a\u00f1os), Valentina Martyn Biaggini (11 a\u00f1os)<\/span><\/p>\n","protected":false},"excerpt":{"rendered":"<p>Muestra de Escuelas C\u00e1tedra Animaci\u00f3n Universidad Nacional de Villa Mar\u00eda Villa Mar\u00eda, C\u00f3rdoba, Argentina &nbsp; Profesor adjunto a cargo: Alejandro R. Gonz\u00e1lez Equipo de C\u00e1tedra: Paula As\u00eds Ferri, Carolina Segre, [&hellip;]<\/p>\n","protected":false},"author":1,"featured_media":0,"parent":0,"menu_order":0,"comment_status":"closed","ping_status":"closed","template":"","meta":{"footnotes":""},"class_list":["post-1496","page","type-page","status-publish","hentry"],"_links":{"self":[{"href":"http:\/\/www.animafestival.com.ar\/2015\/wp-json\/wp\/v2\/pages\/1496","targetHints":{"allow":["GET"]}}],"collection":[{"href":"http:\/\/www.animafestival.com.ar\/2015\/wp-json\/wp\/v2\/pages"}],"about":[{"href":"http:\/\/www.animafestival.com.ar\/2015\/wp-json\/wp\/v2\/types\/page"}],"author":[{"embeddable":true,"href":"http:\/\/www.animafestival.com.ar\/2015\/wp-json\/wp\/v2\/users\/1"}],"replies":[{"embeddable":true,"href":"http:\/\/www.animafestival.com.ar\/2015\/wp-json\/wp\/v2\/comments?post=1496"}],"version-history":[{"count":5,"href":"http:\/\/www.animafestival.com.ar\/2015\/wp-json\/wp\/v2\/pages\/1496\/revisions"}],"predecessor-version":[{"id":1608,"href":"http:\/\/www.animafestival.com.ar\/2015\/wp-json\/wp\/v2\/pages\/1496\/revisions\/1608"}],"wp:attachment":[{"href":"http:\/\/www.animafestival.com.ar\/2015\/wp-json\/wp\/v2\/media?parent=1496"}],"curies":[{"name":"wp","href":"https:\/\/api.w.org\/{rel}","templated":true}]}}