{"id":1500,"date":"2015-09-03T00:20:12","date_gmt":"2015-09-03T03:20:12","guid":{"rendered":"http:\/\/www.animafestival.com.ar\/2015\/?page_id=1500"},"modified":"2015-09-03T21:19:13","modified_gmt":"2015-09-04T00:19:13","slug":"seminario-animacion-sin-camara","status":"publish","type":"page","link":"http:\/\/www.animafestival.com.ar\/2015\/seminario-animacion-sin-camara\/","title":{"rendered":"Seminario Animaci\u00f3n sin C\u00e1mara"},"content":{"rendered":"<p><a href=\"http:\/\/www.animafestival.com.ar\/2015\/files\/2015\/09\/11879181_997617060283596_5679594567581550280_o.jpg\"><img decoding=\"async\" class=\"alignnone size-medium wp-image-1579\" src=\"http:\/\/www.animafestival.com.ar\/2015\/files\/2015\/09\/11879181_997617060283596_5679594567581550280_o-300x148.jpg\" alt=\"11879181_997617060283596_5679594567581550280_o\" width=\"300\" height=\"148\" srcset=\"http:\/\/www.animafestival.com.ar\/2015\/files\/2015\/09\/11879181_997617060283596_5679594567581550280_o-300x148.jpg 300w, http:\/\/www.animafestival.com.ar\/2015\/files\/2015\/09\/11879181_997617060283596_5679594567581550280_o-1024x504.jpg 1024w, http:\/\/www.animafestival.com.ar\/2015\/files\/2015\/09\/11879181_997617060283596_5679594567581550280_o.jpg 2048w\" sizes=\"(max-width: 300px) 100vw, 300px\" \/><\/a><\/p>\n<p><strong>Workshop de Steven Woloshen: Animaci\u00f3n sin c\u00e1mara<\/strong><\/p>\n<p>El workshop explorar\u00e1 t\u00e9cnicas de cine sin c\u00e1mara, tales como aplicaci\u00f3n directa de tintas y pinturas, enarenado y bricollage con<i> found footage<\/i>. Se orientar\u00e1 a los participantes a seleccionar sus propios materiales y herramientas, para luego rayar, pintar y realizar collage sobre la superficie de <i>leader<\/i> f\u00edlmico transparente, <i>leader<\/i> negro, o material previamente expuesto. No es necesario contar con experiencia previa.<\/p>\n","protected":false},"excerpt":{"rendered":"<p>Workshop de Steven Woloshen: Animaci\u00f3n sin c\u00e1mara El workshop explorar\u00e1 t\u00e9cnicas de cine sin c\u00e1mara, tales como aplicaci\u00f3n directa de tintas y pinturas, enarenado y bricollage con found footage. Se [&hellip;]<\/p>\n","protected":false},"author":1,"featured_media":0,"parent":0,"menu_order":0,"comment_status":"closed","ping_status":"closed","template":"","meta":{"footnotes":""},"class_list":["post-1500","page","type-page","status-publish","hentry"],"_links":{"self":[{"href":"http:\/\/www.animafestival.com.ar\/2015\/wp-json\/wp\/v2\/pages\/1500","targetHints":{"allow":["GET"]}}],"collection":[{"href":"http:\/\/www.animafestival.com.ar\/2015\/wp-json\/wp\/v2\/pages"}],"about":[{"href":"http:\/\/www.animafestival.com.ar\/2015\/wp-json\/wp\/v2\/types\/page"}],"author":[{"embeddable":true,"href":"http:\/\/www.animafestival.com.ar\/2015\/wp-json\/wp\/v2\/users\/1"}],"replies":[{"embeddable":true,"href":"http:\/\/www.animafestival.com.ar\/2015\/wp-json\/wp\/v2\/comments?post=1500"}],"version-history":[{"count":3,"href":"http:\/\/www.animafestival.com.ar\/2015\/wp-json\/wp\/v2\/pages\/1500\/revisions"}],"predecessor-version":[{"id":1580,"href":"http:\/\/www.animafestival.com.ar\/2015\/wp-json\/wp\/v2\/pages\/1500\/revisions\/1580"}],"wp:attachment":[{"href":"http:\/\/www.animafestival.com.ar\/2015\/wp-json\/wp\/v2\/media?parent=1500"}],"curies":[{"name":"wp","href":"https:\/\/api.w.org\/{rel}","templated":true}]}}