{"id":1502,"date":"2015-09-03T00:20:42","date_gmt":"2015-09-03T03:20:42","guid":{"rendered":"http:\/\/www.animafestival.com.ar\/2015\/?page_id=1502"},"modified":"2015-09-05T16:12:14","modified_gmt":"2015-09-05T19:12:14","slug":"labanima-laboratorio-de-animacion","status":"publish","type":"page","link":"http:\/\/www.animafestival.com.ar\/2015\/labanima-laboratorio-de-animacion\/","title":{"rendered":"LabANIMA! Laboratorio de Animaci\u00f3n"},"content":{"rendered":"<p><a href=\"http:\/\/www.animafestival.com.ar\/2015\/files\/2015\/09\/11811357_998135423565093_5759886071227096573_n.jpg\"><img decoding=\"async\" class=\"alignnone size-medium wp-image-1577\" src=\"http:\/\/www.animafestival.com.ar\/2015\/files\/2015\/09\/11811357_998135423565093_5759886071227096573_n-300x148.jpg\" alt=\"11811357_998135423565093_5759886071227096573_n\" width=\"300\" height=\"148\" srcset=\"http:\/\/www.animafestival.com.ar\/2015\/files\/2015\/09\/11811357_998135423565093_5759886071227096573_n-300x148.jpg 300w, http:\/\/www.animafestival.com.ar\/2015\/files\/2015\/09\/11811357_998135423565093_5759886071227096573_n.jpg 650w\" sizes=\"(max-width: 300px) 100vw, 300px\" \/><\/a><\/p>\n<p>&nbsp;<\/p>\n<p><strong>LAB\/ANIMA2015<\/strong><\/p>\n<p><strong>Laboratorio de Desarrollo de Proyectos de series y cortos de Animaci\u00f3n<\/strong><\/p>\n<p>&nbsp;<\/p>\n<p><span style=\"font-weight: 400\">A fin de fomentar la industria de la animaci\u00f3n en Argentina, es necesario desarrollar continuas acciones de capacitaci\u00f3n sobre los pormenores de la producci\u00f3n de animaci\u00f3n en un mercado global. Con este objetivo dise\u00f1amos LAB\/ANIMA2015, un espacio de formaci\u00f3n que pretende aportar al desarrollo de proyectos de animaci\u00f3n que puedan presentarse en forma exitosa en ferias y mercados de animaci\u00f3n internacionales, a partir del asesoramiento de reconocidos especialistas que colaborar\u00e1n en con los realizadores en el proceso de conceptualizaci\u00f3n y redacci\u00f3n.<\/span><\/p>\n<p>&nbsp;<\/p>\n<p><strong>Capacitadores:<\/strong><\/p>\n<p><strong>Andr\u00e9s Lieban (Brasil):<\/strong><\/p>\n<p><span style=\"font-weight: 400\">graduado en Artes Pl\u00e1sticas por la Universidade Federal do Rio Grande do Sul (UFRGS) y trabaja con animaci\u00f3n hacen m\u00e1s de 20 a\u00f1os. Sus cortos y s\u00e9ries ya acumulan pr\u00eamios nacionales y internacionales de festivales y eventos como <\/span><b>Anima Mundi, Festival de Chicago, Divercine, Licensing Challenge\/ MipCom Jr. <\/b><span style=\"font-weight: 400\">y<\/span><b> Preux Janeusse Iberoamericano<\/b><span style=\"font-weight: 400\">. Creador y director de las s\u00e9ries<\/span><b> \u00abMi AmigaZazo\u00bb<\/b><span style=\"font-weight: 400\"> (mejor programa infantil de televisi\u00f3n de 2010 seg\u00fan APCA &#8211; Associa\u00e7\u00e3o Paulista de Cr\u00edticos de Arte) y <\/span><b>\u00abCuarto De Jobi\u00bb<\/b><span style=\"font-weight: 400\">, es tambi\u00e9n socio fundador y director creativo de la productora y estudio de animaci\u00f3n<\/span><b> 2DLab<\/b><span style=\"font-weight: 400\">, que actualmente inicia la producci\u00f3n del largometraje de <\/span><b>\u00abMi AmigaZazo\u00bb<\/b><span style=\"font-weight: 400\">. En paralelo, <\/span><b>2DLab<\/b><span style=\"font-weight: 400\"> produce la s\u00e9rie animada adulta<\/span><b> \u00abCorta!\u00bb <\/b><span style=\"font-weight: 400\">(26 x 3&#8242;) para estrenar en Latinoamerica por Universal Channel en 2015. Entre 2005 e 2006 fue presidente de <\/span><b>ABCA<\/b><span style=\"font-weight: 400\"> (Associa\u00e7\u00e3o Brasileira de Cinema de Anima\u00e7\u00e3o) <\/span><span style=\"font-weight: 400\">y es el director general de CRIA, un centro de referencia con foco en la formaci\u00f3n profesional y en la calificaci\u00f3n art\u00edstica para grandes producciones de animaci\u00f3n.<\/span><\/p>\n<p>&nbsp;<\/p>\n<p><strong>Santiago Bou Grasso (Argentina):<\/strong><\/p>\n<p><span style=\"font-weight: 400\">Lic. en Dise\u00f1o y Comunicaci\u00f3n Visual (UNLP) Ilustrador, animador y dibujante de comics. Ha participado en importantes producciones, tanto argentinas como internacionales: Gisaku, Nocturna (Filmax Animation), El Arca, Patoruzito (Patagonik Film Group) y Winnie Pooh, Cartoon Network (Hook Up animation). Con sus trabajos de animaci\u00f3n independiente ha recibido m\u00e1s de 80 premios internacionales. Su \u00faltimo trabajo, Padre, estuvo preseleccionado al Oscar en la categor\u00eda cortos animados.<\/span><\/p>\n<p>&nbsp;<\/p>\n<p><strong>Nelson Luty (Argentina):<\/strong><\/p>\n<p><span style=\"font-weight: 400\">Dibujante, dise\u00f1ador de fondos y personajes para comics y animaci\u00f3n: Earth 4 (Continuity Comic), X-Men (Marvel Comic), Looney Toon (Warner Bros), DC Comic. Particip\u00f3 en (Patagonik Film Group), Gaturro y tambi\u00e9n \u00c1nima Buenos Aires (producidas por Ilusion Estudios). . Fue Director de Arte del largometraje Metegol de JJ Campanella.<\/span><\/p>\n<p>&nbsp;<\/p>\n<h1><\/h1>\n","protected":false},"excerpt":{"rendered":"<p>&nbsp; LAB\/ANIMA2015 Laboratorio de Desarrollo de Proyectos de series y cortos de Animaci\u00f3n &nbsp; A fin de fomentar la industria de la animaci\u00f3n en Argentina, es necesario desarrollar continuas acciones [&hellip;]<\/p>\n","protected":false},"author":1,"featured_media":0,"parent":0,"menu_order":0,"comment_status":"closed","ping_status":"closed","template":"","meta":{"footnotes":""},"class_list":["post-1502","page","type-page","status-publish","hentry"],"_links":{"self":[{"href":"http:\/\/www.animafestival.com.ar\/2015\/wp-json\/wp\/v2\/pages\/1502","targetHints":{"allow":["GET"]}}],"collection":[{"href":"http:\/\/www.animafestival.com.ar\/2015\/wp-json\/wp\/v2\/pages"}],"about":[{"href":"http:\/\/www.animafestival.com.ar\/2015\/wp-json\/wp\/v2\/types\/page"}],"author":[{"embeddable":true,"href":"http:\/\/www.animafestival.com.ar\/2015\/wp-json\/wp\/v2\/users\/1"}],"replies":[{"embeddable":true,"href":"http:\/\/www.animafestival.com.ar\/2015\/wp-json\/wp\/v2\/comments?post=1502"}],"version-history":[{"count":6,"href":"http:\/\/www.animafestival.com.ar\/2015\/wp-json\/wp\/v2\/pages\/1502\/revisions"}],"predecessor-version":[{"id":1627,"href":"http:\/\/www.animafestival.com.ar\/2015\/wp-json\/wp\/v2\/pages\/1502\/revisions\/1627"}],"wp:attachment":[{"href":"http:\/\/www.animafestival.com.ar\/2015\/wp-json\/wp\/v2\/media?parent=1502"}],"curies":[{"name":"wp","href":"https:\/\/api.w.org\/{rel}","templated":true}]}}