{"id":1514,"date":"2015-09-03T00:35:46","date_gmt":"2015-09-03T03:35:46","guid":{"rendered":"http:\/\/www.animafestival.com.ar\/2015\/?page_id=1514"},"modified":"2015-09-03T22:46:28","modified_gmt":"2015-09-04T01:46:28","slug":"como-llegar","status":"publish","type":"page","link":"http:\/\/www.animafestival.com.ar\/2015\/como-llegar\/","title":{"rendered":"C\u00f3mo Llegar"},"content":{"rendered":"<h2>Las sedes de ANIMA2015 son dos:<\/h2>\n<p>Sede <strong>Centro de Producci\u00f3n e Investigaci\u00f3n en Artes (CePIA)<\/strong>, en Ciudad Universitaria:<br \/>\n<iframe style=\"border: 0;\" src=\"https:\/\/www.google.com\/maps\/embed?pb=!1m18!1m12!1m3!1d2407.129955986919!2d-64.1916009092901!3d-31.436275318355392!2m3!1f0!2f0!3f0!3m2!1i1024!2i768!4f13.1!3m3!1m2!1s0x0000000000000000%3A0x7db1d86e7bab152d!2sUNC+-+CEPIA!5e0!3m2!1ses-419!2sar!4v1441251214853\" width=\"600\" height=\"450\" frameborder=\"0\" allowfullscreen=\"allowfullscreen\"><\/iframe><\/p>\n<p>&nbsp;<\/p>\n<p>&nbsp;<\/p>\n<p>Sede <strong>Centro Cultural Espa\u00f1a C\u00f3rdoba (CCEC)<\/strong>, en Entre R\u00edos 40, C\u00f3rdoba.<br \/>\n<iframe style=\"border: 0;\" src=\"https:\/\/www.google.com\/maps\/embed?pb=!1m18!1m12!1m3!1d5404.8005664054435!2d-64.18529743749482!3d-31.419332908977143!2m3!1f0!2f0!3f0!3m2!1i1024!2i768!4f13.1!3m3!1m2!1s0x0000000000000000%3A0xedc51c5aab89da9e!2sCentro+Cultural+Espa%C3%B1a+C%C3%B3rdoba!5e0!3m2!1ses-419!2sar!4v1441251405678\" width=\"600\" height=\"450\" frameborder=\"0\" allowfullscreen=\"allowfullscreen\"><\/iframe><\/p>\n<p>&nbsp;<\/p>\n<h2>Datos de Contacto<\/h2>\n<p>ANIMA c\/o Centro Experimental de Animaci\u00f3n<br \/>\nDpto. de Cine y TV<br \/>\nFacultad de Artes UNC<br \/>\nPabell\u00f3n M\u00e9xico &#8211; Ciudad Universitaria<br \/>\n5000 &#8211; C\u00f3rdoba<br \/>\nARGENTINA<br \/>\n<a href=\"mailto:info@animafestival.com.ar\" target=\"_blank\">info@animafestival.com.ar<\/a><\/p>\n","protected":false},"excerpt":{"rendered":"<p>Las sedes de ANIMA2015 son dos: Sede Centro de Producci\u00f3n e Investigaci\u00f3n en Artes (CePIA), en Ciudad Universitaria: &nbsp; &nbsp; Sede Centro Cultural Espa\u00f1a C\u00f3rdoba (CCEC), en Entre R\u00edos 40, [&hellip;]<\/p>\n","protected":false},"author":1,"featured_media":0,"parent":0,"menu_order":0,"comment_status":"closed","ping_status":"closed","template":"","meta":{"footnotes":""},"class_list":["post-1514","page","type-page","status-publish","hentry"],"_links":{"self":[{"href":"http:\/\/www.animafestival.com.ar\/2015\/wp-json\/wp\/v2\/pages\/1514","targetHints":{"allow":["GET"]}}],"collection":[{"href":"http:\/\/www.animafestival.com.ar\/2015\/wp-json\/wp\/v2\/pages"}],"about":[{"href":"http:\/\/www.animafestival.com.ar\/2015\/wp-json\/wp\/v2\/types\/page"}],"author":[{"embeddable":true,"href":"http:\/\/www.animafestival.com.ar\/2015\/wp-json\/wp\/v2\/users\/1"}],"replies":[{"embeddable":true,"href":"http:\/\/www.animafestival.com.ar\/2015\/wp-json\/wp\/v2\/comments?post=1514"}],"version-history":[{"count":5,"href":"http:\/\/www.animafestival.com.ar\/2015\/wp-json\/wp\/v2\/pages\/1514\/revisions"}],"predecessor-version":[{"id":1584,"href":"http:\/\/www.animafestival.com.ar\/2015\/wp-json\/wp\/v2\/pages\/1514\/revisions\/1584"}],"wp:attachment":[{"href":"http:\/\/www.animafestival.com.ar\/2015\/wp-json\/wp\/v2\/media?parent=1514"}],"curies":[{"name":"wp","href":"https:\/\/api.w.org\/{rel}","templated":true}]}}

Cómo Llegar

<h2>Las sedes de ANIMA2015 son dos:</h2>
<p>Sede <strong>Centro de Producción e Investigación en Artes (CePIA)</strong>, en Ciudad Universitaria:<br />
<iframe style="border: 0;" src="https://www.google.com/maps/embed?pb=!1m18!1m12!1m3!1d2407.129955986919!2d-64.1916009092901!3d-31.436275318355392!2m3!1f0!2f0!3f0!3m2!1i1024!2i768!4f13.1!3m3!1m2!1s0x0000000000000000%3A0x7db1d86e7bab152d!2sUNC+-+CEPIA!5e0!3m2!1ses-419!2sar!4v1441251214853" width="600" height="450" frameborder="0" allowfullscreen="allowfullscreen"></iframe></p>
<p>&nbsp;</p>
<p>&nbsp;</p>
<p>Sede <strong>Centro Cultural España Córdoba (CCEC)</strong>, en Entre Ríos 40, Córdoba.<br />
<iframe style="border: 0;" src="https://www.google.com/maps/embed?pb=!1m18!1m12!1m3!1d5404.8005664054435!2d-64.18529743749482!3d-31.419332908977143!2m3!1f0!2f0!3f0!3m2!1i1024!2i768!4f13.1!3m3!1m2!1s0x0000000000000000%3A0xedc51c5aab89da9e!2sCentro+Cultural+Espa%C3%B1a+C%C3%B3rdoba!5e0!3m2!1ses-419!2sar!4v1441251405678" width="600" height="450" frameborder="0" allowfullscreen="allowfullscreen"></iframe></p>
<p>&nbsp;</p>
<h2>Datos de Contacto</h2>
<p>ANIMA c/o Centro Experimental de Animación<br />
Dpto. de Cine y TV<br />
Facultad de Artes UNC<br />
Pabellón México &#8211; Ciudad Universitaria<br />
5000 &#8211; Córdoba<br />
ARGENTINA<br />
<a href="mailto:info@animafestival.com.ar" target="_blank">info@animafestival.com.ar</a></p>

<p>Las sedes de ANIMA2015 son dos: Sede Centro de Producción e Investigación en Artes (CePIA), en Ciudad Universitaria: &nbsp; &nbsp; Sede Centro Cultural España Córdoba (CCEC), en Entre Ríos 40, [&hellip;]</p>
