{"id":1610,"date":"2015-09-05T14:16:18","date_gmt":"2015-09-05T17:16:18","guid":{"rendered":"http:\/\/www.animafestival.com.ar\/2015\/?page_id=1610"},"modified":"2015-09-05T16:13:43","modified_gmt":"2015-09-05T19:13:43","slug":"animakucha","status":"publish","type":"page","link":"http:\/\/www.animafestival.com.ar\/2015\/animakucha\/","title":{"rendered":"ABC Tr\u00edo"},"content":{"rendered":"<h1><strong>ABC Tr\u00edo<\/strong><\/h1>\n<p><span style=\"font-weight: 400\">El tr\u00edo que desde el a\u00f1o 2010 integran Gonzalo Biffarella, Gustavo Alcaraz y Julio Catalano, se ha especializado en el dise\u00f1o y programaci\u00f3n de instrumentos interactivos de control gestual. Estos instrumentos son las herramientas b\u00e1sicas usadas en cada una de las obras compuestas.<\/span><\/p>\n<p><span style=\"font-weight: 400\">El grupo se ha dedicado a desarrollar proyectos centrados en la idea de Memorias, que investigan en la realidad social y pol\u00edtica del entorno latinoamericano, generando bases de datos a partir de las cuales producir obras que interrelacionan materiales referenciales, testimonios directos y re-elaboraciones digitales. Estos materiales se plasman en obras sonoras o multimediales, de estructuras fijas o improvisatorias.<\/span><\/p>\n","protected":false},"excerpt":{"rendered":"<p>ABC Tr\u00edo El tr\u00edo que desde el a\u00f1o 2010 integran Gonzalo Biffarella, Gustavo Alcaraz y Julio Catalano, se ha especializado en el dise\u00f1o y programaci\u00f3n de instrumentos interactivos de control [&hellip;]<\/p>\n","protected":false},"author":1,"featured_media":0,"parent":0,"menu_order":0,"comment_status":"closed","ping_status":"closed","template":"","meta":{"footnotes":""},"class_list":["post-1610","page","type-page","status-publish","hentry"],"_links":{"self":[{"href":"http:\/\/www.animafestival.com.ar\/2015\/wp-json\/wp\/v2\/pages\/1610","targetHints":{"allow":["GET"]}}],"collection":[{"href":"http:\/\/www.animafestival.com.ar\/2015\/wp-json\/wp\/v2\/pages"}],"about":[{"href":"http:\/\/www.animafestival.com.ar\/2015\/wp-json\/wp\/v2\/types\/page"}],"author":[{"embeddable":true,"href":"http:\/\/www.animafestival.com.ar\/2015\/wp-json\/wp\/v2\/users\/1"}],"replies":[{"embeddable":true,"href":"http:\/\/www.animafestival.com.ar\/2015\/wp-json\/wp\/v2\/comments?post=1610"}],"version-history":[{"count":3,"href":"http:\/\/www.animafestival.com.ar\/2015\/wp-json\/wp\/v2\/pages\/1610\/revisions"}],"predecessor-version":[{"id":1629,"href":"http:\/\/www.animafestival.com.ar\/2015\/wp-json\/wp\/v2\/pages\/1610\/revisions\/1629"}],"wp:attachment":[{"href":"http:\/\/www.animafestival.com.ar\/2015\/wp-json\/wp\/v2\/media?parent=1610"}],"curies":[{"name":"wp","href":"https:\/\/api.w.org\/{rel}","templated":true}]}}

ABC Trío

<h1><strong>ABC Trío</strong></h1>
<p><span style="font-weight: 400">El trío que desde el año 2010 integran Gonzalo Biffarella, Gustavo Alcaraz y Julio Catalano, se ha especializado en el diseño y programación de instrumentos interactivos de control gestual. Estos instrumentos son las herramientas básicas usadas en cada una de las obras compuestas.</span></p>
<p><span style="font-weight: 400">El grupo se ha dedicado a desarrollar proyectos centrados en la idea de Memorias, que investigan en la realidad social y política del entorno latinoamericano, generando bases de datos a partir de las cuales producir obras que interrelacionan materiales referenciales, testimonios directos y re-elaboraciones digitales. Estos materiales se plasman en obras sonoras o multimediales, de estructuras fijas o improvisatorias.</span></p>

<p>ABC Trío El trío que desde el año 2010 integran Gonzalo Biffarella, Gustavo Alcaraz y Julio Catalano, se ha especializado en el diseño y programación de instrumentos interactivos de control [&hellip;]</p>
