{"id":171,"date":"2013-09-16T23:11:34","date_gmt":"2013-09-17T02:11:34","guid":{"rendered":"http:\/\/www.animafestival.com.ar\/2013\/?page_id=171"},"modified":"2013-10-01T01:23:44","modified_gmt":"2013-10-01T04:23:44","slug":"jurado-internacional","status":"publish","type":"page","link":"http:\/\/www.animafestival.com.ar\/2015\/jurado-internacional\/","title":{"rendered":"Jurado Internacional"},"content":{"rendered":"<p style=\"text-align: center;\"><img fetchpriority=\"high\" decoding=\"async\" class=\"aligncenter\" alt=\"\" src=\"https:\/\/fbcdn-sphotos-a-a.akamaihd.net\/hphotos-ak-prn1\/993976_611192748926031_233758246_n.jpg\" width=\"672\" height=\"325\" \/><\/p>\n<p style=\"text-align: justify;\"><strong>Michaela Pavl\u00e1tov\u00e1 (Rep\u00fablica Checa)<\/strong><\/p>\n<p style=\"text-align: justify;\">Michaela Pavl\u00e1tov\u00e1 es una directora de animaci\u00f3n nacida en la Rep\u00fablica Checa. Sus pel\u00edculas han recibido numerosos premios en festivales de cine internacionales, incluyendo una nominaci\u00f3n al Oscar por <em>Reci, reci, reci<\/em> (<em>Palabras, palabras, palabras<\/em>). Su film <em>Repete<\/em> tambi\u00e9n ha ganado una serie de premios, entre ellos el Gran Premio en el Festival Internacional de Animaci\u00f3n de Hiroshima y el Oso de Oro en Berl\u00edn. Su \u00faltima pel\u00edcula <em>Tram<\/em> (Tranv\u00eda) gan\u00f3, entre otros, el Cristal de Annecy 2012.<\/p>\n<p>El alcance de sus intereses es amplio, dirigi\u00f3 dos pel\u00edculas de acci\u00f3n en vivo y prepara otra, pero ella a\u00fan ama la animaci\u00f3n. Cre\u00f3 animaciones para producciones teatrales de Praga y ahora trabaja en su nueva pel\u00edcula de animaci\u00f3n. Michaela tambi\u00e9n ense\u00f1a en la FAMU de Praga y da clases magistrales y talleres en universidades y festivales de todo el mundo.<\/p>\n<p>&nbsp;<\/p>\n<p style=\"text-align: justify;\"><strong>Martine Chartrand (Canad\u00e1)<br \/>\n<\/strong><\/p>\n<p align=\"JUSTIFY\">Nacida en Montreal, Martine Chartrand complet\u00f3 una licenciatura en artes visuales en la Universidad de Concordia en 1986, y un certificado en educaci\u00f3n art\u00edstica de la Universit\u00e9 du Qu\u00e9bec \u00e0 Montr\u00e9al en 1988. Trabaj\u00f3 como pintora \/ ilustradora y se involucr\u00f3 en el campo de la animaci\u00f3n en 1986, trabajando como artista de layout y color. En 1992 dirigi\u00f3 el galardonado cortometraje <i>T. V. Tango<\/i> TV, su primera pel\u00edcula de animaci\u00f3n, para el NFB. En 1994, recibi\u00f3 una beca del Conseil des Arts et des Lettres du Qu\u00e9bec y del Consejo Canadiense para las Artes que le permiti\u00f3 estudiar en Rusia bajo Alexander Petrov, un maestro de la animaci\u00f3n en la t\u00e9cnica de pintura sobre vidrio. Durante su estancia, ella ayud\u00f3 a Petrov preparar y traducir su propuesta para el proyecto del film de animaci\u00f3n <i>El viejo y el mar<\/i>. En 2000, hizo su segunda pel\u00edcula de la NFB, <i>Black Soul<\/i>. Este corto, una animaci\u00f3n en pintura sobre vidrio que traza la memoria de la historia de la raza negra, ha ganado 23 premios, entre ellos el Oso de Oro en Berl\u00edn en 2001. Su tercera pel\u00edcula, <i>MacPherson<\/i>, inspirada en la canci\u00f3n de F\u00e9lix Leclerc, es una pel\u00edcula en pintura sobre vidrio llena de poes\u00eda, historia y diversidad musical. <i>MacPherson<\/i> gan\u00f3 el Primer Premio y el Premio del P\u00fablico al Mejor Cortometraje de Cine Canadiense, en el Festival Internacional de Cine de Montreal en 2012.<\/p>\n<p style=\"text-align: justify;\"><strong>Paul Wells (UK)<br \/>\n<\/strong><\/p>\n<div>\n<p>El profesor Paul Wells es el Director de la Animation Academy de la Universidad de Loughborough, Reino Unido. Tambi\u00e9n es el Presidente de la Association of British Animation Collections. Paul ha publicado numerosos trabajos en el campo de los estudios de animaci\u00f3n, incluyendo <i>Understanding Animation<\/i>, <i>Re-Imagining Animation<\/i> y <i>The Animated Bestiary<\/i>. Paul es tambi\u00e9n un escritor reconocido internacionalmente y director de teteatro, radio, televisi\u00f3n y cine; y lleva a cabo consultor\u00edas y talleres en todo el mundo sobre la base de su libro, <i>Scriptwriting<\/i>. Sus documentales m\u00e1s recientes, <i>Inside the Green Book: The Life and Animation of Geoff Dunbar<\/i> and <i>An Animated Utopia: The Life and Achievement of John Halas<\/i> se han exhibido en festivales de todo el mundo, y su \u00faltima pel\u00edcula <i>Mackinnon y Saunders : a Model Studio<\/i>, sobre el trabajo de los constructores de mu\u00f1ecos de stop motion para las pel\u00edculas de Tim Burto <i>Corpse Bride<\/i> y <i>Frankenweenie<\/i>, se estrena en noviembre. Recientemente ha finalizado un libro sobre <i>Animaci\u00f3n, Deporte y Cultura<\/i>, y el gui\u00f3n para una pel\u00edcula noruega, <i>The Oil Kid<\/i>.<\/p>\n<\/div>\n","protected":false},"excerpt":{"rendered":"<p>Michaela Pavl\u00e1tov\u00e1 (Rep\u00fablica Checa) Michaela Pavl\u00e1tov\u00e1 es una directora de animaci\u00f3n nacida en la Rep\u00fablica Checa. Sus pel\u00edculas han recibido numerosos premios en festivales de cine internacionales, incluyendo una nominaci\u00f3n [&hellip;]<\/p>\n","protected":false},"author":1,"featured_media":0,"parent":0,"menu_order":0,"comment_status":"closed","ping_status":"closed","template":"","meta":{"footnotes":""},"class_list":["post-171","page","type-page","status-publish","hentry"],"_links":{"self":[{"href":"http:\/\/www.animafestival.com.ar\/2015\/wp-json\/wp\/v2\/pages\/171","targetHints":{"allow":["GET"]}}],"collection":[{"href":"http:\/\/www.animafestival.com.ar\/2015\/wp-json\/wp\/v2\/pages"}],"about":[{"href":"http:\/\/www.animafestival.com.ar\/2015\/wp-json\/wp\/v2\/types\/page"}],"author":[{"embeddable":true,"href":"http:\/\/www.animafestival.com.ar\/2015\/wp-json\/wp\/v2\/users\/1"}],"replies":[{"embeddable":true,"href":"http:\/\/www.animafestival.com.ar\/2015\/wp-json\/wp\/v2\/comments?post=171"}],"version-history":[{"count":11,"href":"http:\/\/www.animafestival.com.ar\/2015\/wp-json\/wp\/v2\/pages\/171\/revisions"}],"predecessor-version":[{"id":1106,"href":"http:\/\/www.animafestival.com.ar\/2015\/wp-json\/wp\/v2\/pages\/171\/revisions\/1106"}],"wp:attachment":[{"href":"http:\/\/www.animafestival.com.ar\/2015\/wp-json\/wp\/v2\/media?parent=171"}],"curies":[{"name":"wp","href":"https:\/\/api.w.org\/{rel}","templated":true}]}}

<p style="text-align: center;"><img fetchpriority="high" decoding="async" class="aligncenter" alt="" src="https://fbcdn-sphotos-a-a.akamaihd.net/hphotos-ak-prn1/993976_611192748926031_233758246_n.jpg" width="672" height="325" /></p>
<p style="text-align: justify;"><strong>Michaela Pavlátová (República Checa)</strong></p>
<p style="text-align: justify;">Michaela Pavlátová es una directora de animación nacida en la República Checa. Sus películas han recibido numerosos premios en festivales de cine internacionales, incluyendo una nominación al Oscar por <em>Reci, reci, reci</em> (<em>Palabras, palabras, palabras</em>). Su film <em>Repete</em> también ha ganado una serie de premios, entre ellos el Gran Premio en el Festival Internacional de Animación de Hiroshima y el Oso de Oro en Berlín. Su última película <em>Tram</em> (Tranvía) ganó, entre otros, el Cristal de Annecy 2012.</p>
<p>El alcance de sus intereses es amplio, dirigió dos películas de acción en vivo y prepara otra, pero ella aún ama la animación. Creó animaciones para producciones teatrales de Praga y ahora trabaja en su nueva película de animación. Michaela también enseña en la FAMU de Praga y da clases magistrales y talleres en universidades y festivales de todo el mundo.</p>
<p>&nbsp;</p>
<p style="text-align: justify;"><strong>Martine Chartrand (Canadá)<br />
</strong></p>
<p align="JUSTIFY">Nacida en Montreal, Martine Chartrand completó una licenciatura en artes visuales en la Universidad de Concordia en 1986, y un certificado en educación artística de la Université du Québec à Montréal en 1988. Trabajó como pintora / ilustradora y se involucró en el campo de la animación en 1986, trabajando como artista de layout y color. En 1992 dirigió el galardonado cortometraje <i>T. V. Tango</i> TV, su primera película de animación, para el NFB. En 1994, recibió una beca del Conseil des Arts et des Lettres du Québec y del Consejo Canadiense para las Artes que le permitió estudiar en Rusia bajo Alexander Petrov, un maestro de la animación en la técnica de pintura sobre vidrio. Durante su estancia, ella ayudó a Petrov preparar y traducir su propuesta para el proyecto del film de animación <i>El viejo y el mar</i>. En 2000, hizo su segunda película de la NFB, <i>Black Soul</i>. Este corto, una animación en pintura sobre vidrio que traza la memoria de la historia de la raza negra, ha ganado 23 premios, entre ellos el Oso de Oro en Berlín en 2001. Su tercera película, <i>MacPherson</i>, inspirada en la canción de Félix Leclerc, es una película en pintura sobre vidrio llena de poesía, historia y diversidad musical. <i>MacPherson</i> ganó el Primer Premio y el Premio del Público al Mejor Cortometraje de Cine Canadiense, en el Festival Internacional de Cine de Montreal en 2012.</p>
<p style="text-align: justify;"><strong>Paul Wells (UK)<br />
</strong></p>
<div>
<p>El profesor Paul Wells es el Director de la Animation Academy de la Universidad de Loughborough, Reino Unido. También es el Presidente de la Association of British Animation Collections. Paul ha publicado numerosos trabajos en el campo de los estudios de animación, incluyendo <i>Understanding Animation</i>, <i>Re-Imagining Animation</i> y <i>The Animated Bestiary</i>. Paul es también un escritor reconocido internacionalmente y director de teteatro, radio, televisión y cine; y lleva a cabo consultorías y talleres en todo el mundo sobre la base de su libro, <i>Scriptwriting</i>. Sus documentales más recientes, <i>Inside the Green Book: The Life and Animation of Geoff Dunbar</i> and <i>An Animated Utopia: The Life and Achievement of John Halas</i> se han exhibido en festivales de todo el mundo, y su última película <i>Mackinnon y Saunders : a Model Studio</i>, sobre el trabajo de los constructores de muñecos de stop motion para las películas de Tim Burto <i>Corpse Bride</i> y <i>Frankenweenie</i>, se estrena en noviembre. Recientemente ha finalizado un libro sobre <i>Animación, Deporte y Cultura</i>, y el guión para una película noruega, <i>The Oil Kid</i>.</p>
</div>

<p>Michaela Pavlátová (República Checa) Michaela Pavlátová es una directora de animación nacida en la República Checa. Sus películas han recibido numerosos premios en festivales de cine internacionales, incluyendo una nominación [&hellip;]</p>
