{"id":183,"date":"2013-09-17T16:38:17","date_gmt":"2013-09-17T19:38:17","guid":{"rendered":"http:\/\/www.animafestival.com.ar\/2013\/?page_id=183"},"modified":"2013-09-17T16:57:56","modified_gmt":"2013-09-17T19:57:56","slug":"jurado-nacional","status":"publish","type":"page","link":"http:\/\/www.animafestival.com.ar\/2015\/jurado-nacional\/","title":{"rendered":"Jurado Nacional"},"content":{"rendered":"<p style=\"text-align: center;\"><img fetchpriority=\"high\" decoding=\"async\" class=\"aligncenter\" alt=\"\" src=\"https:\/\/fbcdn-sphotos-f-a.akamaihd.net\/hphotos-ak-prn2\/q71\/s720x720\/1146669_608090639236242_1535066644_n.jpg\" width=\"655\" height=\"221\" \/><\/p>\n<p style=\"text-align: justify;\"><strong>Luis Paredes<\/strong><\/p>\n<p style=\"text-align: justify;\">Ilustrador y animador. En el a\u00f1o 2000 co-funda el estudio GarabatoAnimaciones, donde se\u00a0realiz\u00f3 la serie televisiva \u00abORSON\u00bb (primera serie animada realizada desde el interior del pa\u00eds).\u00a0Ha trabajado como postproductor, editor y animador del programa \u00abPi\u00f1on Fijo es mi Nombre\u00bb\u00a0(2008-2010).\u00a0Como ilustrador ha colaborado en los libros Peinate que viene Gente Vol I y II y La Belleza\u00a0del Escandalo (ambos de Jos\u00e9 Playo); Cine a la Intemperie, instant\u00e1neas de dos mujeres por\u00a0Latinoam\u00e9rica (Viviana Garc\u00eda, Griselda Moreno) y Cr\u00f3nicas de un Superpap\u00e1 (Teti Cavo).\u00a0Es autor y editor de los libros Ave Sedario (2012) y Abril, de pr\u00f3xima aparici\u00f3n. Tambi\u00e9n\u00a0ha realizado murales en espacios p\u00fablicos: \u00a0Museo Barrilete, Tarjeta Naranja, BiciUrbanos,Municipalidad de Carlos Paz, Hospital Infantil, Hospital Misericordia. Su primera exposici\u00f3n\u00a0individual, Paredes Chinas, se realiz\u00f3 en el marco del evento Cuatrociencia (Universidad\u00a0Nacional de C\u00f3rdoba, 2013). Actualmente Luis dicta talleres de ilustraci\u00f3n destinados a un\u00a0p\u00fablico infantil y juvenil en espacios culturales de la ciudad de C\u00f3rdoba (librer\u00eda En Un Lugar\u00a0de La Mancha, a\u00f1os 2012-2013; Museo Barrilete a\u00f1o 2012; Feria del Libro Infantil 2012 \u2013 2013;\u00a0Cabildo de la Ciudad de C\u00f3rdoba a\u00f1o 2013)<\/p>\n<p style=\"text-align: justify;\"><strong>Nelson Luty<\/strong><\/p>\n<p style=\"text-align: justify;\">Nelson Luty en la actualidad trabaja como Director de Arte y dise\u00f1ador de fondos en el\u00a0largometraje (METEGOL) Dirigida por Juan Jose Campanella. Desde ya mas de 10 a\u00f1os trabaja\u00a0en la industria cinematografica prestando sus servicios a muchos studios de animacion. Siempre\u00a0ha trabajado con estrecha colaboracion junto a varios Directores y animadores en el desarrollo\u00a0visual en el Arte de sus Proyectos. El Nacio y se crio en la ciudad de Buenos Aires en Argentina,\u00a0Y actualmente vive en Buenos Aires, Argentina.<\/p>\n<p style=\"text-align: justify;\"><strong>Ra\u00fal Manrupe\u00a0<\/strong><\/p>\n<p style=\"text-align: justify;\">Investigador, historiador, realizador.<\/p>\n<p style=\"text-align: justify;\">Autor de Un diccionario de films argentinos (1930-1995, Ediciones Corregidor), con Alejandra\u00a0Portela. Libro de referencia para investigadores, cr\u00edticos y estudiantes consultado nacional e\u00a0internacionalmente, con un punto de vista renovador y objetivo. El proyecto tiene continuidad\u00a0en el tiempo, habi\u00e9ndose publicado ya Un diccionario de films argentinos II (1996-2002) y Un\u00a0diccionario de films argentinos III (2003-2009).\u00a0Autor de Breve Historia del Dibujo animado en la Argentina, primer trabajo editado en el pa\u00eds\u00a0sobre el tema. Ha colaborado en Film, La Cosa, El Amante y en libros como 60\/90 Generaciones\u00a0del Cine Argentino, la edici\u00f3n espa\u00f1ola de la enciclopedia Cartoons, Cine Latinoamericano\/Diccionario de Realizadores, Directory of World Cinema, Il Cinema Argentino contemporaneo e\u00a0la opera di Leonardo Favio, entre otros.\u00a0Creativo publicitario y de contenidos web, desde el 2000 se dedica a la realizaci\u00f3n. Su primer\u00a0largo es Picsa un documental realizado de manera independiente. Sus cortos Cruel en el Cartel,\u00a0Danzar\u00edn y De corte antiguo, se han exhibido en festivales nacionales e internacionales. En\u00a02004 dirigi\u00f3 la puesta en el Teatro Col\u00f3n de Buenos Aires del espect\u00e1culo multimedia Una\u00a0historia del jazz contempor\u00e1neo.\u00a0Desde 2008 es Coordinador del Area de Cine y Video del Centro Cultural Rojas, de Buenos\u00a0Aires (UBA). Ha sido jurado en varias ocasiones : Mar del Plata, el FECI, Documentalistas,\u00a0Cart\u00f3n, desempe\u00f1\u00e1ndose como coordinador del SCDF, Festival de Cine con c\u00e1mara de fotos.<\/p>\n","protected":false},"excerpt":{"rendered":"<p>Luis Paredes Ilustrador y animador. En el a\u00f1o 2000 co-funda el estudio GarabatoAnimaciones, donde se\u00a0realiz\u00f3 la serie televisiva \u00abORSON\u00bb (primera serie animada realizada desde el interior del pa\u00eds).\u00a0Ha trabajado como [&hellip;]<\/p>\n","protected":false},"author":1,"featured_media":0,"parent":0,"menu_order":0,"comment_status":"closed","ping_status":"open","template":"","meta":{"footnotes":""},"class_list":["post-183","page","type-page","status-publish","hentry"],"_links":{"self":[{"href":"http:\/\/www.animafestival.com.ar\/2015\/wp-json\/wp\/v2\/pages\/183","targetHints":{"allow":["GET"]}}],"collection":[{"href":"http:\/\/www.animafestival.com.ar\/2015\/wp-json\/wp\/v2\/pages"}],"about":[{"href":"http:\/\/www.animafestival.com.ar\/2015\/wp-json\/wp\/v2\/types\/page"}],"author":[{"embeddable":true,"href":"http:\/\/www.animafestival.com.ar\/2015\/wp-json\/wp\/v2\/users\/1"}],"replies":[{"embeddable":true,"href":"http:\/\/www.animafestival.com.ar\/2015\/wp-json\/wp\/v2\/comments?post=183"}],"version-history":[{"count":5,"href":"http:\/\/www.animafestival.com.ar\/2015\/wp-json\/wp\/v2\/pages\/183\/revisions"}],"predecessor-version":[{"id":189,"href":"http:\/\/www.animafestival.com.ar\/2015\/wp-json\/wp\/v2\/pages\/183\/revisions\/189"}],"wp:attachment":[{"href":"http:\/\/www.animafestival.com.ar\/2015\/wp-json\/wp\/v2\/media?parent=183"}],"curies":[{"name":"wp","href":"https:\/\/api.w.org\/{rel}","templated":true}]}}

<p style="text-align: center;"><img fetchpriority="high" decoding="async" class="aligncenter" alt="" src="https://fbcdn-sphotos-f-a.akamaihd.net/hphotos-ak-prn2/q71/s720x720/1146669_608090639236242_1535066644_n.jpg" width="655" height="221" /></p>
<p style="text-align: justify;"><strong>Luis Paredes</strong></p>
<p style="text-align: justify;">Ilustrador y animador. En el año 2000 co-funda el estudio GarabatoAnimaciones, donde se realizó la serie televisiva «ORSON» (primera serie animada realizada desde el interior del país). Ha trabajado como postproductor, editor y animador del programa «Piñon Fijo es mi Nombre» (2008-2010). Como ilustrador ha colaborado en los libros Peinate que viene Gente Vol I y II y La Belleza del Escandalo (ambos de José Playo); Cine a la Intemperie, instantáneas de dos mujeres por Latinoamérica (Viviana García, Griselda Moreno) y Crónicas de un Superpapá (Teti Cavo). Es autor y editor de los libros Ave Sedario (2012) y Abril, de próxima aparición. También ha realizado murales en espacios públicos:  Museo Barrilete, Tarjeta Naranja, BiciUrbanos,Municipalidad de Carlos Paz, Hospital Infantil, Hospital Misericordia. Su primera exposición individual, Paredes Chinas, se realizó en el marco del evento Cuatrociencia (Universidad Nacional de Córdoba, 2013). Actualmente Luis dicta talleres de ilustración destinados a un público infantil y juvenil en espacios culturales de la ciudad de Córdoba (librería En Un Lugar de La Mancha, años 2012-2013; Museo Barrilete año 2012; Feria del Libro Infantil 2012 – 2013; Cabildo de la Ciudad de Córdoba año 2013)</p>
<p style="text-align: justify;"><strong>Nelson Luty</strong></p>
<p style="text-align: justify;">Nelson Luty en la actualidad trabaja como Director de Arte y diseñador de fondos en el largometraje (METEGOL) Dirigida por Juan Jose Campanella. Desde ya mas de 10 años trabaja en la industria cinematografica prestando sus servicios a muchos studios de animacion. Siempre ha trabajado con estrecha colaboracion junto a varios Directores y animadores en el desarrollo visual en el Arte de sus Proyectos. El Nacio y se crio en la ciudad de Buenos Aires en Argentina, Y actualmente vive en Buenos Aires, Argentina.</p>
<p style="text-align: justify;"><strong>Raúl Manrupe </strong></p>
<p style="text-align: justify;">Investigador, historiador, realizador.</p>
<p style="text-align: justify;">Autor de Un diccionario de films argentinos (1930-1995, Ediciones Corregidor), con Alejandra Portela. Libro de referencia para investigadores, críticos y estudiantes consultado nacional e internacionalmente, con un punto de vista renovador y objetivo. El proyecto tiene continuidad en el tiempo, habiéndose publicado ya Un diccionario de films argentinos II (1996-2002) y Un diccionario de films argentinos III (2003-2009). Autor de Breve Historia del Dibujo animado en la Argentina, primer trabajo editado en el país sobre el tema. Ha colaborado en Film, La Cosa, El Amante y en libros como 60/90 Generaciones del Cine Argentino, la edición española de la enciclopedia Cartoons, Cine Latinoamericano/Diccionario de Realizadores, Directory of World Cinema, Il Cinema Argentino contemporaneo e la opera di Leonardo Favio, entre otros. Creativo publicitario y de contenidos web, desde el 2000 se dedica a la realización. Su primer largo es Picsa un documental realizado de manera independiente. Sus cortos Cruel en el Cartel, Danzarín y De corte antiguo, se han exhibido en festivales nacionales e internacionales. En 2004 dirigió la puesta en el Teatro Colón de Buenos Aires del espectáculo multimedia Una historia del jazz contemporáneo. Desde 2008 es Coordinador del Area de Cine y Video del Centro Cultural Rojas, de Buenos Aires (UBA). Ha sido jurado en varias ocasiones : Mar del Plata, el FECI, Documentalistas, Cartón, desempeñándose como coordinador del SCDF, Festival de Cine con cámara de fotos.</p>

<p>Luis Paredes Ilustrador y animador. En el año 2000 co-funda el estudio GarabatoAnimaciones, donde se realizó la serie televisiva «ORSON» (primera serie animada realizada desde el interior del país). Ha trabajado como [&hellip;]</p>
