{"id":815,"date":"2013-09-30T11:54:39","date_gmt":"2013-09-30T14:54:39","guid":{"rendered":"http:\/\/www.animafestival.com.ar\/2013\/?page_id=815"},"modified":"2021-12-06T14:46:43","modified_gmt":"2021-12-06T17:46:43","slug":"diseno-de-personajes","status":"publish","type":"page","link":"http:\/\/www.animafestival.com.ar\/2015\/diseno-de-personajes\/","title":{"rendered":"Taller: Dise\u00f1o de Personajes para dibujo animado"},"content":{"rendered":"<p><strong>Dictado por LUCAS NINE <\/strong><a href=\"http:\/\/www.lucasnine.com.ar\/\">(http:\/\/www.lucasnine.com.ar) <\/a><\/p>\n<p>&nbsp;<\/p>\n<p><b>Jueves 10 de octubre de 14 a 16 hs. y Viernes 11 de octubre de 14 a 17 hs.<\/b><\/p>\n<p><b>Lugar: <b>Subsuelo Pabell\u00f3n Argentina <\/b><\/b>(Haya de la Torre s\/n \u2013 Ciudad Universitaria \u2013 C\u00f3rdoba)<\/p>\n<p>&nbsp;<\/p>\n<p><strong>Contenidos:<\/strong><\/p>\n<ul>\n<li>Concepci\u00f3n argumental del dise\u00f1o de personajes.<\/li>\n<li>Historia estil\u00edstica del g\u00e9nero: sus inicios, evoluci\u00f3n y referents<\/li>\n<li>Desarrollo de los conceptos: \u201cfuncionalidad\u201d y \u201cestilo\u201d<\/li>\n<li>Funcionalidad estil\u00edstica y de lectura del dise\u00f1o de pesronajes para animaci\u00f3n. Diferencias con otros formatos<\/li>\n<li>Creaci\u00f3n colectiva: Integraci\u00f3n de universos est\u00e9ticos propios y ajenos<\/li>\n<\/ul>\n<p>&nbsp;<\/p>\n<p><b>Actividades a desarrollar: <\/b><\/p>\n<ul>\n<li><b>Primera jornada:<\/b> modalidad expositiva. Construcci\u00f3n y desarrollo de un andamiaje conceptual \u00a0sobre el tema, ilustrado con experiencias y dise\u00f1os concretos realizados por el expositor.<\/li>\n<li><b>Segunda jornada:<\/b> modalidad Taller. Presentaci\u00f3n de propuestas personales de los asistentes. Debate sobre los mismos. Planteo de estrategias de trabajo en funci\u00f3n a b\u00fasquedas est\u00e9ticas, l\u00edneas argumentales, posibilidades de animaci\u00f3n, etc.<\/li>\n<\/ul>\n<p>&nbsp;<\/p>\n<p><a href=\"http:\/\/www.animafestival.com.ar\/2013\/files\/2013\/09\/nine.jpg\"><img fetchpriority=\"high\" decoding=\"async\" class=\"size-medium wp-image-884 alignleft\" alt=\"nine\" src=\"http:\/\/www.animafestival.com.ar\/2013\/files\/2013\/09\/nine-289x300.jpg\" width=\"289\" height=\"300\" srcset=\"http:\/\/www.animafestival.com.ar\/2015\/files\/2013\/09\/nine-289x300.jpg 289w, http:\/\/www.animafestival.com.ar\/2015\/files\/2013\/09\/nine.jpg 480w\" sizes=\"(max-width: 289px) 100vw, 289px\" \/><\/a><i><strong>Arancel:<\/strong> $350.-\u00a0 (Con certificaci\u00f3n)<\/i><\/p>\n<p>&nbsp;<\/p>\n<p dir=\"ltr\">Por dudas o para mayor informaci\u00f3n sobre \u00e9stas actividades escribir a: <strong>acredit@animafestival.com.ar <\/strong><br \/>\n<strong><\/strong><\/p>\n<p dir=\"ltr\">\n<p dir=\"ltr\"><strong>Inscripciones<\/strong> en <a href=\"http:\/\/www.autoentrada.com\"><strong>www.autoentrada.com<\/strong><\/a><\/p>\n","protected":false},"excerpt":{"rendered":"<p>Dictado por LUCAS NINE (http:\/\/www.lucasnine.com.ar) &nbsp; Jueves 10 de octubre de 14 a 16 hs. y Viernes 11 de octubre de 14 a 17 hs. Lugar: Subsuelo Pabell\u00f3n Argentina (Haya [&hellip;]<\/p>\n","protected":false},"author":1,"featured_media":0,"parent":0,"menu_order":0,"comment_status":"closed","ping_status":"closed","template":"","meta":{"footnotes":""},"class_list":["post-815","page","type-page","status-publish","hentry"],"_links":{"self":[{"href":"http:\/\/www.animafestival.com.ar\/2015\/wp-json\/wp\/v2\/pages\/815","targetHints":{"allow":["GET"]}}],"collection":[{"href":"http:\/\/www.animafestival.com.ar\/2015\/wp-json\/wp\/v2\/pages"}],"about":[{"href":"http:\/\/www.animafestival.com.ar\/2015\/wp-json\/wp\/v2\/types\/page"}],"author":[{"embeddable":true,"href":"http:\/\/www.animafestival.com.ar\/2015\/wp-json\/wp\/v2\/users\/1"}],"replies":[{"embeddable":true,"href":"http:\/\/www.animafestival.com.ar\/2015\/wp-json\/wp\/v2\/comments?post=815"}],"version-history":[{"count":8,"href":"http:\/\/www.animafestival.com.ar\/2015\/wp-json\/wp\/v2\/pages\/815\/revisions"}],"predecessor-version":[{"id":937,"href":"http:\/\/www.animafestival.com.ar\/2015\/wp-json\/wp\/v2\/pages\/815\/revisions\/937"}],"wp:attachment":[{"href":"http:\/\/www.animafestival.com.ar\/2015\/wp-json\/wp\/v2\/media?parent=815"}],"curies":[{"name":"wp","href":"https:\/\/api.w.org\/{rel}","templated":true}]}}

Taller: Diseño de Personajes para dibujo animado

<p><strong>Dictado por LUCAS NINE </strong><a href="http://www.lucasnine.com.ar/">(http://www.lucasnine.com.ar) </a></p>
<p>&nbsp;</p>
<p><b>Jueves 10 de octubre de 14 a 16 hs. y Viernes 11 de octubre de 14 a 17 hs.</b></p>
<p><b>Lugar: <b>Subsuelo Pabellón Argentina </b></b>(Haya de la Torre s/n – Ciudad Universitaria – Córdoba)</p>
<p>&nbsp;</p>
<p><strong>Contenidos:</strong></p>
<ul>
<li>Concepción argumental del diseño de personajes.</li>
<li>Historia estilística del género: sus inicios, evolución y referents</li>
<li>Desarrollo de los conceptos: “funcionalidad” y “estilo”</li>
<li>Funcionalidad estilística y de lectura del diseño de pesronajes para animación. Diferencias con otros formatos</li>
<li>Creación colectiva: Integración de universos estéticos propios y ajenos</li>
</ul>
<p>&nbsp;</p>
<p><b>Actividades a desarrollar: </b></p>
<ul>
<li><b>Primera jornada:</b> modalidad expositiva. Construcción y desarrollo de un andamiaje conceptual  sobre el tema, ilustrado con experiencias y diseños concretos realizados por el expositor.</li>
<li><b>Segunda jornada:</b> modalidad Taller. Presentación de propuestas personales de los asistentes. Debate sobre los mismos. Planteo de estrategias de trabajo en función a búsquedas estéticas, líneas argumentales, posibilidades de animación, etc.</li>
</ul>
<p>&nbsp;</p>
<p><a href="http://www.animafestival.com.ar/2013/files/2013/09/nine.jpg"><img fetchpriority="high" decoding="async" class="size-medium wp-image-884 alignleft" alt="nine" src="http://www.animafestival.com.ar/2013/files/2013/09/nine-289x300.jpg" width="289" height="300" srcset="http://www.animafestival.com.ar/2015/files/2013/09/nine-289x300.jpg 289w, http://www.animafestival.com.ar/2015/files/2013/09/nine.jpg 480w" sizes="(max-width: 289px) 100vw, 289px" /></a><i><strong>Arancel:</strong> $350.-  (Con certificación)</i></p>
<p>&nbsp;</p>
<p dir="ltr">Por dudas o para mayor información sobre éstas actividades escribir a: <strong>acredit@animafestival.com.ar </strong><br />
<strong></strong></p>
<p dir="ltr">
<p dir="ltr"><strong>Inscripciones</strong> en <a href="http://www.autoentrada.com"><strong>www.autoentrada.com</strong></a></p>

<p>Dictado por LUCAS NINE (http://www.lucasnine.com.ar) &nbsp; Jueves 10 de octubre de 14 a 16 hs. y Viernes 11 de octubre de 14 a 17 hs. Lugar: Subsuelo Pabellón Argentina (Haya [&hellip;]</p>
