{"id":817,"date":"2013-09-30T11:55:09","date_gmt":"2013-09-30T14:55:09","guid":{"rendered":"http:\/\/www.animafestival.com.ar\/2013\/?page_id=817"},"modified":"2021-12-06T14:46:57","modified_gmt":"2021-12-06T17:46:57","slug":"pixilation","status":"publish","type":"page","link":"http:\/\/www.animafestival.com.ar\/2015\/pixilation\/","title":{"rendered":"Taller: Pixilation"},"content":{"rendered":"<p><b>dictado por JUAN PABLO ZARAMELLA<\/b><\/p>\n<p>&nbsp;<\/p>\n<p><b>Jueves 10 de octubre de 15 a 18 hs y Viernes 11 de octubre de 15 a 18 hs. <\/b><\/p>\n<p><b>Lugar: La Lumiere <\/b>(Independencia 566 2\u00b0 P &#8211; C\u00f3rdoba)<b><br \/>\n<\/b><\/p>\n<p>&nbsp;<\/p>\n<p><strong>Fundamentaci\u00f3n:<\/strong><\/p>\n<p style=\"text-align: justify\">La pixilacion es una variante del Stop motion que involucra el movimiento de personas con interacci\u00f3n de objetos est\u00e1ticos\u2026 a trav\u00e9s de \u00e9sta las personas se convierten en \u201cobjetos\u201d que se animan, logrando efectos asombrosos, por momentos absurdos y divertidos.<\/p>\n<p>&nbsp;<\/p>\n<p><strong>Objetivo:<\/strong><\/p>\n<p>Experimentar sobre la t\u00e9cnica de la pixilaci\u00f3n en un trabajo concreto.<\/p>\n<p>&nbsp;<\/p>\n<p><b>Contenidos y Cronograma de Actividades: <\/b><\/p>\n<p style=\"text-align: justify\"><b>Primera jornada:<\/b> modalidad expositiva. Construcci\u00f3n y desarrollo de un andamiaje conceptual\u00a0 sobre el tema, ilustrado con experiencias y dise\u00f1os concretos realizados por el expositor.<\/p>\n<ul>\n<li>Stop motion: ayer y hoy<\/li>\n<li>La pixilaci\u00f3n y su l\u00f3gica<\/li>\n<li>Pensando para pixilaci\u00f3n<\/li>\n<li>Trabajando con actores<\/li>\n<li>Aspectos t\u00e9cnicos: equipos, postproducci\u00f3n y edici\u00f3n<\/li>\n<\/ul>\n<p style=\"text-align: justify\"><b>\u00a0Segunda jornada:<\/b> modalidad Taller. Presentaci\u00f3n de propuestas personales de los asistentes. Debate sobre los mismos. Planteo de estrategias de trabajo en funci\u00f3n a b\u00fasquedas est\u00e9ticas, l\u00edneas argumentales, posibilidades de animaci\u00f3n, etc. Realizaci\u00f3n de un trabajo concreto con la t\u00e9cnica propuesta.<\/p>\n<p style=\"text-align: justify\">\n<i><strong><\/strong><\/i><\/p>\n<p style=\"text-align: justify\">\n<p style=\"text-align: justify\"><i><strong><a href=\"http:\/\/www.animafestival.com.ar\/2013\/files\/2013\/09\/zaramella.jpg\"><img fetchpriority=\"high\" decoding=\"async\" class=\"size-medium wp-image-920 alignleft\" alt=\"zaramella\" src=\"http:\/\/www.animafestival.com.ar\/2013\/files\/2013\/09\/zaramella-289x300.jpg\" width=\"289\" height=\"300\" srcset=\"http:\/\/www.animafestival.com.ar\/2015\/files\/2013\/09\/zaramella-289x300.jpg 289w, http:\/\/www.animafestival.com.ar\/2015\/files\/2013\/09\/zaramella.jpg 480w\" sizes=\"(max-width: 289px) 100vw, 289px\" \/><\/a>Arancel:<\/strong> $350.-\u00a0 (Con certificaci\u00f3n)<\/i><\/p>\n<p>&nbsp;<\/p>\n<p dir=\"ltr\">Por dudas o para mayor informaci\u00f3n sobre estas actividades escribir a: <strong>acredit@animafestival.com.ar\u00a0<\/strong><\/p>\n<p dir=\"ltr\">\n<p dir=\"ltr\"><strong>Inscripciones<\/strong> en <a href=\"http:\/\/www.autoentrada.com\"><strong>www.autoentrada.com<\/strong><\/a><\/p>\n","protected":false},"excerpt":{"rendered":"<p>dictado por JUAN PABLO ZARAMELLA &nbsp; Jueves 10 de octubre de 15 a 18 hs y Viernes 11 de octubre de 15 a 18 hs. Lugar: La Lumiere (Independencia 566 [&hellip;]<\/p>\n","protected":false},"author":1,"featured_media":0,"parent":0,"menu_order":0,"comment_status":"closed","ping_status":"closed","template":"","meta":{"footnotes":""},"class_list":["post-817","page","type-page","status-publish","hentry"],"_links":{"self":[{"href":"http:\/\/www.animafestival.com.ar\/2015\/wp-json\/wp\/v2\/pages\/817","targetHints":{"allow":["GET"]}}],"collection":[{"href":"http:\/\/www.animafestival.com.ar\/2015\/wp-json\/wp\/v2\/pages"}],"about":[{"href":"http:\/\/www.animafestival.com.ar\/2015\/wp-json\/wp\/v2\/types\/page"}],"author":[{"embeddable":true,"href":"http:\/\/www.animafestival.com.ar\/2015\/wp-json\/wp\/v2\/users\/1"}],"replies":[{"embeddable":true,"href":"http:\/\/www.animafestival.com.ar\/2015\/wp-json\/wp\/v2\/comments?post=817"}],"version-history":[{"count":10,"href":"http:\/\/www.animafestival.com.ar\/2015\/wp-json\/wp\/v2\/pages\/817\/revisions"}],"predecessor-version":[{"id":931,"href":"http:\/\/www.animafestival.com.ar\/2015\/wp-json\/wp\/v2\/pages\/817\/revisions\/931"}],"wp:attachment":[{"href":"http:\/\/www.animafestival.com.ar\/2015\/wp-json\/wp\/v2\/media?parent=817"}],"curies":[{"name":"wp","href":"https:\/\/api.w.org\/{rel}","templated":true}]}}

<p><b>dictado por JUAN PABLO ZARAMELLA</b></p>
<p>&nbsp;</p>
<p><b>Jueves 10 de octubre de 15 a 18 hs y Viernes 11 de octubre de 15 a 18 hs. </b></p>
<p><b>Lugar: La Lumiere </b>(Independencia 566 2° P &#8211; Córdoba)<b><br />
</b></p>
<p>&nbsp;</p>
<p><strong>Fundamentación:</strong></p>
<p style="text-align: justify">La pixilacion es una variante del Stop motion que involucra el movimiento de personas con interacción de objetos estáticos… a través de ésta las personas se convierten en “objetos” que se animan, logrando efectos asombrosos, por momentos absurdos y divertidos.</p>
<p>&nbsp;</p>
<p><strong>Objetivo:</strong></p>
<p>Experimentar sobre la técnica de la pixilación en un trabajo concreto.</p>
<p>&nbsp;</p>
<p><b>Contenidos y Cronograma de Actividades: </b></p>
<p style="text-align: justify"><b>Primera jornada:</b> modalidad expositiva. Construcción y desarrollo de un andamiaje conceptual  sobre el tema, ilustrado con experiencias y diseños concretos realizados por el expositor.</p>
<ul>
<li>Stop motion: ayer y hoy</li>
<li>La pixilación y su lógica</li>
<li>Pensando para pixilación</li>
<li>Trabajando con actores</li>
<li>Aspectos técnicos: equipos, postproducción y edición</li>
</ul>
<p style="text-align: justify"><b> Segunda jornada:</b> modalidad Taller. Presentación de propuestas personales de los asistentes. Debate sobre los mismos. Planteo de estrategias de trabajo en función a búsquedas estéticas, líneas argumentales, posibilidades de animación, etc. Realización de un trabajo concreto con la técnica propuesta.</p>
<p style="text-align: justify">
<i><strong></strong></i></p>
<p style="text-align: justify">
<p style="text-align: justify"><i><strong><a href="http://www.animafestival.com.ar/2013/files/2013/09/zaramella.jpg"><img fetchpriority="high" decoding="async" class="size-medium wp-image-920 alignleft" alt="zaramella" src="http://www.animafestival.com.ar/2013/files/2013/09/zaramella-289x300.jpg" width="289" height="300" srcset="http://www.animafestival.com.ar/2015/files/2013/09/zaramella-289x300.jpg 289w, http://www.animafestival.com.ar/2015/files/2013/09/zaramella.jpg 480w" sizes="(max-width: 289px) 100vw, 289px" /></a>Arancel:</strong> $350.-  (Con certificación)</i></p>
<p>&nbsp;</p>
<p dir="ltr">Por dudas o para mayor información sobre estas actividades escribir a: <strong>acredit@animafestival.com.ar </strong></p>
<p dir="ltr">
<p dir="ltr"><strong>Inscripciones</strong> en <a href="http://www.autoentrada.com"><strong>www.autoentrada.com</strong></a></p>
