{"id":823,"date":"2013-09-30T11:56:23","date_gmt":"2013-09-30T14:56:23","guid":{"rendered":"http:\/\/www.animafestival.com.ar\/2013\/?page_id=823"},"modified":"2021-12-06T14:46:47","modified_gmt":"2021-12-06T17:46:47","slug":"diseno-de-personajes-y-objetos-para-stop-motion","status":"publish","type":"page","link":"http:\/\/www.animafestival.com.ar\/2015\/diseno-de-personajes-y-objetos-para-stop-motion\/","title":{"rendered":"Taller: Dise\u00f1o de Personajes y Objetos para Stop Motion"},"content":{"rendered":"<p><strong>Dictado por WALTER TOURNIER y<\/strong> <b>LAURA SEVERI <\/b>(TOURNIER ANIMATION http:\/\/www.tournieranimation.com\/)<\/p>\n<p>&nbsp;<\/p>\n<p><b>Jueves 10 de octubre de 9 a 13 hs y Viernes 11 de octubre\u00a0 de 9 a 13 hs.<\/b><\/p>\n<p><b>Lugar:<\/b> <strong>Centro Cultural Espa\u00f1a C\u00f3rdoba<\/strong> (Entre R\u00edos 40 \u2013 C\u00f3rdoba)<\/p>\n<p>&nbsp;<\/p>\n<p><strong>Contenidos y Actividades a desarrollar:<\/strong><\/p>\n<p>La narraci\u00f3n en animaci\u00f3n Stop Motion:<\/p>\n<ul>\n<li>Viaje al detr\u00e1s de c\u00e1mara de \u201cSelkirk\u201d: An\u00e1lisis y desglose de la problem\u00e1tica espec\u00edfica del\u00a0 movimiento, dise\u00f1o de personajes y su construcci\u00f3n en un ejemplo concreto.<\/li>\n<li>An\u00e1lisis del gui\u00f3n o story board de cada participante.<\/li>\n<li>Decisiones seg\u00fan necesidades: Mu\u00f1eco completo y Primeros planos<\/li>\n<li>Lipsync<\/li>\n<\/ul>\n<p>Construcci\u00f3n de personajes:<\/p>\n<ul>\n<li>Dise\u00f1o de estructuras de personajes: Proporciones (escalas) \u2013 Paper sheet (modelo en papel).<\/li>\n<li>Estructuras articuladas: diversos tipos de esqueletos b\u00e1sicos. Materiales. Construcci\u00f3n de piezas, articulaciones y ensamble.<\/li>\n<li>Armado b\u00e1sico de mu\u00f1ecos seg\u00fan paper sheet: esqueleto y Materiales (goma espuma,\u00a0 watta, parsec, porcelana fr\u00eda, telgopor, cuentas para los ojos, plastilina etc.)<\/li>\n<li>Recursos alternativos.<\/li>\n<\/ul>\n<p>&nbsp;<\/p>\n<p><a href=\"http:\/\/www.animafestival.com.ar\/2013\/files\/2013\/09\/tournier.jpg\"><img fetchpriority=\"high\" decoding=\"async\" class=\"size-medium wp-image-872 alignleft\" alt=\"tournier\" src=\"http:\/\/www.animafestival.com.ar\/2013\/files\/2013\/09\/tournier-289x300.jpg\" width=\"358\" height=\"371\" srcset=\"http:\/\/www.animafestival.com.ar\/2015\/files\/2013\/09\/tournier-289x300.jpg 289w, http:\/\/www.animafestival.com.ar\/2015\/files\/2013\/09\/tournier.jpg 480w\" sizes=\"(max-width: 358px) 100vw, 358px\" \/><\/a><i><strong>Arancel:<\/strong> $400.-\u00a0 (Con certificaci\u00f3n)<\/i><\/p>\n<p>&nbsp;<\/p>\n<p dir=\"ltr\"><strong>Por dudas o para mayor informaci\u00f3n sobre \u00e9stas actividades escribir a: <strong>acredit@animafestival.com.ar <\/strong><\/strong><\/p>\n<p dir=\"ltr\"><strong>\u00a0<\/strong><\/p>\n<p dir=\"ltr\"><strong>Inscripciones<\/strong> en <a href=\"http:\/\/www.autoentrada.com\"><strong>www.autoentrada.com<\/strong><\/a><\/p>\n<p>&nbsp;<\/p>\n","protected":false},"excerpt":{"rendered":"<p>Dictado por WALTER TOURNIER y LAURA SEVERI (TOURNIER ANIMATION http:\/\/www.tournieranimation.com\/) &nbsp; Jueves 10 de octubre de 9 a 13 hs y Viernes 11 de octubre\u00a0 de 9 a 13 hs. [&hellip;]<\/p>\n","protected":false},"author":1,"featured_media":0,"parent":0,"menu_order":0,"comment_status":"closed","ping_status":"closed","template":"","meta":{"footnotes":""},"class_list":["post-823","page","type-page","status-publish","hentry"],"_links":{"self":[{"href":"http:\/\/www.animafestival.com.ar\/2015\/wp-json\/wp\/v2\/pages\/823","targetHints":{"allow":["GET"]}}],"collection":[{"href":"http:\/\/www.animafestival.com.ar\/2015\/wp-json\/wp\/v2\/pages"}],"about":[{"href":"http:\/\/www.animafestival.com.ar\/2015\/wp-json\/wp\/v2\/types\/page"}],"author":[{"embeddable":true,"href":"http:\/\/www.animafestival.com.ar\/2015\/wp-json\/wp\/v2\/users\/1"}],"replies":[{"embeddable":true,"href":"http:\/\/www.animafestival.com.ar\/2015\/wp-json\/wp\/v2\/comments?post=823"}],"version-history":[{"count":6,"href":"http:\/\/www.animafestival.com.ar\/2015\/wp-json\/wp\/v2\/pages\/823\/revisions"}],"predecessor-version":[{"id":936,"href":"http:\/\/www.animafestival.com.ar\/2015\/wp-json\/wp\/v2\/pages\/823\/revisions\/936"}],"wp:attachment":[{"href":"http:\/\/www.animafestival.com.ar\/2015\/wp-json\/wp\/v2\/media?parent=823"}],"curies":[{"name":"wp","href":"https:\/\/api.w.org\/{rel}","templated":true}]}}

Taller: Diseño de Personajes y Objetos para Stop Motion

<p><strong>Dictado por WALTER TOURNIER y</strong> <b>LAURA SEVERI </b>(TOURNIER ANIMATION http://www.tournieranimation.com/)</p>
<p>&nbsp;</p>
<p><b>Jueves 10 de octubre de 9 a 13 hs y Viernes 11 de octubre  de 9 a 13 hs.</b></p>
<p><b>Lugar:</b> <strong>Centro Cultural España Córdoba</strong> (Entre Ríos 40 – Córdoba)</p>
<p>&nbsp;</p>
<p><strong>Contenidos y Actividades a desarrollar:</strong></p>
<p>La narración en animación Stop Motion:</p>
<ul>
<li>Viaje al detrás de cámara de “Selkirk”: Análisis y desglose de la problemática específica del  movimiento, diseño de personajes y su construcción en un ejemplo concreto.</li>
<li>Análisis del guión o story board de cada participante.</li>
<li>Decisiones según necesidades: Muñeco completo y Primeros planos</li>
<li>Lipsync</li>
</ul>
<p>Construcción de personajes:</p>
<ul>
<li>Diseño de estructuras de personajes: Proporciones (escalas) – Paper sheet (modelo en papel).</li>
<li>Estructuras articuladas: diversos tipos de esqueletos básicos. Materiales. Construcción de piezas, articulaciones y ensamble.</li>
<li>Armado básico de muñecos según paper sheet: esqueleto y Materiales (goma espuma,  watta, parsec, porcelana fría, telgopor, cuentas para los ojos, plastilina etc.)</li>
<li>Recursos alternativos.</li>
</ul>
<p>&nbsp;</p>
<p><a href="http://www.animafestival.com.ar/2013/files/2013/09/tournier.jpg"><img fetchpriority="high" decoding="async" class="size-medium wp-image-872 alignleft" alt="tournier" src="http://www.animafestival.com.ar/2013/files/2013/09/tournier-289x300.jpg" width="358" height="371" srcset="http://www.animafestival.com.ar/2015/files/2013/09/tournier-289x300.jpg 289w, http://www.animafestival.com.ar/2015/files/2013/09/tournier.jpg 480w" sizes="(max-width: 358px) 100vw, 358px" /></a><i><strong>Arancel:</strong> $400.-  (Con certificación)</i></p>
<p>&nbsp;</p>
<p dir="ltr"><strong>Por dudas o para mayor información sobre éstas actividades escribir a: <strong>acredit@animafestival.com.ar </strong></strong></p>
<p dir="ltr"><strong> </strong></p>
<p dir="ltr"><strong>Inscripciones</strong> en <a href="http://www.autoentrada.com"><strong>www.autoentrada.com</strong></a></p>
<p>&nbsp;</p>
