{"id":825,"date":"2013-09-30T11:56:52","date_gmt":"2013-09-30T14:56:52","guid":{"rendered":"http:\/\/www.animafestival.com.ar\/2013\/?page_id=825"},"modified":"2021-12-06T14:46:32","modified_gmt":"2021-12-06T17:46:32","slug":"animacion-3d-con-software-libre","status":"publish","type":"page","link":"http:\/\/www.animafestival.com.ar\/2015\/animacion-3d-con-software-libre\/","title":{"rendered":"Taller: Animaci\u00f3n 3D con software libre"},"content":{"rendered":"<p><b>Dictado por <strong>MART\u00cdN ESCH\u00d3YEZ <\/strong><\/b><\/p>\n<p>&nbsp;<\/p>\n<p><b>S\u00e1<\/b><b>bado 12 de\u00a0 Oct<\/b><b>ubre de 10 a 17hs.<\/b><\/p>\n<p><b>Lugar: Centro CulturalEspa\u00f1a C\u00f3rdoba <\/b>(Entre R\u00edos 40 \u2013 C\u00f3rdoba)<b><br \/>\n<\/b><\/p>\n<p>&nbsp;<\/p>\n<p><strong>Objetivos:<\/strong><\/p>\n<ul>\n<li>Difundir la filosof\u00eda que promueve el uso de Software Libre<\/li>\n<li>Orientar en el conocimiento de la herramienta y sus posibilidades.<\/li>\n<li>Comprensi\u00f3n de los fundamentos de la animaci\u00f3n de personajes, y su aplicaci\u00f3n en el software.<\/li>\n<li>Experimentar pr\u00e1cticamente la creaci\u00f3n de ejercicios concretos que plasmen los contenidos.<\/li>\n<\/ul>\n<p>&nbsp;<\/p>\n<p><b>Contenidos: <\/b><\/p>\n<ul>\n<li><strong>Interfaz de usuario: <\/strong>Ventanas y configuraci\u00f3n &#8211; Manejo de Archivos &#8211; Viewports &#8211; Vista 3D &#8211; Transformaciones<\/li>\n<li><strong>Modelado: <\/strong>Edici\u00f3n de Mallas &#8211; Modificadores<\/li>\n<li><strong>Rigging: <\/strong>Bases y conceptos b\u00e1sicos &#8211; Deformaci\u00f3n de mallas \/ shape keys \/ armatures &#8211;<\/li>\n<li><strong>Animaci\u00f3n: <\/strong>Bases y conceptos b\u00e1sicos &#8211; Los principios de la animaci\u00f3n de personajes &#8211; Keyframes &#8211; Curvas y Dope Sheet &#8211; Action Editor<\/li>\n<li><strong>Render: <\/strong>Motores de render: conceptos b\u00e1sicos &#8211; Blender internal &#8211; Cycles &#8211; Frestyle<\/li>\n<\/ul>\n<p>&nbsp;<\/p>\n<p><strong>Requisitos:<\/strong><\/p>\n<p>&#8211; Computadora personal<\/p>\n<p>&#8211; Mouse preferentemente con 3 botones y teclado num\u00e9rico (no es excluyente pero es m\u00e1s c\u00f3modo)<\/p>\n<p>&#8211; Tener instalado Blender (puede descargarse gratuitamente de <b>www.blender.org.ar<\/b>)<\/p>\n<p>&nbsp;<\/p>\n<p dir=\"ltr\"><a href=\"http:\/\/www.animafestival.com.ar\/2013\/files\/2013\/09\/martin-eschoyez.jpg\"><img fetchpriority=\"high\" decoding=\"async\" class=\"wp-image-849 alignleft\" alt=\"martin eschoyez\" src=\"http:\/\/www.animafestival.com.ar\/2013\/files\/2013\/09\/martin-eschoyez-289x300.jpg\" width=\"391\" height=\"405\" srcset=\"http:\/\/www.animafestival.com.ar\/2015\/files\/2013\/09\/martin-eschoyez-289x300.jpg 289w, http:\/\/www.animafestival.com.ar\/2015\/files\/2013\/09\/martin-eschoyez.jpg 480w\" sizes=\"(max-width: 391px) 100vw, 391px\" \/><\/a><strong><\/strong><\/p>\n<p dir=\"ltr\"><strong>Arancel:<\/strong> <i>Sin costo (Sin certificaci\u00f3n) \/ $150.- (Con certificaci\u00f3n de asistencia)<\/i><\/p>\n<p dir=\"ltr\">\n<p dir=\"ltr\">Por dudas o para mayor informaci\u00f3n sobre \u00e9stas actividades escribir a: <strong>acredit@animafestival.com.ar<br \/>\n<\/strong><\/p>\n<p dir=\"ltr\"><strong>Inscripciones<\/strong> en <a href=\"http:\/\/www.autoentrada.com\"><strong>www.autoentrada.com<\/strong><\/a><\/p>\n<p>&nbsp;<\/p>\n<p>&nbsp;<\/p>\n","protected":false},"excerpt":{"rendered":"<p>Dictado por MART\u00cdN ESCH\u00d3YEZ &nbsp; S\u00e1bado 12 de\u00a0 Octubre de 10 a 17hs. Lugar: Centro CulturalEspa\u00f1a C\u00f3rdoba (Entre R\u00edos 40 \u2013 C\u00f3rdoba) &nbsp; Objetivos: Difundir la filosof\u00eda que promueve el [&hellip;]<\/p>\n","protected":false},"author":1,"featured_media":0,"parent":0,"menu_order":0,"comment_status":"closed","ping_status":"closed","template":"","meta":{"footnotes":""},"class_list":["post-825","page","type-page","status-publish","hentry"],"_links":{"self":[{"href":"http:\/\/www.animafestival.com.ar\/2015\/wp-json\/wp\/v2\/pages\/825","targetHints":{"allow":["GET"]}}],"collection":[{"href":"http:\/\/www.animafestival.com.ar\/2015\/wp-json\/wp\/v2\/pages"}],"about":[{"href":"http:\/\/www.animafestival.com.ar\/2015\/wp-json\/wp\/v2\/types\/page"}],"author":[{"embeddable":true,"href":"http:\/\/www.animafestival.com.ar\/2015\/wp-json\/wp\/v2\/users\/1"}],"replies":[{"embeddable":true,"href":"http:\/\/www.animafestival.com.ar\/2015\/wp-json\/wp\/v2\/comments?post=825"}],"version-history":[{"count":11,"href":"http:\/\/www.animafestival.com.ar\/2015\/wp-json\/wp\/v2\/pages\/825\/revisions"}],"predecessor-version":[{"id":932,"href":"http:\/\/www.animafestival.com.ar\/2015\/wp-json\/wp\/v2\/pages\/825\/revisions\/932"}],"wp:attachment":[{"href":"http:\/\/www.animafestival.com.ar\/2015\/wp-json\/wp\/v2\/media?parent=825"}],"curies":[{"name":"wp","href":"https:\/\/api.w.org\/{rel}","templated":true}]}}