{"id":830,"date":"2013-09-30T11:58:01","date_gmt":"2013-09-30T14:58:01","guid":{"rendered":"http:\/\/www.animafestival.com.ar\/2013\/?page_id=830"},"modified":"2021-12-06T14:50:59","modified_gmt":"2021-12-06T17:50:59","slug":"charla-del-amateur-al-profesional","status":"publish","type":"page","link":"http:\/\/www.animafestival.com.ar\/2015\/charla-del-amateur-al-profesional\/","title":{"rendered":"Charla: Del amateur al profesional"},"content":{"rendered":"<p><strong>dictada por LEO BELTR\u00c1N y CECILIA TORO <\/strong>(PLASTIVIDA http:\/\/plastivida.cl\/)<strong><br \/>\n<\/strong><\/p>\n<p>&nbsp;<\/p>\n<p><strong>S\u00e1bado 12 de octubre, de 10 a 11.30 Hs.<br \/>\n<\/strong><\/p>\n<p><strong>Lugar: CePIA <\/strong>(Av. Medina Allende s\/n \u2013 Ciudad Universitaria \u2013 C\u00f3rdoba)<\/p>\n<p>&nbsp;<\/p>\n<p><strong>Fundamentaci\u00f3n:<\/strong><\/p>\n<p>Hace unos a\u00f1os hubo un cambio en el desarrollo de la animaci\u00f3n en Chile; la aparici\u00f3n de series de tv y web, participaci\u00f3n y presencia en festivales, nuevas escuelas de animaci\u00f3n y productoras, un festival propio con invitados internacionales y expectaci\u00f3n desde el extranjero, inexistentes antes del a\u00f1o 2000.<\/p>\n<p>Todos los ejemplos de \u00e9xito en este movimiento, tienen un lugar en com\u00fan: la optimizaci\u00f3n creativa de los recursos.<\/p>\n<p>Como actores relevantes de este proceso, los relatores de la charla repasar\u00e1n este lugar com\u00fan y analizar\u00e1n desde su propia experiencia, de direcci\u00f3n y arte, la evoluci\u00f3n de hacer dibujos animados como hobby hasta convertirse en profesional.<\/p>\n<p>Con el foco en la optimizaci\u00f3n, pero sobre todo con el desarrollo de propuestas frescas y renovadas, se expondr\u00e1 con ejemplos en qu\u00e9 parte de la producci\u00f3n se puso \u00e9nfasis y d\u00f3nde no, en b\u00fasqueda de la efectividad.<\/p>\n<p>&nbsp;<\/p>\n<p><a href=\"http:\/\/www.animafestival.com.ar\/2013\/files\/2013\/09\/chile.jpg\"><img fetchpriority=\"high\" decoding=\"async\" class=\"size-medium wp-image-868 alignleft\" alt=\"chile\" src=\"http:\/\/www.animafestival.com.ar\/2013\/files\/2013\/09\/chile-289x300.jpg\" width=\"375\" height=\"389\" srcset=\"http:\/\/www.animafestival.com.ar\/2015\/files\/2013\/09\/chile-289x300.jpg 289w, http:\/\/www.animafestival.com.ar\/2015\/files\/2013\/09\/chile.jpg 480w\" sizes=\"(max-width: 375px) 100vw, 375px\" \/><\/a><\/p>\n<p><i><strong>Arancel:<\/strong> charla abierta y gratuita<br \/>\n<\/i><\/p>\n<p>&nbsp;<\/p>\n<p dir=\"ltr\"><strong>Por dudas o para mayor informaci\u00f3n sobre \u00e9stas actividades escribir a: <strong>acredit@animafestival.com.ar <\/strong>\u00a0<\/strong><\/p>\n<p dir=\"ltr\">\n<p><strong>Inscripciones<\/strong> en <a href=\"http:\/\/www.autoentrada.com\"><strong>www.autoentrada.com<\/strong><\/a><\/p>\n","protected":false},"excerpt":{"rendered":"<p>dictada por LEO BELTR\u00c1N y CECILIA TORO (PLASTIVIDA http:\/\/plastivida.cl\/) &nbsp; S\u00e1bado 12 de octubre, de 10 a 11.30 Hs. Lugar: CePIA (Av. Medina Allende s\/n \u2013 Ciudad Universitaria \u2013 C\u00f3rdoba) [&hellip;]<\/p>\n","protected":false},"author":1,"featured_media":0,"parent":0,"menu_order":0,"comment_status":"closed","ping_status":"closed","template":"","meta":{"footnotes":""},"class_list":["post-830","page","type-page","status-publish","hentry"],"_links":{"self":[{"href":"http:\/\/www.animafestival.com.ar\/2015\/wp-json\/wp\/v2\/pages\/830","targetHints":{"allow":["GET"]}}],"collection":[{"href":"http:\/\/www.animafestival.com.ar\/2015\/wp-json\/wp\/v2\/pages"}],"about":[{"href":"http:\/\/www.animafestival.com.ar\/2015\/wp-json\/wp\/v2\/types\/page"}],"author":[{"embeddable":true,"href":"http:\/\/www.animafestival.com.ar\/2015\/wp-json\/wp\/v2\/users\/1"}],"replies":[{"embeddable":true,"href":"http:\/\/www.animafestival.com.ar\/2015\/wp-json\/wp\/v2\/comments?post=830"}],"version-history":[{"count":6,"href":"http:\/\/www.animafestival.com.ar\/2015\/wp-json\/wp\/v2\/pages\/830\/revisions"}],"predecessor-version":[{"id":935,"href":"http:\/\/www.animafestival.com.ar\/2015\/wp-json\/wp\/v2\/pages\/830\/revisions\/935"}],"wp:attachment":[{"href":"http:\/\/www.animafestival.com.ar\/2015\/wp-json\/wp\/v2\/media?parent=830"}],"curies":[{"name":"wp","href":"https:\/\/api.w.org\/{rel}","templated":true}]}}

<p><strong>dictada por LEO BELTRÁN y CECILIA TORO </strong>(PLASTIVIDA http://plastivida.cl/)<strong><br />
</strong></p>
<p>&nbsp;</p>
<p><strong>Sábado 12 de octubre, de 10 a 11.30 Hs.<br />
</strong></p>
<p><strong>Lugar: CePIA </strong>(Av. Medina Allende s/n – Ciudad Universitaria – Córdoba)</p>
<p>&nbsp;</p>
<p><strong>Fundamentación:</strong></p>
<p>Hace unos años hubo un cambio en el desarrollo de la animación en Chile; la aparición de series de tv y web, participación y presencia en festivales, nuevas escuelas de animación y productoras, un festival propio con invitados internacionales y expectación desde el extranjero, inexistentes antes del año 2000.</p>
<p>Todos los ejemplos de éxito en este movimiento, tienen un lugar en común: la optimización creativa de los recursos.</p>
<p>Como actores relevantes de este proceso, los relatores de la charla repasarán este lugar común y analizarán desde su propia experiencia, de dirección y arte, la evolución de hacer dibujos animados como hobby hasta convertirse en profesional.</p>
<p>Con el foco en la optimización, pero sobre todo con el desarrollo de propuestas frescas y renovadas, se expondrá con ejemplos en qué parte de la producción se puso énfasis y dónde no, en búsqueda de la efectividad.</p>
<p>&nbsp;</p>
<p><a href="http://www.animafestival.com.ar/2013/files/2013/09/chile.jpg"><img fetchpriority="high" decoding="async" class="size-medium wp-image-868 alignleft" alt="chile" src="http://www.animafestival.com.ar/2013/files/2013/09/chile-289x300.jpg" width="375" height="389" srcset="http://www.animafestival.com.ar/2015/files/2013/09/chile-289x300.jpg 289w, http://www.animafestival.com.ar/2015/files/2013/09/chile.jpg 480w" sizes="(max-width: 375px) 100vw, 375px" /></a></p>
<p><i><strong>Arancel:</strong> charla abierta y gratuita<br />
</i></p>
<p>&nbsp;</p>
<p dir="ltr"><strong>Por dudas o para mayor información sobre éstas actividades escribir a: <strong>acredit@animafestival.com.ar </strong> </strong></p>
<p dir="ltr">
<p><strong>Inscripciones</strong> en <a href="http://www.autoentrada.com"><strong>www.autoentrada.com</strong></a></p>

<p>dictada por LEO BELTRÁN y CECILIA TORO (PLASTIVIDA http://plastivida.cl/) &nbsp; Sábado 12 de octubre, de 10 a 11.30 Hs. Lugar: CePIA (Av. Medina Allende s/n – Ciudad Universitaria – Córdoba) [&hellip;]</p>
