{"id":965,"date":"2013-10-01T00:18:04","date_gmt":"2013-10-01T03:18:04","guid":{"rendered":"http:\/\/www.animafestival.com.ar\/2013\/?page_id=965"},"modified":"2021-12-06T14:54:34","modified_gmt":"2021-12-06T17:54:34","slug":"presentacion-revista-moushon","status":"publish","type":"page","link":"http:\/\/www.animafestival.com.ar\/2015\/presentacion-revista-moushon\/","title":{"rendered":"Presentaci\u00f3n: Revista MOUSHON!"},"content":{"rendered":"<div><strong>Presentada por Federico Moreno Breser (Director), Santiago Van Dam (Editor)<\/strong><\/div>\n<div><strong>Viernes 11 de Octubre 12.30hs. Sal\u00f3n de Actos, Pabell\u00f3n Argentina<\/strong><\/div>\n<div><\/div>\n<div><\/div>\n<div><span style=\"text-decoration: underline\">Presentaci\u00f3n\u00a0Revista\u00a0Moushon!<\/span><\/div>\n<p>Introducci\u00f3n a la\u00a0revista\u00a0Moushon!. Punto de partida de la\u00a0revista, staff y objetivos. Lanzamiento, trayectoria hasta la actualidad. Breve rese\u00f1a de los n\u00fameros lanzados, las secciones habituales y art\u00edculos.<br \/>\n<i>Proyecci\u00f3n en video de tapas de la\u00a0revista, fotograf\u00edas y art\u00edculos interiores.<\/i><\/p>\n<div><\/div>\n<div><span style=\"text-decoration: underline\">Proyecci\u00f3n<\/span><span style=\"text-decoration: underline\">\u00a0selecci\u00f3n federal<\/span><\/div>\n<p>Moushon! trae proyectos de animaci\u00f3n de todo el pa\u00eds para el p\u00fablico de ANIMA C\u00f3rdoba. Curador\u00eda\u00a0Moushon!, seleccionamos 6 proyectos de animaci\u00f3n de los rincones de la Argentina, para aportar y darles visibilidad en el festival, aunque sus productores no puedan concurrir personalmente.<br \/>\n<i>Proyecci\u00f3n de 6 proyectos de animaci\u00f3n de distintas provincias del pa\u00eds.<\/i><\/p>\n<p><a href=\"http:\/\/www.animafestival.com.ar\/2013\/files\/2013\/10\/logo-moushon-alta-01.jpg\"><img decoding=\"async\" class=\"alignnone size-medium wp-image-1039\" alt=\"logo moushon! alta-01\" src=\"http:\/\/www.animafestival.com.ar\/2013\/files\/2013\/10\/logo-moushon-alta-01-300x84.jpg\" width=\"300\" height=\"84\" srcset=\"http:\/\/www.animafestival.com.ar\/2015\/files\/2013\/10\/logo-moushon-alta-01-300x84.jpg 300w, http:\/\/www.animafestival.com.ar\/2015\/files\/2013\/10\/logo-moushon-alta-01-1024x288.jpg 1024w\" sizes=\"(max-width: 300px) 100vw, 300px\" \/><\/a><\/p>\n<p>&nbsp;<\/p>\n","protected":false},"excerpt":{"rendered":"<p>Presentada por Federico Moreno Breser (Director), Santiago Van Dam (Editor) Viernes 11 de Octubre 12.30hs. Sal\u00f3n de Actos, Pabell\u00f3n Argentina Presentaci\u00f3n\u00a0Revista\u00a0Moushon! Introducci\u00f3n a la\u00a0revista\u00a0Moushon!. Punto de partida de la\u00a0revista, staff [&hellip;]<\/p>\n","protected":false},"author":1,"featured_media":0,"parent":0,"menu_order":0,"comment_status":"closed","ping_status":"closed","template":"","meta":{"footnotes":""},"class_list":["post-965","page","type-page","status-publish","hentry"],"_links":{"self":[{"href":"http:\/\/www.animafestival.com.ar\/2015\/wp-json\/wp\/v2\/pages\/965","targetHints":{"allow":["GET"]}}],"collection":[{"href":"http:\/\/www.animafestival.com.ar\/2015\/wp-json\/wp\/v2\/pages"}],"about":[{"href":"http:\/\/www.animafestival.com.ar\/2015\/wp-json\/wp\/v2\/types\/page"}],"author":[{"embeddable":true,"href":"http:\/\/www.animafestival.com.ar\/2015\/wp-json\/wp\/v2\/users\/1"}],"replies":[{"embeddable":true,"href":"http:\/\/www.animafestival.com.ar\/2015\/wp-json\/wp\/v2\/comments?post=965"}],"version-history":[{"count":5,"href":"http:\/\/www.animafestival.com.ar\/2015\/wp-json\/wp\/v2\/pages\/965\/revisions"}],"predecessor-version":[{"id":1122,"href":"http:\/\/www.animafestival.com.ar\/2015\/wp-json\/wp\/v2\/pages\/965\/revisions\/1122"}],"wp:attachment":[{"href":"http:\/\/www.animafestival.com.ar\/2015\/wp-json\/wp\/v2\/media?parent=965"}],"curies":[{"name":"wp","href":"https:\/\/api.w.org\/{rel}","templated":true}]}}

Presentación: Revista MOUSHON!

<div><strong>Presentada por Federico Moreno Breser (Director), Santiago Van Dam (Editor)</strong></div>
<div><strong>Viernes 11 de Octubre 12.30hs. Salón de Actos, Pabellón Argentina</strong></div>
<div></div>
<div></div>
<div><span style="text-decoration: underline">Presentación Revista Moushon!</span></div>
<p>Introducción a la revista Moushon!. Punto de partida de la revista, staff y objetivos. Lanzamiento, trayectoria hasta la actualidad. Breve reseña de los números lanzados, las secciones habituales y artículos.<br />
<i>Proyección en video de tapas de la revista, fotografías y artículos interiores.</i></p>
<div></div>
<div><span style="text-decoration: underline">Proyección</span><span style="text-decoration: underline"> selección federal</span></div>
<p>Moushon! trae proyectos de animación de todo el país para el público de ANIMA Córdoba. Curadoría Moushon!, seleccionamos 6 proyectos de animación de los rincones de la Argentina, para aportar y darles visibilidad en el festival, aunque sus productores no puedan concurrir personalmente.<br />
<i>Proyección de 6 proyectos de animación de distintas provincias del país.</i></p>
<p><a href="http://www.animafestival.com.ar/2013/files/2013/10/logo-moushon-alta-01.jpg"><img decoding="async" class="alignnone size-medium wp-image-1039" alt="logo moushon! alta-01" src="http://www.animafestival.com.ar/2013/files/2013/10/logo-moushon-alta-01-300x84.jpg" width="300" height="84" srcset="http://www.animafestival.com.ar/2015/files/2013/10/logo-moushon-alta-01-300x84.jpg 300w, http://www.animafestival.com.ar/2015/files/2013/10/logo-moushon-alta-01-1024x288.jpg 1024w" sizes="(max-width: 300px) 100vw, 300px" /></a></p>
<p>&nbsp;</p>

<p>Presentada por Federico Moreno Breser (Director), Santiago Van Dam (Editor) Viernes 11 de Octubre 12.30hs. Salón de Actos, Pabellón Argentina Presentación Revista Moushon! Introducción a la revista Moushon!. Punto de partida de la revista, staff [&hellip;]</p>
