{"id":967,"date":"2013-10-01T00:19:13","date_gmt":"2013-10-01T03:19:13","guid":{"rendered":"http:\/\/www.animafestival.com.ar\/2013\/?page_id=967"},"modified":"2021-12-06T14:54:42","modified_gmt":"2021-12-06T17:54:42","slug":"presentaciones-especiales-con-programa-derecho-a-la-cultura","status":"publish","type":"page","link":"http:\/\/www.animafestival.com.ar\/2015\/presentaciones-especiales-con-programa-derecho-a-la-cultura\/","title":{"rendered":"Presentaciones especiales con Programa Derecho a la Cultura"},"content":{"rendered":"<h1><strong>Animaciones para ni\u00f1os que no quieren dormir la siesta<\/strong><\/h1>\n<p>Presentaci\u00f3n coorganizada por ANIMA, Festival Internacional de Animaci\u00f3n de C\u00f3rdoba, Programa Derecho a la Cultura y Cine Club UNC<\/p>\n<p><strong>Viernes 4 de octubre &#8211; Club Atl\u00e9tico Belgrano (Arturo Orgaz 500. B\u00ba Alberdi) &#8211; 19.30 hs<\/strong><br \/>\n<strong> Domingo 6 de octubre &#8211; Cocina de Culturas (Julio A. Roca 491 \/ 493. B\u00ba Bella Vista) &#8211; 18.00 hs<\/strong><\/p>\n<p>Estas instancias se encuentran en el marco de los esfuerzos que viene desarrollando la UNC por el pleno ejercicio de las leyes de Protecci\u00f3n Integral de los derechos de ni\u00f1os, ni\u00f1as y adolescentes (Ley 26.061) y la Ley de Servicios de Comunicaci\u00f3n Audiovisual (Ley 26.522).<\/p>\n<p>Co-organizan:<br \/>\nClub Atl\u00e9tico Belgrano<br \/>\nBiblioteca CAB<br \/>\nCocina de culturas \u2013 Centro de Expresi\u00f3n<\/p>\n","protected":false},"excerpt":{"rendered":"<p>Animaciones para ni\u00f1os que no quieren dormir la siesta Presentaci\u00f3n coorganizada por ANIMA, Festival Internacional de Animaci\u00f3n de C\u00f3rdoba, Programa Derecho a la Cultura y Cine Club UNC Viernes 4 [&hellip;]<\/p>\n","protected":false},"author":1,"featured_media":0,"parent":0,"menu_order":0,"comment_status":"closed","ping_status":"closed","template":"","meta":{"footnotes":""},"class_list":["post-967","page","type-page","status-publish","hentry"],"_links":{"self":[{"href":"http:\/\/www.animafestival.com.ar\/2015\/wp-json\/wp\/v2\/pages\/967","targetHints":{"allow":["GET"]}}],"collection":[{"href":"http:\/\/www.animafestival.com.ar\/2015\/wp-json\/wp\/v2\/pages"}],"about":[{"href":"http:\/\/www.animafestival.com.ar\/2015\/wp-json\/wp\/v2\/types\/page"}],"author":[{"embeddable":true,"href":"http:\/\/www.animafestival.com.ar\/2015\/wp-json\/wp\/v2\/users\/1"}],"replies":[{"embeddable":true,"href":"http:\/\/www.animafestival.com.ar\/2015\/wp-json\/wp\/v2\/comments?post=967"}],"version-history":[{"count":2,"href":"http:\/\/www.animafestival.com.ar\/2015\/wp-json\/wp\/v2\/pages\/967\/revisions"}],"predecessor-version":[{"id":969,"href":"http:\/\/www.animafestival.com.ar\/2015\/wp-json\/wp\/v2\/pages\/967\/revisions\/969"}],"wp:attachment":[{"href":"http:\/\/www.animafestival.com.ar\/2015\/wp-json\/wp\/v2\/media?parent=967"}],"curies":[{"name":"wp","href":"https:\/\/api.w.org\/{rel}","templated":true}]}}

<h1><strong>Animaciones para niños que no quieren dormir la siesta</strong></h1>
<p>Presentación coorganizada por ANIMA, Festival Internacional de Animación de Córdoba, Programa Derecho a la Cultura y Cine Club UNC</p>
<p><strong>Viernes 4 de octubre &#8211; Club Atlético Belgrano (Arturo Orgaz 500. Bº Alberdi) &#8211; 19.30 hs</strong><br />
<strong> Domingo 6 de octubre &#8211; Cocina de Culturas (Julio A. Roca 491 / 493. Bº Bella Vista) &#8211; 18.00 hs</strong></p>
<p>Estas instancias se encuentran en el marco de los esfuerzos que viene desarrollando la UNC por el pleno ejercicio de las leyes de Protección Integral de los derechos de niños, niñas y adolescentes (Ley 26.061) y la Ley de Servicios de Comunicación Audiovisual (Ley 26.522).</p>
<p>Co-organizan:<br />
Club Atlético Belgrano<br />
Biblioteca CAB<br />
Cocina de culturas – Centro de Expresión</p>

<p>Animaciones para niños que no quieren dormir la siesta Presentación coorganizada por ANIMA, Festival Internacional de Animación de Córdoba, Programa Derecho a la Cultura y Cine Club UNC Viernes 4 [&hellip;]</p>
