{"id":970,"date":"2013-10-01T00:19:50","date_gmt":"2013-10-01T03:19:50","guid":{"rendered":"http:\/\/www.animafestival.com.ar\/2013\/?page_id=970"},"modified":"2021-12-06T14:54:38","modified_gmt":"2021-12-06T17:54:38","slug":"presentacion-series-incaa","status":"publish","type":"page","link":"http:\/\/www.animafestival.com.ar\/2015\/presentacion-series-incaa\/","title":{"rendered":"Presentaci\u00f3n: Series INCAA"},"content":{"rendered":"<p><strong>Series de Animaci\u00f3n Federales<\/strong><\/p>\n<p>Charla sobre las pol\u00edticas impulsadas por el INCAA orientadas al fomento de la producci\u00f3n de contenidos audiovisuales en materia de animaci\u00f3n para la nueva Televisi\u00f3n Digital Abierta. Se abordar\u00e1 la importancia de la implementaci\u00f3n de la Ley de Servicios de Comunicaci\u00f3n Audiovisual y sus beneficios. Nuevas plataformas. El audiovisual considerado como una industria productiva. Federalizaci\u00f3n de la producci\u00f3n audiovisual. La incorporaci\u00f3n de concursos destinados a la producci\u00f3n de contenidos de animaci\u00f3n para comercializar en mercados internacionales.<br \/>\nAdem\u00e1s, realizaran una avant premiere con las 5 series ganadoras de los concursos de Animaci\u00f3n Edici\u00f3n 2012 , entre ellas \u00abAnt\u00f3n\u00bb, \u00abG\u00fciro y el gran tesoro comeching\u00f3n\u00bb, \u00abLeyendas a contraluz\u00bb y \u00abLos tres sargentos\u00bb.<\/p>\n<p>&nbsp;<\/p>\n<p><strong>Disertantes&gt;<\/strong><\/p>\n<p>Camila Rocha<br \/>\nCoordinadora General \u00c1rea Contenidos\u00a0TV Digital.<\/p>\n<p>Ing. Luis Diez<br \/>\nCoordinador &#8211; Gerencia de Fomento a la Producci\u00f3n de Contenidos para TV, Internet y Videojuegos.<\/p>\n","protected":false},"excerpt":{"rendered":"<p>Series de Animaci\u00f3n Federales Charla sobre las pol\u00edticas impulsadas por el INCAA orientadas al fomento de la producci\u00f3n de contenidos audiovisuales en materia de animaci\u00f3n para la nueva Televisi\u00f3n Digital [&hellip;]<\/p>\n","protected":false},"author":1,"featured_media":0,"parent":0,"menu_order":0,"comment_status":"closed","ping_status":"closed","template":"","meta":{"footnotes":""},"class_list":["post-970","page","type-page","status-publish","hentry"],"_links":{"self":[{"href":"http:\/\/www.animafestival.com.ar\/2015\/wp-json\/wp\/v2\/pages\/970","targetHints":{"allow":["GET"]}}],"collection":[{"href":"http:\/\/www.animafestival.com.ar\/2015\/wp-json\/wp\/v2\/pages"}],"about":[{"href":"http:\/\/www.animafestival.com.ar\/2015\/wp-json\/wp\/v2\/types\/page"}],"author":[{"embeddable":true,"href":"http:\/\/www.animafestival.com.ar\/2015\/wp-json\/wp\/v2\/users\/1"}],"replies":[{"embeddable":true,"href":"http:\/\/www.animafestival.com.ar\/2015\/wp-json\/wp\/v2\/comments?post=970"}],"version-history":[{"count":4,"href":"http:\/\/www.animafestival.com.ar\/2015\/wp-json\/wp\/v2\/pages\/970\/revisions"}],"predecessor-version":[{"id":1082,"href":"http:\/\/www.animafestival.com.ar\/2015\/wp-json\/wp\/v2\/pages\/970\/revisions\/1082"}],"wp:attachment":[{"href":"http:\/\/www.animafestival.com.ar\/2015\/wp-json\/wp\/v2\/media?parent=970"}],"curies":[{"name":"wp","href":"https:\/\/api.w.org\/{rel}","templated":true}]}}