{"id":1043,"date":"2019-09-07T11:07:29","date_gmt":"2019-09-07T14:07:29","guid":{"rendered":"http:\/\/www.animafestival.com.ar\/2019\/?page_id=1043"},"modified":"2019-09-07T13:58:39","modified_gmt":"2019-09-07T16:58:39","slug":"2019-taller-creando-personajes-3d-desde-cero-con-software-libre","status":"publish","type":"page","link":"https:\/\/www.animafestival.com.ar\/current\/2019-taller-creando-personajes-3d-desde-cero-con-software-libre\/","title":{"rendered":"Taller: Creando personajes 3D desde cero con software libre"},"content":{"rendered":"\n<figure class=\"wp-block-image\"><img fetchpriority=\"high\" decoding=\"async\" width=\"960\" height=\"960\" src=\"http:\/\/www.animafestival.com.ar\/2019\/files\/2019\/09\/T-Taller-1-Eschoyez.jpg\" alt=\"\" class=\"wp-image-1044\" srcset=\"https:\/\/www.animafestival.com.ar\/current\/files\/2019\/09\/T-Taller-1-Eschoyez.jpg 960w, https:\/\/www.animafestival.com.ar\/current\/files\/2019\/09\/T-Taller-1-Eschoyez-150x150.jpg 150w, https:\/\/www.animafestival.com.ar\/current\/files\/2019\/09\/T-Taller-1-Eschoyez-300x300.jpg 300w, https:\/\/www.animafestival.com.ar\/current\/files\/2019\/09\/T-Taller-1-Eschoyez-768x768.jpg 768w, https:\/\/www.animafestival.com.ar\/current\/files\/2019\/09\/T-Taller-1-Eschoyez-400x400.jpg 400w, https:\/\/www.animafestival.com.ar\/current\/files\/2019\/09\/T-Taller-1-Eschoyez-100x100.jpg 100w\" sizes=\"(max-width: 960px) 100vw, 960px\" \/><\/figure>\n\n\n\n<p style=\"text-align:left\"><strong>Mart\u00edn Eschoyez (C\u00f3rdoba, Argentina)<\/strong><\/p>\n\n\n\n<p style=\"text-align:center\"><strong>This workshop will be conducted in Spanish<\/strong><\/p>\n\n\n\n<p> Espacio en que se desarrollar\u00e1: <a href=\"https:\/\/goo.gl\/maps\/7esr2iTQ2UcYSuxM9\" target=\"_blank\" rel=\"noreferrer noopener\" aria-label=\"Bater\u00eda de Aulas Comunes D (D2) Av. Valpara\u00edso s\/n. Ciudad Universitaria (abre en una nueva pesta\u00f1a)\">Bater\u00eda de Aulas Comunes D (D2) Av. Valpara\u00edso s\/n. Ciudad Universitaria<\/a>.<\/p>\n\n\n\n<p>D\u00edas y Horarios: 9 de octubre de 11:00 a 13:00 hs; 10 de octubre de 12:00 a 14:00 hs<\/p>\n\n\n\n<p>Total Horas: 4 hs. relojArancel: $700.- (setecientos pesos argentinos).  <\/p>\n\n\n\n<p><a rel=\"noreferrer noopener\" aria-label=\"Inscripci\u00f3n y pago (abre en una nueva pesta\u00f1a)\" href=\"http:\/\/spgi-inscripcion.psi.unc.edu.ar\/preins_con_ws\/cursos-R7213313-taller-1-creando-personajes-3d-desde-cero-con-software-libre.html'\" target=\"_blank\">Inscripci\u00f3n y pago<\/a><\/p>\n\n\n\n<p> El taller propone introducirnos en el universo de la creaci\u00f3n de personajes en tres dimensiones, desde el boceto y conceptualizaci\u00f3n, pasando por los fundamentos y t\u00f3picos b\u00e1sicos de modelado 3d, las t\u00e9cnicas de modelado poligonal para la creaci\u00f3n y edici\u00f3n de formas y vol\u00famenes, la iluminaci\u00f3n y la creaci\u00f3n y aplicaci\u00f3n de materiales, para realizar personajes que pueden ser utilizados en la animaci\u00f3n, la impresi\u00f3n 3d, el desarrollo de videojuegos, etc. Se estudiar\u00e1n conceptos, elementos y caracter\u00edsticas principales de estas t\u00e9cnicas para iniciarse en el complejo y vasto mundo de la creaci\u00f3n digital 3d, utilizando el software de licencia libre Blender.&nbsp; <\/p>\n\n\n\n<p><\/p>\n\n\n\n<p><strong>Mart\u00edn Eschoyez<\/strong><\/p>\n\n\n\n<p>Animador, Motiongrapher, Ilustrador y Dise\u00f1ador Gr\u00e1fico de formaci\u00f3n autodidacta; usuario y promotor del uso y desarrollo de software libre (F\/LOSS). Desempe\u00f1a su tarea docente en la Universidad Blas Pascal (C\u00f3rdoba), y ha dictado conferencias, talleres y charlas en diversas instituciones y eventos, entre los cuales podemos contar la Universidad de Rafaela, la Universidad Nacional de C\u00f3rdoba, el Festival Internacional de Animaci\u00f3n de C\u00f3rdoba Anima, Dibujados, Ilustr\u00f3polis, Game On, Docta Comic, San Luis Comic Con, la Escuela de Dise\u00f1o y Comunicaci\u00f3n Audiovisual La Metro, la Escuela La lumi\u00e9re y el Centro Cultural Espa\u00f1a-C\u00f3rdoba.<\/p>\n\n\n\n<p>Su obra audiovisual se expuso y ha sido galardonada en la Blender Foundation (Amsterdam), en el festival de Cine de Lavapi\u00e9s (Espa\u00f1a), en el Centro Cultural de la Ciencia (Buenos Aires), en el Museo Caraffa y en el Festival Internacional Anima (C\u00f3rdoba), entre otros. Miembro de Gr\u00e1fica Libre, comunidad de profesionales de las artes visuales que trabajan con software libre. Ha escrito y publicado libros de cuentos cortos, poes\u00eda, y humor. Guionista de la tira Humor Menstrual (FB: Humor menstrual, y editado como libro en 2014), en sociedad con el dibujante Daniel Pito Campos. Public\u00f3 \u201cTodo por Uan D\u00f3lar\u201d (2017) y \u201cTodo por ch\u00fa pesous\u201d (2018), revistas de ilustraciones de su autor\u00eda, y forma parte de la editorial independiente Buen Gusto Ediciones (FB: buengustoediciones).<\/p>\n\n\n\n<p>Adem\u00e1s realiza una l\u00ednea artesanal de Cuadernos de Artista, \u201cCartapacios\u201d (FB: Cartapacios)<\/p>\n","protected":false},"excerpt":{"rendered":"<p>Mart\u00edn Eschoyez (C\u00f3rdoba, Argentina) This workshop will be conducted in Spanish Espacio en que se desarrollar\u00e1: Bater\u00eda de Aulas Comunes D (D2) Av. Valpara\u00edso s\/n. Ciudad Universitaria. D\u00edas y Horarios: 9 de octubre de 11:00 a 13:00 hs; 10 de octubre de 12:00 a 14:00 hs Total Horas: 4 hs. relojArancel: $700.- (setecientos pesos argentinos). [&hellip;]<\/p>\n","protected":false},"author":1,"featured_media":1044,"parent":0,"menu_order":0,"comment_status":"closed","ping_status":"closed","template":"","meta":{"footnotes":""},"class_list":["post-1043","page","type-page","status-publish","has-post-thumbnail","hentry"],"_links":{"self":[{"href":"https:\/\/www.animafestival.com.ar\/current\/wp-json\/wp\/v2\/pages\/1043","targetHints":{"allow":["GET"]}}],"collection":[{"href":"https:\/\/www.animafestival.com.ar\/current\/wp-json\/wp\/v2\/pages"}],"about":[{"href":"https:\/\/www.animafestival.com.ar\/current\/wp-json\/wp\/v2\/types\/page"}],"author":[{"embeddable":true,"href":"https:\/\/www.animafestival.com.ar\/current\/wp-json\/wp\/v2\/users\/1"}],"replies":[{"embeddable":true,"href":"https:\/\/www.animafestival.com.ar\/current\/wp-json\/wp\/v2\/comments?post=1043"}],"version-history":[{"count":3,"href":"https:\/\/www.animafestival.com.ar\/current\/wp-json\/wp\/v2\/pages\/1043\/revisions"}],"predecessor-version":[{"id":1065,"href":"https:\/\/www.animafestival.com.ar\/current\/wp-json\/wp\/v2\/pages\/1043\/revisions\/1065"}],"wp:featuredmedia":[{"embeddable":true,"href":"https:\/\/www.animafestival.com.ar\/current\/wp-json\/wp\/v2\/media\/1044"}],"wp:attachment":[{"href":"https:\/\/www.animafestival.com.ar\/current\/wp-json\/wp\/v2\/media?parent=1043"}],"curies":[{"name":"wp","href":"https:\/\/api.w.org\/{rel}","templated":true}]}}