{"id":2079,"date":"2021-09-09T14:55:44","date_gmt":"2021-09-09T17:55:44","guid":{"rendered":"https:\/\/www.animafestival.com.ar\/current\/?page_id=2079"},"modified":"2021-09-15T14:12:55","modified_gmt":"2021-09-15T17:12:55","slug":"explorando-dinamicas-animacion-procedural-en-blender","status":"publish","type":"page","link":"https:\/\/www.animafestival.com.ar\/current\/explorando-dinamicas-animacion-procedural-en-blender\/","title":{"rendered":"Explorando din\u00e1micas: animaci\u00f3n procedural en Blender"},"content":{"rendered":"\t\t<div data-elementor-type=\"wp-page\" data-elementor-id=\"2079\" class=\"elementor elementor-2079\">\n\t\t\t\t\t\t<section class=\"elementor-section elementor-top-section elementor-element elementor-element-5cb7abaa elementor-section-boxed elementor-section-height-default elementor-section-height-default\" data-id=\"5cb7abaa\" data-element_type=\"section\" data-e-type=\"section\">\n\t\t\t\t\t\t<div class=\"elementor-container elementor-column-gap-default\">\n\t\t\t\t\t<div class=\"elementor-column elementor-col-100 elementor-top-column elementor-element elementor-element-33e58232\" data-id=\"33e58232\" data-element_type=\"column\" data-e-type=\"column\">\n\t\t\t<div class=\"elementor-widget-wrap elementor-element-populated\">\n\t\t\t\t\t\t<div class=\"elementor-element elementor-element-8661c51 elementor-widget elementor-widget-image\" data-id=\"8661c51\" data-element_type=\"widget\" data-e-type=\"widget\" data-widget_type=\"image.default\">\n\t\t\t\t<div class=\"elementor-widget-container\">\n\t\t\t\t\t\t\t\t\t\t\t\t\t\t\t<img fetchpriority=\"high\" decoding=\"async\" width=\"540\" height=\"540\" src=\"https:\/\/www.animafestival.com.ar\/current\/files\/2021\/09\/Taller-Eschoyez-1024x1024.jpg\" class=\"attachment-large size-large wp-image-2119\" alt=\"\" srcset=\"https:\/\/www.animafestival.com.ar\/current\/files\/2021\/09\/Taller-Eschoyez-1024x1024.jpg 1024w, https:\/\/www.animafestival.com.ar\/current\/files\/2021\/09\/Taller-Eschoyez-300x300.jpg 300w, https:\/\/www.animafestival.com.ar\/current\/files\/2021\/09\/Taller-Eschoyez-150x150.jpg 150w, https:\/\/www.animafestival.com.ar\/current\/files\/2021\/09\/Taller-Eschoyez-768x768.jpg 768w, https:\/\/www.animafestival.com.ar\/current\/files\/2021\/09\/Taller-Eschoyez-400x400.jpg 400w, https:\/\/www.animafestival.com.ar\/current\/files\/2021\/09\/Taller-Eschoyez-100x100.jpg 100w, https:\/\/www.animafestival.com.ar\/current\/files\/2021\/09\/Taller-Eschoyez.jpg 1080w\" sizes=\"(max-width: 540px) 100vw, 540px\" \/>\t\t\t\t\t\t\t\t\t\t\t\t\t\t\t<\/div>\n\t\t\t\t<\/div>\n\t\t\t\t<div class=\"elementor-element elementor-element-6f25c7c0 elementor-widget elementor-widget-text-editor\" data-id=\"6f25c7c0\" data-element_type=\"widget\" data-e-type=\"widget\" data-widget_type=\"text-editor.default\">\n\t\t\t\t<div class=\"elementor-widget-container\">\n\t\t\t\t\t\t\t\t\t<p><\/p>\n<p>Exploring dynamics: procedural animation in Blender<\/p>\n<p><\/p>\n<p><\/p>\n<p>This workshop will be conducted in Spanish<\/p>\n<p><\/p>\n<p><\/p>\n<p><strong>Tallerista:<\/strong> Mart\u00edn Eschoyez (C\u00f3rdoba, Argentina)<br><br><strong>Breve descripci\u00f3n:<\/strong> Este taller se propone conocer y experimentar las herramientas para realizar simulaciones din\u00e1micas: cuerpos r\u00edgidos, telas, fluidos, part\u00edculas y cuerpos blandos, y tambi\u00e9n explorar sus posibilidades para la realizaci\u00f3n de animaciones procedurales desde una perspectiva expresiva. Se repasar\u00e1n las t\u00e9cnicas de rendering en tiempo real, y la conformaci\u00f3n de shaders o materiales.<br><br><strong>Fechas:<\/strong> 28 y 30 de septiembre de 10 a 12 hs. (2 jornadas de 2 horas)<br><br><strong>Cupo:<\/strong> 5 a 50 personas<br><br><b>M<\/b><strong>odalidad:<\/strong> Virtual (encuentros por Google Meet, el enlace se enviar\u00e1 a les asistentes cuando culminen su proceso de inscripci\u00f3n y pago)<br><br><strong>Pre-inscribite en el siguiente enlace:<\/strong>&nbsp;<a href=\"https:\/\/docs.google.com\/forms\/d\/e\/1FAIpQLSf4pc4NLxaqAy1MR9MdL8R-F75pmgyRv5RqCGKLnhkY6xMplg\/viewform\" target=\"_blank\">FORMULARIO<\/a><br><br><strong>Requisitos:<\/strong> Computadora con Blender 2.90 instalado y celular con meet para seguir la clase online.<br><br><strong>Arancel:<\/strong> $1500 (pesos argentinos mil quinientos) &#8211; <strong>Estudiantes de la FA-UNC:<\/strong> $1200 (pesos argentinos mil doscientos)<\/p>\n<p><\/p>\t\t\t\t\t\t\t\t<\/div>\n\t\t\t\t<\/div>\n\t\t\t\t\t<\/div>\n\t\t<\/div>\n\t\t\t\t\t<\/div>\n\t\t<\/section>\n\t\t\t\t<\/div>\n\t\t","protected":false},"excerpt":{"rendered":"<p>Exploring dynamics: procedural animation in Blender This workshop will be conducted in Spanish Tallerista: Mart\u00edn Eschoyez (C\u00f3rdoba, Argentina) Breve descripci\u00f3n: Este taller se propone conocer y experimentar las herramientas para realizar simulaciones din\u00e1micas: cuerpos r\u00edgidos, telas, fluidos, part\u00edculas y cuerpos blandos, y tambi\u00e9n explorar sus posibilidades para la realizaci\u00f3n de animaciones procedurales desde una perspectiva [&hellip;]<\/p>\n","protected":false},"author":1,"featured_media":0,"parent":0,"menu_order":0,"comment_status":"closed","ping_status":"closed","template":"","meta":{"footnotes":""},"class_list":["post-2079","page","type-page","status-publish","hentry"],"_links":{"self":[{"href":"https:\/\/www.animafestival.com.ar\/current\/wp-json\/wp\/v2\/pages\/2079","targetHints":{"allow":["GET"]}}],"collection":[{"href":"https:\/\/www.animafestival.com.ar\/current\/wp-json\/wp\/v2\/pages"}],"about":[{"href":"https:\/\/www.animafestival.com.ar\/current\/wp-json\/wp\/v2\/types\/page"}],"author":[{"embeddable":true,"href":"https:\/\/www.animafestival.com.ar\/current\/wp-json\/wp\/v2\/users\/1"}],"replies":[{"embeddable":true,"href":"https:\/\/www.animafestival.com.ar\/current\/wp-json\/wp\/v2\/comments?post=2079"}],"version-history":[{"count":13,"href":"https:\/\/www.animafestival.com.ar\/current\/wp-json\/wp\/v2\/pages\/2079\/revisions"}],"predecessor-version":[{"id":2122,"href":"https:\/\/www.animafestival.com.ar\/current\/wp-json\/wp\/v2\/pages\/2079\/revisions\/2122"}],"wp:attachment":[{"href":"https:\/\/www.animafestival.com.ar\/current\/wp-json\/wp\/v2\/media?parent=2079"}],"curies":[{"name":"wp","href":"https:\/\/api.w.org\/{rel}","templated":true}]}}