{"id":2096,"date":"2021-09-10T12:07:23","date_gmt":"2021-09-10T15:07:23","guid":{"rendered":"https:\/\/www.animafestival.com.ar\/current\/?page_id=2096"},"modified":"2021-09-15T14:14:05","modified_gmt":"2021-09-15T17:14:05","slug":"rigging-de-personajes-y-herramientas-de-animacion-con-duik-en-after-effects","status":"publish","type":"page","link":"https:\/\/www.animafestival.com.ar\/current\/rigging-de-personajes-y-herramientas-de-animacion-con-duik-en-after-effects\/","title":{"rendered":"Rigging de personajes y herramientas de animaci\u00f3n con DUIK en After Effects"},"content":{"rendered":"\n<figure class=\"wp-block-image size-large\"><img fetchpriority=\"high\" decoding=\"async\" width=\"1024\" height=\"1024\" src=\"https:\/\/www.animafestival.com.ar\/current\/files\/2021\/09\/Taller-Degaetano-1024x1024.jpg\" alt=\"\" class=\"wp-image-2123\" srcset=\"https:\/\/www.animafestival.com.ar\/current\/files\/2021\/09\/Taller-Degaetano-1024x1024.jpg 1024w, https:\/\/www.animafestival.com.ar\/current\/files\/2021\/09\/Taller-Degaetano-300x300.jpg 300w, https:\/\/www.animafestival.com.ar\/current\/files\/2021\/09\/Taller-Degaetano-150x150.jpg 150w, https:\/\/www.animafestival.com.ar\/current\/files\/2021\/09\/Taller-Degaetano-768x768.jpg 768w, https:\/\/www.animafestival.com.ar\/current\/files\/2021\/09\/Taller-Degaetano-400x400.jpg 400w, https:\/\/www.animafestival.com.ar\/current\/files\/2021\/09\/Taller-Degaetano-100x100.jpg 100w, https:\/\/www.animafestival.com.ar\/current\/files\/2021\/09\/Taller-Degaetano.jpg 1080w\" sizes=\"(max-width: 1024px) 100vw, 1024px\" \/><\/figure>\n\n\n\n<p>Character Rigging and Animation Tools with DUIK in After Effects<\/p>\n\n\n\n<p>This workshop will be conducted in Spanish<\/p>\n\n\n\n<p><strong>Tallerista: <\/strong>Luciano Degaetano (Santa Fe, Argentina)<br><br><strong>Breve descripci\u00f3n:<\/strong> Desde hace unos a\u00f1os algunos desarrolladores comenzaron a utilizar scripts para la creaci\u00f3n de herramientas que facilitan el trabajo de animaci\u00f3n en After Effects, uno de ellos es el DUIK, un complemento gratuito y de c\u00f3digo abierto que simplifica el proceso de rigging de personajes y tambi\u00e9n brinda un amplio set de herramientas para facilitar y optimizar el proceso de animaci\u00f3n. El taller brindar\u00e1 a los participantes los conocimientos necesarios para preparar diversos tipos de personajes para la animaci\u00f3n as\u00ed como herramientas que faciliten la tarea a la hora de animar distintos elementos.<br><br><strong>Fechas:<\/strong> 28 y 30 de septiembre de 14 a 17 hs. (2 jornadas de 3 horas)<br><br><strong>Cupo:<\/strong> 6 a 20 personas<br><br><strong>Modalidad: <\/strong>Virtual (encuentros por Google Meet, el enlace se enviar\u00e1 a les asistentes cuando culminen su proceso de inscripci\u00f3n y pago)<br><br><strong>Pre-inscribite en el siguiente enlace:<\/strong> <a href=\"https:\/\/docs.google.com\/forms\/d\/e\/1FAIpQLSf4pc4NLxaqAy1MR9MdL8R-F75pmgyRv5RqCGKLnhkY6xMplg\/viewform\" data-type=\"URL\" data-id=\"https:\/\/docs.google.com\/forms\/d\/e\/1FAIpQLSf4pc4NLxaqAy1MR9MdL8R-F75pmgyRv5RqCGKLnhkY6xMplg\/viewform\">FORMULARIO<\/a><br><br><strong>Requisitos:<\/strong> Tener conocimientos b\u00e1sicos de After Effects. Computadora con After Effects CC 2018 o versi\u00f3n superior.<br><br><strong>Arancel:<\/strong> $2250 (pesos argentinos dos mil doscientos cincuenta) &#8211; <strong>Estudiantes de la FA-UNC:<\/strong> $2000 (pesos argentinos dos mil)<\/p>\n","protected":false},"excerpt":{"rendered":"<p>Character Rigging and Animation Tools with DUIK in After Effects This workshop will be conducted in Spanish Tallerista: Luciano Degaetano (Santa Fe, Argentina) Breve descripci\u00f3n: Desde hace unos a\u00f1os algunos desarrolladores comenzaron a utilizar scripts para la creaci\u00f3n de herramientas que facilitan el trabajo de animaci\u00f3n en After Effects, uno de ellos es el DUIK, [&hellip;]<\/p>\n","protected":false},"author":13,"featured_media":0,"parent":0,"menu_order":0,"comment_status":"closed","ping_status":"closed","template":"","meta":{"footnotes":""},"class_list":["post-2096","page","type-page","status-publish","hentry"],"_links":{"self":[{"href":"https:\/\/www.animafestival.com.ar\/current\/wp-json\/wp\/v2\/pages\/2096","targetHints":{"allow":["GET"]}}],"collection":[{"href":"https:\/\/www.animafestival.com.ar\/current\/wp-json\/wp\/v2\/pages"}],"about":[{"href":"https:\/\/www.animafestival.com.ar\/current\/wp-json\/wp\/v2\/types\/page"}],"author":[{"embeddable":true,"href":"https:\/\/www.animafestival.com.ar\/current\/wp-json\/wp\/v2\/users\/13"}],"replies":[{"embeddable":true,"href":"https:\/\/www.animafestival.com.ar\/current\/wp-json\/wp\/v2\/comments?post=2096"}],"version-history":[{"count":4,"href":"https:\/\/www.animafestival.com.ar\/current\/wp-json\/wp\/v2\/pages\/2096\/revisions"}],"predecessor-version":[{"id":2124,"href":"https:\/\/www.animafestival.com.ar\/current\/wp-json\/wp\/v2\/pages\/2096\/revisions\/2124"}],"wp:attachment":[{"href":"https:\/\/www.animafestival.com.ar\/current\/wp-json\/wp\/v2\/media?parent=2096"}],"curies":[{"name":"wp","href":"https:\/\/api.w.org\/{rel}","templated":true}]}}