{"id":2315,"date":"2021-10-07T17:48:07","date_gmt":"2021-10-07T20:48:07","guid":{"rendered":"https:\/\/www.animafestival.com.ar\/current\/?page_id=2315"},"modified":"2023-09-23T21:57:01","modified_gmt":"2023-09-24T00:57:01","slug":"la-orden-de-elna-the-order-of-elna","status":"publish","type":"page","link":"https:\/\/www.animafestival.com.ar\/current\/la-orden-de-elna-the-order-of-elna\/","title":{"rendered":"La Orden de El\u00f1a | The Order of El\u00f1a"},"content":{"rendered":"\n<figure class=\"wp-block-image size-large\"><img fetchpriority=\"high\" decoding=\"async\" width=\"1024\" height=\"1024\" src=\"https:\/\/www.animafestival.com.ar\/current\/files\/2023\/03\/Mesa-de-trabajo-1-copia-1024x1024.png\" alt=\"\" class=\"wp-image-2957\" srcset=\"https:\/\/www.animafestival.com.ar\/current\/files\/2023\/03\/Mesa-de-trabajo-1-copia-1024x1024.png 1024w, https:\/\/www.animafestival.com.ar\/current\/files\/2023\/03\/Mesa-de-trabajo-1-copia-300x300.png 300w, https:\/\/www.animafestival.com.ar\/current\/files\/2023\/03\/Mesa-de-trabajo-1-copia-150x150.png 150w, https:\/\/www.animafestival.com.ar\/current\/files\/2023\/03\/Mesa-de-trabajo-1-copia-768x767.png 768w, https:\/\/www.animafestival.com.ar\/current\/files\/2023\/03\/Mesa-de-trabajo-1-copia-400x400.png 400w, https:\/\/www.animafestival.com.ar\/current\/files\/2023\/03\/Mesa-de-trabajo-1-copia-100x100.png 100w, https:\/\/www.animafestival.com.ar\/current\/files\/2023\/03\/Mesa-de-trabajo-1-copia.png 1081w\" sizes=\"(max-width: 1024px) 100vw, 1024px\" \/><\/figure>\n\n\n\n<p class=\"has-medium-font-size\"><strong>La Orden de El\u00f1a<\/strong><\/p>\n\n\n\n<p>A diferencia de lo que ocurr\u00eda veinte a\u00f1os atr\u00e1s en la primera edici\u00f3n de nuestro festival, hoy encontramos una gran y diversa comunidad argentina que trabaja por el desarrollo y fortalecimiento de la animaci\u00f3n en nuestro pa\u00eds.<\/p>\n\n\n\n<div style=\"height:20px\" aria-hidden=\"true\" class=\"wp-block-spacer\"><\/div>\n\n\n\n<p>Es en ese sentido que proponemos a <strong>La Orden de El\u00f1a<\/strong> como una muestra (siempre incompleta) de ese gran grupo humano que respira animaci\u00f3n en Argentina. La Orden incorpora a personas con distintas miradas, experiencias y trayectorias sobre la animaci\u00f3n. Estamos convencidos que la diversidad es una fuerte caracter\u00edstica de la animaci\u00f3n de nuestro pa\u00eds, y es parte de nuestra impronta como naci\u00f3n.<\/p>\n\n\n\n<div style=\"height:20px\" aria-hidden=\"true\" class=\"wp-block-spacer\"><\/div>\n\n\n\n<p>Nos parece fundamental reflejar esta situaci\u00f3n en el <strong>Premio a la Mejor Animaci\u00f3n Argentina<\/strong>, que a partir de esta edici\u00f3n ser\u00e1 otorgado por los miembros de <strong>La Orden de El\u00f1a<\/strong>.<\/p>\n\n\n\n<div style=\"height:60px\" aria-hidden=\"true\" class=\"wp-block-spacer\"><\/div>\n\n\n\n<p><a><\/a> <strong>\u00bfQu\u00e9 es la Orden de El\u00f1a?<\/strong><\/p>\n\n\n\n<p>Es un colectivo de personas vinculadas al desarrollo de la animaci\u00f3n en Argentina. Sus integrantes se desempe\u00f1an en actividades que generan, fomentan, y alientan el desarrollo de la animaci\u00f3n en nuestro pa\u00eds.<\/p>\n\n\n\n<div style=\"height:20px\" aria-hidden=\"true\" class=\"wp-block-spacer\"><\/div>\n\n\n\n<p><a><\/a> <strong>\u00bfQui\u00e9nes pueden integrar la Orden de El\u00f1a?<\/strong><\/p>\n\n\n\n<p>La membres\u00eda a la Orden de El\u00f1a no se puede comprar, sino que es \u00fanicamente por invitaci\u00f3n.<\/p>\n\n\n\n<div style=\"height:20px\" aria-hidden=\"true\" class=\"wp-block-spacer\"><\/div>\n\n\n\n<p> <strong>\u00bfC\u00f3mo surge la Orden de El\u00f1a?<\/strong><\/p>\n\n\n\n<p>Con motivo de las celebraciones de los 20 a\u00f1os de ANIMA, Festival Internacional de Animaci\u00f3n de C\u00f3rdoba, en 2021.<\/p>\n\n\n\n<div style=\"height:20px\" aria-hidden=\"true\" class=\"wp-block-spacer\"><\/div>\n\n\n\n<p><strong>\u00bfQui\u00e9n es El\u00f1a?<\/strong><\/p>\n\n\n\n<p>El\u00f1a es <em>El \u00d1and\u00fa<\/em>, la mascota de ANIMA, Festival Internacional de Animaci\u00f3n de C\u00f3rdoba. Acompa\u00f1a a la identidad del festival desde su cuarta edici\u00f3n (2007).<\/p>\n\n\n\n<div style=\"height:20px\" aria-hidden=\"true\" class=\"wp-block-spacer\"><\/div>\n\n\n\n<p><strong>\u00bfPor qu\u00e9 ANIMA tiene un \u00f1and\u00fa como mascota?<\/strong><\/p>\n\n\n\n<p>En las primeras ediciones del festival pensamos mucho en qu\u00e9 nos generaba realizar este festival para toda la comunidad de la animaci\u00f3n mundial. Nos sent\u00edamos un poco bicho raro, descolocados ante festivales mundiales de mucha trayectoria (y presupuestos muy distintos), pero sin embargo con muchas ganas de aportar nuestra voz.<\/p>\n\n\n\n<p>Entonces surgi\u00f3 la idea del \u00f1and\u00fa, que es parecido a un avestruz, pero tambi\u00e9n es diferente:<\/p>\n\n\n\n<blockquote class=\"wp-block-quote is-layout-flow wp-block-quote-is-layout-flow\">\n<p>El t\u00e9rmino \u00f1and\u00fa deriva de ara\u00f1a en guaran\u00ed. El avestruz, desafortunadamente, no sabe guaran\u00ed y tiene miedo a las ara\u00f1as.<\/p>\n\n\n\n<p>El \u00f1and\u00fa es m\u00e1s fierito que el avestruz, pero lo esencial es invisible a los ojos.<\/p>\n\n\n\n<p>El \u00f1and\u00fa es latinoamericano. En su nombre tiene una letra \u00f1 y una vocal con acento, ambas son grandes dificultades para los teclados configurados en otro idioma que no sea espa\u00f1ol.<\/p>\n\n\n\n<p>El \u00f1and\u00fa est\u00e1 en contra de la alfombra roja. Prefiere las cosas simples y directas. El avestruz es m\u00e1s farolero.<\/p>\n\n\n\n<p>Con la ayuda de sus patas, el \u00f1and\u00fa puede contar hasta seis. El avestruz s\u00f3lo llega a 4, una clara desventaja matem\u00e1tica.<\/p>\n\n\n\n<p>Tanto el \u00f1and\u00fa como el avestruz saben divertirse, pero los \u00f1and\u00faes, al ser m\u00e1s desacartonados, se divierten m\u00e1s.<\/p>\n\n\n\n<p>El \u00f1and\u00fa es m\u00e1s joven, est\u00e1 abierto a cosas nuevas, tiene mucho entusiasmo y \u00a1le encanta hacer nuevos amigos!<\/p>\n<\/blockquote>\n\n\n\n<p>(Del texto \u201cUn \u00f1and\u00fa no es un avestruz\u201d, ANIMA\u201907)<\/p>\n\n\n\n<div style=\"height:20px\" aria-hidden=\"true\" class=\"wp-block-spacer\"><\/div>\n\n\n\n<p>Desde ese momento, El\u00f1a es la mascota de ANIMA.<\/p>\n\n\n\n<p>En cada edici\u00f3n, hemos brindado libertad a cada artista que dise\u00f1aba el trailer del festival para apropiarse de El\u00f1a y modificar su morfolog\u00eda. El\u00f1a es una gran construcci\u00f3n colectiva.<\/p>\n\n\n\n<div style=\"height:20px\" aria-hidden=\"true\" class=\"wp-block-spacer\"><\/div>\n\n\n\n<p><strong>\u00bfC\u00f3mo puedo contactarme con la Orden de El\u00f1a?<\/strong><\/p>\n\n\n\n<p>A trav\u00e9s del correo electr\u00f3nico <u><strong>laorden@animafestival.com.ar<\/strong><\/u><\/p>\n\n\n\n<div style=\"height:30px\" aria-hidden=\"true\" class=\"wp-block-spacer\"><\/div>\n\n\n\n<figure class=\"wp-block-image size-large\"><img decoding=\"async\" width=\"1024\" height=\"1024\" src=\"https:\/\/www.animafestival.com.ar\/current\/files\/2023\/03\/Mesa-de-trabajo-1-copia-3-1024x1024.png\" alt=\"\" class=\"wp-image-2958\" srcset=\"https:\/\/www.animafestival.com.ar\/current\/files\/2023\/03\/Mesa-de-trabajo-1-copia-3-1024x1024.png 1024w, https:\/\/www.animafestival.com.ar\/current\/files\/2023\/03\/Mesa-de-trabajo-1-copia-3-300x300.png 300w, https:\/\/www.animafestival.com.ar\/current\/files\/2023\/03\/Mesa-de-trabajo-1-copia-3-150x150.png 150w, https:\/\/www.animafestival.com.ar\/current\/files\/2023\/03\/Mesa-de-trabajo-1-copia-3-768x767.png 768w, https:\/\/www.animafestival.com.ar\/current\/files\/2023\/03\/Mesa-de-trabajo-1-copia-3-400x400.png 400w, https:\/\/www.animafestival.com.ar\/current\/files\/2023\/03\/Mesa-de-trabajo-1-copia-3-100x100.png 100w, https:\/\/www.animafestival.com.ar\/current\/files\/2023\/03\/Mesa-de-trabajo-1-copia-3.png 1081w\" sizes=\"(max-width: 1024px) 100vw, 1024px\" \/><\/figure>\n\n\n\n<div style=\"height:30px\" aria-hidden=\"true\" class=\"wp-block-spacer\"><\/div>\n\n\n\n<p class=\"has-medium-font-size\"> <strong>The Order of El\u00f1a<\/strong><\/p>\n\n\n\n<p>Unlike what happened 20&nbsp;years ago in the first edition of our festival, today we are a large and diverse community working for the development and strengthening of animation in Argentina.<\/p>\n\n\n\n<div style=\"height:20px\" aria-hidden=\"true\" class=\"wp-block-spacer\"><\/div>\n\n\n\n<p>It is in this context that we brought together <strong>La Orden de El\u00f1a<\/strong> (The Order of El\u00f1a), a sample (an always incomplete sample) of this great human group that breathes animation in Argentina. The Order is made up of people with different perspectives, experiences and backgrounds in and about animation. We are convinced that diversity is a strong feature of animation in our country, as well as an aspect of our imprint as a nation.<\/p>\n\n\n\n<div style=\"height:20px\" aria-hidden=\"true\" class=\"wp-block-spacer\"><\/div>\n\n\n\n<p>We believe it is essential to recognize this diversity in the <strong>Award for Best Argentine Animation<\/strong>; therefore, from this edition onwards, the award will be granted by the members of <strong>The Order of El\u00f1a<\/strong>.<\/p>\n\n\n\n<div style=\"height:60px\" aria-hidden=\"true\" class=\"wp-block-spacer\"><\/div>\n\n\n\n<p> <strong><strong>What is The Order of El\u00f1a?<\/strong><\/strong><\/p>\n\n\n\n<p>Es un colectivo de personas vinculadas al desarrollo de la animaci\u00f3n en Argentina. Sus integrantes se desempe\u00f1an en actividades que generan, fomentan, y alientan el desarrollo de la animaci\u00f3n en nuestro pa\u00eds.<\/p>\n\n\n\n<div style=\"height:20px\" aria-hidden=\"true\" class=\"wp-block-spacer\"><\/div>\n\n\n\n<p><strong><strong><strong>Who can be a member of The Order of El\u00f1a?<\/strong><\/strong><\/strong><\/p>\n\n\n\n<p>Membership to the Order of El\u00f1a cannot be purchased, it is by invitation only.<\/p>\n\n\n\n<div style=\"height:20px\" aria-hidden=\"true\" class=\"wp-block-spacer\"><\/div>\n\n\n\n<p><strong><strong>How did The Order of El\u00f1a arise?<\/strong><\/strong><\/p>\n\n\n\n<p>It rises in 2021, to mark the celebrations of the 20th anniversary of ANIMA, International Animation Festival of Cordoba.<\/p>\n\n\n\n<div style=\"height:20px\" aria-hidden=\"true\" class=\"wp-block-spacer\"><\/div>\n\n\n\n<p><strong><strong>Who is El\u00f1a?<\/strong><\/strong><\/p>\n\n\n\n<p>El\u00f1a is <em>El \u00f1and\u00fa, <\/em>the mascot of the International Animation Festival of Cordoba, ANIMA. It has been part of the festival&#8217;s identity since its fourth edition in 2007.<\/p>\n\n\n\n<div style=\"height:20px\" aria-hidden=\"true\" class=\"wp-block-spacer\"><\/div>\n\n\n\n<p><strong><strong>Why is a rhea the mascot of ANIMA?<\/strong><\/strong><\/p>\n\n\n\n<blockquote class=\"wp-block-quote is-layout-flow wp-block-quote-is-layout-flow\">\n<p>Throughout the first editions of our festival, we gave much thought to the reasons that drove us to doing this festival for the animation community worldwide. We felt like a bit of an oddball, a bit out of place, especially compared to world festivals with much longer trajectories (and much different budgets); nevertheless, we also felt eager to bring our voice to the table.<\/p>\n\n\n\n<p>Then came the idea of the rhea, which is similar to an ostrich, but it is also different:<\/p>\n\n\n\n<p>The Spanish word for rhea, \u00f1and\u00fa, derives from the Guaran\u00ed term for spider. Unfortunately, ostriches know no Guaran\u00ed and are afraid of spiders.<\/p>\n\n\n\n<p>The rhea is also less appealing that the ostrich, but, as we know, the essential is invisible to the eye.<\/p>\n\n\n\n<p>The rhea is from Latin America Its name has a letter \u00f1 and a vowel with a graphic accent mark, both of which are sort of an issue for keyboards configured in languages different from Spanish.<\/p>\n\n\n\n<p>The rhea does not believe in red carpets. It likes things simple and to the point. The ostrich is more about the showbiz.<\/p>\n\n\n\n<p>With the help of its legs, the rhea can count to six. The ostrich can only count to 4, a clear mathematical disadvantage.<\/p>\n\n\n\n<p>Both the rhea and the ostrich are good at having fun, but the rheas, being more relaxed, can have even more fun.<\/p>\n\n\n\n<p>The rhea is younger, open to new things, it&#8217;s very enthusiastic and it loves making new friends!<\/p>\n<\/blockquote>\n\n\n\n<p>(Excerpt from the text \u201cA Rhea is Not an Ostrich,\u201d ANIMA\u201907, available in Spanish)<\/p>\n\n\n\n<div style=\"height:20px\" aria-hidden=\"true\" class=\"wp-block-spacer\"><\/div>\n\n\n\n<p>El\u00f1a has been the mascot of ANIMA ever since.<\/p>\n\n\n\n<p>In each edition, every artist designing the festival&#8217;s trailer has been given the freedom to appropriate El\u00f1a and modify its morphology. El\u00f1a is a great collective creation.<\/p>\n\n\n\n<div style=\"height:20px\" aria-hidden=\"true\" class=\"wp-block-spacer\"><\/div>\n\n\n\n<p><strong><strong>How can I contact The Order of El\u00f1a?<\/strong><\/strong><\/p>\n\n\n\n<p>Through our e-mail <u><strong>laorden@animafestival.com.ar<\/strong><\/u><\/p>\n\n\n\n<div style=\"height:20px\" aria-hidden=\"true\" class=\"wp-block-spacer\"><\/div>\n\n\n\n<figure class=\"wp-block-image size-large\"><img decoding=\"async\" width=\"1024\" height=\"1024\" src=\"https:\/\/www.animafestival.com.ar\/current\/files\/2023\/03\/Mesa-de-trabajo-1-1024x1024.png\" alt=\"\" class=\"wp-image-2960\" srcset=\"https:\/\/www.animafestival.com.ar\/current\/files\/2023\/03\/Mesa-de-trabajo-1-1024x1024.png 1024w, https:\/\/www.animafestival.com.ar\/current\/files\/2023\/03\/Mesa-de-trabajo-1-300x300.png 300w, https:\/\/www.animafestival.com.ar\/current\/files\/2023\/03\/Mesa-de-trabajo-1-150x150.png 150w, https:\/\/www.animafestival.com.ar\/current\/files\/2023\/03\/Mesa-de-trabajo-1-768x768.png 768w, https:\/\/www.animafestival.com.ar\/current\/files\/2023\/03\/Mesa-de-trabajo-1-400x400.png 400w, https:\/\/www.animafestival.com.ar\/current\/files\/2023\/03\/Mesa-de-trabajo-1-100x100.png 100w, https:\/\/www.animafestival.com.ar\/current\/files\/2023\/03\/Mesa-de-trabajo-1.png 1080w\" sizes=\"(max-width: 1024px) 100vw, 1024px\" \/><\/figure>\n\n\n\n<p>Miembros de la Orden de El\u00f1a<\/p>\n\n\n\n<figure class=\"wp-block-table\"><table><tbody><tr><td>Almasio<\/td><td>Andr\u00e9s<\/td><td>Composici\u00f3n y efectos visuales<\/td><\/tr><tr><td>As\u00eds Ferri<\/td><td>Paula Andrea<\/td><td>Dise\u00f1adora de Sonido &#8211; Productora Festival ANIMA<\/td><\/tr><tr><td>Becco<\/td><td>Paola<\/td><td>Directora Festival SMOF<\/td><\/tr><tr><td>Bergara<\/td><td>Mariano<\/td><td>Director y animador<\/td><\/tr><tr><td>Blasco<\/td><td>Ayar<\/td><td>Animador<\/td><\/tr><tr><td>Blei<\/td><td>Irene<\/td><td>Animadora, docente, investigadora en el campo de la animaci\u00f3n.<\/td><\/tr><tr><td>Carlino<\/td><td>Maria Rosario<\/td><td>Guionista, Directora y Productora, fundadora del estudio OSA.<\/td><\/tr><tr><td>Cerro<\/td><td>B\u00e1rbara<\/td><td>Realizadora audiovisual y Directora del festival BitBang<\/td><\/tr><tr><td>Cornillon<\/td><td>Silvina<\/td><td>Gestora cultural y de industria. Productora<\/td><\/tr><tr><td>Costa<\/td><td>Juan Manuel<\/td><td>Director &#8211; Productor<\/td><\/tr><tr><td>Curatitoli<\/td><td>Mar\u00eda Constanza<\/td><td>Investigadora, Docente, Productora<\/td><\/tr><tr><td>Dalinger<\/td><td>Esteban Ezequiel<\/td><td>Director de ANIMA LATINA, Festival de Cine de Animaci\u00f3n Latinoamericano<\/td><\/tr><tr><td>Daveloza<\/td><td>Paula<\/td><td>Directora y guionista de animaci\u00f3n. Animadora, docente y fan. Miembro del festival ANIMA desde 2009.<\/td><\/tr><tr><td>Dematei<\/td><td>Marcelo<\/td><td>Director de Animaci\u00f3n, dise\u00f1ador, investigador, profesor<\/td><\/tr><tr><td>Eschoyez<\/td><td>Martin<\/td><td>Animador, motiongrapher, ilustrador, dise\u00f1ador gr\u00e1fico, docente<\/td><\/tr><tr><td>Fiorenza<\/td><td>Mar\u00eda Eugenia<\/td><td>Docente y animadora<\/td><\/tr><tr><td>Gagliesi<\/td><td>Laura<\/td><td>Comercio Internacional\/Animacion\/Gerenta Animar<\/td><\/tr><tr><td>Garz\u00f3n<\/td><td>Carmen del Rosario<\/td><td>Director de animaci\u00f3n, Director de arte<\/td><\/tr><tr><td>G\u00f3mez<\/td><td>Lula<\/td><td>Realizadora de stop motion<\/td><\/tr><tr><td>Gonz\u00e1lez<\/td><td>Alejandro R.<\/td><td>Animador, docente, Director de ANIMA, Festival Internacional de Animaci\u00f3n de C\u00f3rdoba<\/td><\/tr><tr><td>Gualpa<\/td><td>Patricia<\/td><td>Directora, Guionista y Productora<\/td><\/tr><tr><td>Kirchheimer<\/td><td>M\u00f3nica S.<\/td><td>Investigadora<\/td><\/tr><tr><td>Liendo<\/td><td>Luis Alberto<\/td><td>Dise\u00f1ador de personajes<\/td><\/tr><tr><td>Luna Crook<\/td><td>Javier Ignacio<\/td><td>Director de Contenidos Animados<\/td><\/tr><tr><td>Manrupe<\/td><td>Raul<\/td><td>Investigador, Documentalista<\/td><\/tr><tr><td>Martin<\/td><td>Ana<\/td><td>Directora de animaci\u00f3n &#8211; Animadora &#8211; Docente<\/td><\/tr><tr><td>Mell<\/td><td>Natacha Mara<\/td><td>Investigaci\u00f3n, producci\u00f3n y difusi\u00f3n<\/td><\/tr><tr><td>Montoya<\/td><td>Carlos<\/td><td>Realizador independiente de stop motion<\/td><\/tr><tr><td>Mrad<\/td><td>Javier Ramiro<\/td><td>Director de animaci\u00f3n<\/td><\/tr><tr><td>Nanni<\/td><td>Silvia<\/td><td>Animadora Senior<\/td><\/tr><tr><td>Nanni<\/td><td>Miguel Angel<\/td><td>Animador 2D, Director de Animaci\u00f3n.<\/td><\/tr><tr><td>Ortiz<\/td><td>Joaqu\u00edn<\/td><td>Director, guionista y animador 2D-3D<\/td><\/tr><tr><td>Pastor<\/td><td>Rodolfo<\/td><td>Realizador de stop-motion \/ Animador \/ Guionista \/ Constructor de mu\u00f1ecos \/ Fot\u00f3graf\u00eda e Iluminaci\u00f3n \/ Profesor de animaci\u00f3n<\/td><\/tr><tr><td>Pencha<\/td><td>Pablo<\/td><td>Realizador<\/td><\/tr><tr><td>Piaggio<\/td><td>Maria Laura<\/td><td>Productora, Creadora de contenidos<\/td><\/tr><tr><td>Plaza<\/td><td>Patricio<\/td><td>productor y realizador independiente<\/td><\/tr><tr><td>Rimoldi<\/td><td>Gonzalo<\/td><td>Realizador Audiovisual<\/td><\/tr><tr><td>Rolle<\/td><td>Diego Mart\u00edn<\/td><td>Docente y Realizador de dibujos animados.<\/td><\/tr><tr><td>Romero<\/td><td>Liliana<\/td><td>Directora de peliculas de animaci\u00f3n<\/td><\/tr><tr><td>Ruiz<\/td><td>Claudia Marcela<\/td><td>Animadora, Directora, Guionista<\/td><\/tr><tr><td>Savary<\/td><td>Romina<\/td><td>Productora<\/td><\/tr><tr><td>Sgr\u00f3<\/td><td>Juan Pascual<\/td><td>Docente &#8211; Animador<\/td><\/tr><tr><td>Su\u00e1rez<\/td><td>Victoria In\u00e9s<\/td><td>Docente<\/td><\/tr><tr><td>Tolj<\/td><td>Esteban<\/td><td>Dibujante ilustrador, historietista y realizador integral de animaciones.<\/td><\/tr><tr><td>Villarreal<\/td><td>Nicol\u00e1s P.<\/td><td>Director de Animaci\u00f3n<\/td><\/tr><tr><td>Zaramella<\/td><td>Juan Pablo<\/td><td>Un d\u00eda me despert\u00e9 y era director de animaci\u00f3n<\/td><\/tr><\/tbody><\/table><\/figure>\n","protected":false},"excerpt":{"rendered":"<p>La Orden de El\u00f1a A diferencia de lo que ocurr\u00eda veinte a\u00f1os atr\u00e1s en la primera edici\u00f3n de nuestro festival, hoy encontramos una gran y diversa comunidad argentina que trabaja por el desarrollo y fortalecimiento de la animaci\u00f3n en nuestro pa\u00eds. Es en ese sentido que proponemos a La Orden de El\u00f1a como una muestra [&hellip;]<\/p>\n","protected":false},"author":13,"featured_media":2325,"parent":0,"menu_order":0,"comment_status":"closed","ping_status":"closed","template":"","meta":{"footnotes":""},"class_list":["post-2315","page","type-page","status-publish","has-post-thumbnail","hentry"],"_links":{"self":[{"href":"https:\/\/www.animafestival.com.ar\/current\/wp-json\/wp\/v2\/pages\/2315","targetHints":{"allow":["GET"]}}],"collection":[{"href":"https:\/\/www.animafestival.com.ar\/current\/wp-json\/wp\/v2\/pages"}],"about":[{"href":"https:\/\/www.animafestival.com.ar\/current\/wp-json\/wp\/v2\/types\/page"}],"author":[{"embeddable":true,"href":"https:\/\/www.animafestival.com.ar\/current\/wp-json\/wp\/v2\/users\/13"}],"replies":[{"embeddable":true,"href":"https:\/\/www.animafestival.com.ar\/current\/wp-json\/wp\/v2\/comments?post=2315"}],"version-history":[{"count":6,"href":"https:\/\/www.animafestival.com.ar\/current\/wp-json\/wp\/v2\/pages\/2315\/revisions"}],"predecessor-version":[{"id":2961,"href":"https:\/\/www.animafestival.com.ar\/current\/wp-json\/wp\/v2\/pages\/2315\/revisions\/2961"}],"wp:featuredmedia":[{"embeddable":true,"href":"https:\/\/www.animafestival.com.ar\/current\/wp-json\/wp\/v2\/media\/2325"}],"wp:attachment":[{"href":"https:\/\/www.animafestival.com.ar\/current\/wp-json\/wp\/v2\/media?parent=2315"}],"curies":[{"name":"wp","href":"https:\/\/api.w.org\/{rel}","templated":true}]}}