{"id":253,"date":"2017-09-24T23:58:08","date_gmt":"2017-09-24T23:58:08","guid":{"rendered":"http:\/\/www.animafestival.com.ar\/2017\/?page_id=253"},"modified":"2017-10-01T12:50:22","modified_gmt":"2017-10-01T12:50:22","slug":"competencia-internacional-de-cortometrajes-international-short-films-competition","status":"publish","type":"page","link":"https:\/\/www.animafestival.com.ar\/current\/competencia-internacional-de-cortometrajes-international-short-films-competition\/","title":{"rendered":"Competencia Internacional de Cortometrajes \/ International Short Films Competition"},"content":{"rendered":"<p><strong>Jurados \/ <em>Jurors<\/em><\/strong><\/p>\n\n<table id=\"tablepress-12\" class=\"tablepress tablepress-id-12\">\n<tbody class=\"row-striping row-hover\">\n<tr class=\"row-1\">\n\t<td class=\"column-1\"><img fetchpriority=\"high\" decoding=\"async\" src=\"..\/files\/2017\/09\/Anthony-Scott_FOTO2-1.jpg\" alt=\"\" width=\"300\" height=\"300\" class=\"alignnone size-full wp-image-507\" srcset=\"https:\/\/www.animafestival.com.ar\/current\/files\/2017\/09\/Anthony-Scott_FOTO2-1.jpg 300w, https:\/\/www.animafestival.com.ar\/current\/files\/2017\/09\/Anthony-Scott_FOTO2-1-150x150.jpg 150w, https:\/\/www.animafestival.com.ar\/current\/files\/2017\/09\/Anthony-Scott_FOTO2-1-100x100.jpg 100w\" sizes=\"(max-width: 300px) 100vw, 300px\" \/><\/td><td class=\"column-2\"><b>Anthony SCOTT<\/b><br \/>\n<br \/>\n<div class=\"texto_jurados\">Anthony Scott es un reconocido animador de stop-motion y director de animaci\u00f3n en Clokey Productions\/Premavision. Inici\u00f3 su carrera con Las nuevas aventuras de Gumby, en el a\u00f1o 1988. Continu\u00f3 sus trabajos de animaci\u00f3n en El extra\u00f1o mundo de Jack, Jim y el durazno gigante, Monkeybone y ParaNorman. Scott fue el supervisor de animaci\u00f3n de El cad\u00e1ver de la novia, de Tim Burton y de Coraline, de Henry Selick. Tambi\u00e9n fue el director de animaci\u00f3n de las secuencias de stop-motion de El principito. A trav\u00e9s de su sitio web, <a href=\"http:\/\/www.stopmotionanimation.com\" target=\"_blank\" rel=\"noopener\">StopMotionAnimation.com<\/a>, Scott tiene una gran presencia en l\u00ednea. Para ver una lista completa de sus cr\u00e9ditos, visit\u00e1 <a href=\"http:\/\/www.anthonyscott.net\" target=\"_blank\" rel=\"noopener\">anthonyscott.net<\/a>.<\/div><\/td><td class=\"column-3\"><i><b>Anthony SCOTT<\/b><br \/>\n<br \/>\n<div class=\"texto_jurados\">Anthony Scott, renowned stop-motion animator, animation director and current head of animation at Clokey Productions\/Premavision, kicked off his career with the New Adventures of Gumby in 1988. He went on to animate on The Nightmare Before Christmas, James and the Giant Peach, Monkeybone, and ParaNorman. Scott was the animation supervisor on Tim Burton\u2019s Corpse Bride and Henry Selick\u2019s Coraline. He was also the Lead Animator for the stop-motion sequences in The Little Prince. Scott has a huge on-line presence with his website, <a href=\"http:\/\/www.stopmotionanimation.com\" target=\"_blank\" rel=\"noopener\">StopMotionAnimation.com<\/a>. A complete list of credits can be found at <a href=\"http:\/\/www.anthonyscott.net\" target=\"_blank\" rel=\"noopener\">anthonyscott.net<\/a>.<\/div><\/i><\/td>\n<\/tr>\n<tr class=\"row-2\">\n\t<td class=\"column-1\"><img decoding=\"async\" src=\"..\/files\/2017\/09\/Rosana-Urbes_FOTO.jpg\" alt=\"\" width=\"300\" height=\"300\" class=\"alignnone size-full wp-image-508\" srcset=\"https:\/\/www.animafestival.com.ar\/current\/files\/2017\/09\/Rosana-Urbes_FOTO.jpg 300w, https:\/\/www.animafestival.com.ar\/current\/files\/2017\/09\/Rosana-Urbes_FOTO-150x150.jpg 150w, https:\/\/www.animafestival.com.ar\/current\/files\/2017\/09\/Rosana-Urbes_FOTO-100x100.jpg 100w\" sizes=\"(max-width: 300px) 100vw, 300px\" \/><\/td><td class=\"column-2\"><B>Rosana URBES<\/B><br \/>\n<br \/>\n<div class=\"texto_jurados\">Animadora, ilustradora y artista de storyboard, la directora de \"Guida\", Rosana Urbes, trabaj\u00f3 fuera de Brasil durante 8 a\u00f1os, 6 de los cuales transcurrieron en los Disney Studios para pel\u00edculas como \u201cMul\u00e1n\u201d, \u201cTarz\u00e1n\u201d y \u201cLilo &amp; Stitch\u201d. Tras su regreso a Brasil, cre\u00f3 su propio estudio, donde desarrolla proyectos de animaci\u00f3n adem\u00e1s de dise\u00f1ar e ilustrar libros.<\/div> <\/td><td class=\"column-3\"><i><B>Rosana URBES<\/B><br \/>\n<br \/>\n<div class=\"texto_jurados\">Animator, Illustrator and Storyboard Artist, the director of \"Guida\" Rosana Urbes worked outside Brazil for 8 years, 6 of them at Disney Studios on movies such as \u201cMulan\u201d, \u201cTarzan\u201d and \u201cLilo &amp; Stitch\u201d. Back in Brazil, she created her own Studio where she develops animation projects, also designing and illustrating for books.<\/div> <\/i><\/td>\n<\/tr>\n<tr class=\"row-3\">\n\t<td class=\"column-1\"><img decoding=\"async\" src=\"..\/files\/2017\/09\/Juan-Pablo-Zaramella_FOTO.jpg\" alt=\"\" width=\"300\" height=\"300\" class=\"alignnone size-full wp-image-509\" srcset=\"https:\/\/www.animafestival.com.ar\/current\/files\/2017\/09\/Juan-Pablo-Zaramella_FOTO.jpg 300w, https:\/\/www.animafestival.com.ar\/current\/files\/2017\/09\/Juan-Pablo-Zaramella_FOTO-150x150.jpg 150w, https:\/\/www.animafestival.com.ar\/current\/files\/2017\/09\/Juan-Pablo-Zaramella_FOTO-100x100.jpg 100w\" sizes=\"(max-width: 300px) 100vw, 300px\" \/><\/td><td class=\"column-2\"><B>Juan Pablo ZARAMELLA<\/B><br \/>\n<br \/>\n<div class=\"texto_jurados\">Juan Pablo Zaramella (Buenos Aires - Argentina) es director y animador independiente. Todos sus cortos independientes fueron premiados alrededor el mundo. En 2010, el Festival de Animaci\u00f3n de Annecy hizo un programa especial con sus trabajos. Su cortometraje Luminaris es el m\u00e1s premiado de la historia, con 326 premios en todo el mundo, incluyendo el del p\u00fablico y el de la cr\u00edtica en Annecy 2011, y estuvo en el shortlist al Oscar al Mejor Corto Animado en 2012. Tambi\u00e9n acaba de terminar su primera serie, \u201cEl Hombre m\u00e1s Chiquito del Mundo\u201d, en coproducci\u00f3n con Francia y Argentina. Actualmente est\u00e1 produciendo un nuevo cortometraje, que estar\u00e1 listo para 2018.<\/div><\/td><td class=\"column-3\"><i><B>Juan Pablo ZARAMELLA<\/B><br \/>\n<br \/>\n<div class=\"texto_jurados\">Juan Pablo Zaramella was born in Buenos Aires, Argentina. All his independent shorts have been awarded all around the world. In 2010, Annecy International Animation Festival presented a special program with a selection of his works. His film \u201cLuminaris\u201d is the most awarded short in history, with 326 international awards, including the Audience Award and Fipresci Award at Annecy 2011, and was in the Oscars Shortlist for Best Animated Short. His new short film is called \u201cOni\u00f3n\u201d, a combination of live action and different experimental animation techniques. He recently finished \u201cThe Tiniest Man in the World\u201d, a 52 episode series made in co-production with France and Argentina. Nowadays he\u2019s directing a new short that will be ready for 2018.<\/div><\/i><\/td>\n<\/tr>\n<\/tbody>\n<\/table>\n<!-- #tablepress-12 from cache -->\n<p>&nbsp;<\/p>\n<p><strong>Pel\u00edculas en Competencia \/ <em>Films in Competition<\/em><\/strong><\/p>\n\n<table id=\"tablepress-1\" class=\"tablepress tablepress-id-1\">\n<tbody class=\"row-striping row-hover\">\n<tr class=\"row-1\">\n\t<td class=\"column-1\"><img loading=\"lazy\" decoding=\"async\" src=\"..\/files\/2017\/09\/afterwork_03.jpg\" alt=\"\" width=\"284\" height=\"150\" class=\"alignnone size-full wp-image-274\" \/><\/td><td class=\"column-2\"><b>Afterwork<\/b><br \/>\n<br \/>\n2017 \/ Color \/ 3D, 2D \/ 6:15<br \/>\nEcuador, Espa\u00f1a, Peru<br><i> Ecuador, Spain, Peru <\/I><br \/>\n<br \/>\nd: Luis Uson<\/td>\n<\/tr>\n<tr class=\"row-2\">\n\t<td class=\"column-1\"><img loading=\"lazy\" decoding=\"async\" src=\"..\/files\/2017\/09\/02airport_sun_large.jpg\" alt=\"\" width=\"275\" height=\"150\" class=\"alignnone size-full wp-image-449\" \/><\/td><td class=\"column-2\"><b>Airport<\/b><br \/>\nAeropuerto<br \/>\n<br \/>\n2017 \/ Color \/ Pintura sobre vidrio \/ Paint on glass \/ 10:35<br \/>\nSuiza, Croacia \/ Switzerland, Croatia<br \/>\n            <br \/>\nd: Michaela M\u00fcller<\/td>\n<\/tr>\n<tr class=\"row-3\">\n\t<td class=\"column-1\"><img loading=\"lazy\" decoding=\"async\" src=\"..\/files\/2017\/09\/unnamed.jpg\" alt=\"\" width=\"278\" height=\"150\" class=\"alignnone size-full wp-image-302\" \/><\/td><td class=\"column-2\"><b>Au revoir Balthazar<\/b><br \/>\nAdi\u00f3s Baltazar<br \/>\nGoodbye Balthazar<br \/>\n<br \/>\n2016 \/ Color \/ Stop motion con multiplano \/ Multiplane, stop-motion \/ 9:30<br \/>\nSuiza \/ Switzerland<br \/>\n            <br \/>\nd: Rafael Sommerhalder<\/td>\n<\/tr>\n<tr class=\"row-4\">\n\t<td class=\"column-1\"><img loading=\"lazy\" decoding=\"async\" src=\"..\/files\/2017\/09\/casino-still-2-300x128.jpg\" alt=\"\" width=\"300\" height=\"128\" class=\"alignnone size-medium wp-image-303\" srcset=\"https:\/\/www.animafestival.com.ar\/current\/files\/2017\/09\/casino-still-2-300x128.jpg 300w, https:\/\/www.animafestival.com.ar\/current\/files\/2017\/09\/casino-still-2-350x150.jpg 350w, https:\/\/www.animafestival.com.ar\/current\/files\/2017\/09\/casino-still-2.jpg 352w\" sizes=\"(max-width: 300px) 100vw, 300px\" \/><\/td><td class=\"column-2\"><b>Casino<\/b><br \/>\n<br \/>\n2016 \/ Color \/ Raspado, pintura \/ Scratching, painting \/ 3:58<br \/>\nCanad\u00e1 \/ Canada<br \/>\n            <br \/>\nd: Steven Woloshen<\/td>\n<\/tr>\n<tr class=\"row-5\">\n\t<td class=\"column-1\"><img loading=\"lazy\" decoding=\"async\" src=\"..\/files\/2017\/09\/Child_010_001_childLookUp.jpg\" alt=\"\" width=\"267\" height=\"150\" class=\"alignnone size-full wp-image-305\" \/><\/td><td class=\"column-2\"><b>Child<\/b><br \/>\nNi\u00f1o<br \/>\n<br \/>\n2016 \/ ByN \/ 3D \/ 9:12<br \/>\nFilmakademie Baden-W\u00fcrttemberg<br \/>\nAlemania \/ Germany<br \/>\n            <br \/>\nd: Iring Freytag, Viktor Stickel<\/td>\n<\/tr>\n<tr class=\"row-6\">\n\t<td class=\"column-1\"><img loading=\"lazy\" decoding=\"async\" src=\"..\/files\/2017\/09\/CITPATI_Filmstill_2K_002-300x126.jpg\" alt=\"\" width=\"300\" height=\"126\" class=\"alignnone size-medium wp-image-306\" srcset=\"https:\/\/www.animafestival.com.ar\/current\/files\/2017\/09\/CITPATI_Filmstill_2K_002-300x126.jpg 300w, https:\/\/www.animafestival.com.ar\/current\/files\/2017\/09\/CITPATI_Filmstill_2K_002.jpg 356w\" sizes=\"(max-width: 300px) 100vw, 300px\" \/><\/td><td class=\"column-2\"><b>Citipati<\/b><br \/>\n<br \/>\n2016 \/ Color \/ 3D \/ 7:00<br \/>\nFilmakademie Baden W\u00fcrttemberg GmbH<br \/>\nAlemania \/ Germany<br \/>\n            <br \/>\nd: Andreas Feix<\/td>\n<\/tr>\n<tr class=\"row-7\">\n\t<td class=\"column-1\"><img loading=\"lazy\" decoding=\"async\" src=\"..\/files\/2017\/09\/img-Cafe_froid-300dpi-5.jpg\" alt=\"\" width=\"277\" height=\"150\" class=\"alignnone size-full wp-image-308\" \/><\/td><td class=\"column-2\"><b>Caf\u00e9 froid<\/b><br \/>\nCaf\u00e9 Fr\u00edo<br \/>\nCold Coffee<br \/>\n<br \/>\n2015 \/ Color \/ 2D, acci\u00f3n en vivo \/ 2D, live action \/ 14:44<br \/>\nFrancia \/ France<br \/>\n            <br \/>\nd: Stephanie Lansaque, Francois Leroy<\/td>\n<\/tr>\n<tr class=\"row-8\">\n\t<td class=\"column-1\"><img loading=\"lazy\" decoding=\"async\" src=\"..\/files\/2017\/09\/corp_03.jpg\" alt=\"\" width=\"267\" height=\"150\" class=\"alignnone size-full wp-image-309\" \/><\/td><td class=\"column-2\"><b>Corp.<\/b><br \/>\n<br \/>\n2016 \/ Color \/ 2D, 3D \/ 9:00<br \/>\nArgentina<br \/>\n        <br \/>\nd: Pablo Polledri<\/td>\n<\/tr>\n<tr class=\"row-9\">\n\t<td class=\"column-1\"><img loading=\"lazy\" decoding=\"async\" src=\"..\/files\/2017\/09\/DOTA_1.jpg\" alt=\"\" width=\"266\" height=\"150\" class=\"alignnone size-full wp-image-311\" \/><\/td><td class=\"column-2\"><b>Dota<\/b><br \/>\n<br \/>\n2016 \/ Color \/ Dibujos sobre papel, pixilaci\u00f3n \/ Drawing on paper, pixilation \/ 4:32<br \/>\nCroacia \/ Croatia<br \/>\n            <br \/>\nd: Petra Zlonoga<\/td>\n<\/tr>\n<tr class=\"row-10\">\n\t<td class=\"column-1\"><img loading=\"lazy\" decoding=\"async\" src=\"..\/files\/2017\/09\/InOneDrag-Still-03.jpg\" alt=\"\" width=\"267\" height=\"150\" class=\"alignnone size-full wp-image-312\" \/><\/td><td class=\"column-2\"><b>Ein Tiefer Zug<\/b><br \/>\nEn una pitada<br \/>\nIn One Drag<br \/>\n<br \/>\n2016 \/ Color \/ Stop-Motion, Pixilation \/ 3:05<br \/>\nFilmakademie Baden-W\u00fcrttemberg<br \/>\nAlemania \/ Germany<br \/>\n            <br \/>\nd: Alireza Hashempour<\/td>\n<\/tr>\n<tr class=\"row-11\">\n\t<td class=\"column-1\"><img loading=\"lazy\" decoding=\"async\" src=\"..\/files\/2017\/09\/unnamed-4.jpg\" alt=\"\" width=\"267\" height=\"150\" class=\"alignnone size-full wp-image-313\" \/><\/td><td class=\"column-2\"><b>Emanations: A Visual Poem<\/b><br \/>\nEmanaciones: Un Poema Visual<br \/>\n<br \/>\n2017 \/ Color \/ Pintura sobre vidrio \/ Paint on glass \/ 4:37<br \/>\nCanad\u00e1 \/ Canada<br \/>\n            <br \/>\nd: Patrick Jenkins<\/td>\n<\/tr>\n<tr class=\"row-12\">\n\t<td class=\"column-1\"><img loading=\"lazy\" decoding=\"async\" src=\"..\/files\/2017\/09\/Ettaprostatecava1.jpg\" alt=\"\" width=\"267\" height=\"150\" class=\"alignnone size-full wp-image-315\" \/><\/td><td class=\"column-2\"><b>Et ta prostate, \u00e7a va?<\/b><br \/>\nY tu pr\u00f3stata, \u00bfC\u00f3mo est\u00e1?<br \/>\nHow's your prostate ?<br \/>\n<br \/>\n2016 \/ Color \/ Pintura \/ Painting \/ 3:33<br \/>\nFrancia \/ France<br \/>\n            <br \/>\nd: Jeanne Paturle, C\u00e9cile Rousset<\/td>\n<\/tr>\n<tr class=\"row-13\">\n\t<td class=\"column-1\"><img loading=\"lazy\" decoding=\"async\" src=\"..\/files\/2017\/09\/unnamed1.jpg\" alt=\"\" width=\"267\" height=\"150\" class=\"alignnone size-full wp-image-316\" \/><\/td><td class=\"column-2\"><b>Gamer Girl<\/b><br \/>\nChica Gamer<br \/>\n<br \/>\n2016 \/ Color \/ 2D \/ 9:26<br \/>\nCroacia \/ Croatia<br \/>\n            <br \/>\nd: Irena Juki\u0107 Pranji\u0107<\/td>\n<\/tr>\n<tr class=\"row-14\">\n\t<td class=\"column-1\"><img loading=\"lazy\" decoding=\"async\" src=\"..\/files\/2017\/09\/img-Celui_qui_a_2_ames-300dpi-1.jpg\" alt=\"\" width=\"277\" height=\"150\" class=\"alignnone size-full wp-image-317\" \/><\/td><td class=\"column-2\"><b>Celui qui a deux \u00e2mes<\/b><br \/>\n\u00c9l que tiene dos almas<br \/>\nHe who has two souls<br \/>\n<br \/>\n2015  \/ Color \/ 2D \/ 17:00<br \/>\nFrancia \/ France<br \/>\n            <br \/>\nd: Fabrice Luang-Vija<\/td>\n<\/tr>\n<tr class=\"row-15\">\n\t<td class=\"column-1\"><img loading=\"lazy\" decoding=\"async\" src=\"..\/files\/2017\/09\/Still_3-300x126.jpg\" alt=\"\" width=\"300\" height=\"126\" class=\"alignnone size-medium wp-image-318\" srcset=\"https:\/\/www.animafestival.com.ar\/current\/files\/2017\/09\/Still_3-300x126.jpg 300w, https:\/\/www.animafestival.com.ar\/current\/files\/2017\/09\/Still_3.jpg 356w\" sizes=\"(max-width: 300px) 100vw, 300px\" \/><\/td><td class=\"column-2\"><b>Here\u2019s the plan<\/b><br \/>\nEste es el plan<br \/>\n<br \/>\n2016 \/ Color \/ 3D \/ 18:00<br \/>\nChile<br \/>\n            <br \/>\nd: Fernanda Frick<\/td>\n<\/tr>\n<tr class=\"row-16\">\n\t<td class=\"column-1\"><img loading=\"lazy\" decoding=\"async\" src=\"..\/files\/2017\/09\/JazzOrgie_Still3_150413.jpg\" alt=\"\" width=\"267\" height=\"150\" class=\"alignnone size-full wp-image-319\" \/><\/td><td class=\"column-2\"><b>Jazz Orgie<\/b><br \/>\nOrg\u00eda de Jazz<br \/>\n<br \/>\n2015 \/ Color \/ Dibujos \/ Drawings \/ 1:16<br \/>\nFilmakademie Baden-W\u00fcrttemberg<br \/>\nAlemania \/ Germany<br \/>\n            <br \/>\nd: Irina Rubina<\/td>\n<\/tr>\n<tr class=\"row-17\">\n\t<td class=\"column-1\"><img loading=\"lazy\" decoding=\"async\" src=\"..\/files\/2017\/09\/L\u0152il-du-Cyclone_03.jpg\" alt=\"\" width=\"267\" height=\"150\" class=\"alignnone size-full wp-image-320\" \/><\/td><td class=\"column-2\"><b>L'\u0152il du Cyclone<\/b><br \/>\nEl ojo de la tormenta<br \/>\nThe Eye of the Storm<br \/>\n<br \/>\n2015 \/ Color \/ 2D \/ 5:03<br \/>\nFrancia, Jap\u00f3n \/ France, Japan<br \/>\n            <br \/>\nd: Masanobu Hiraoka<\/td>\n<\/tr>\n<tr class=\"row-18\">\n\t<td class=\"column-1\"><img loading=\"lazy\" decoding=\"async\" src=\"..\/files\/2017\/09\/MASTER_PNG_006519-300x125.jpg\" alt=\"\" width=\"300\" height=\"125\" class=\"alignnone size-medium wp-image-321\" srcset=\"https:\/\/www.animafestival.com.ar\/current\/files\/2017\/09\/MASTER_PNG_006519-300x125.jpg 300w, https:\/\/www.animafestival.com.ar\/current\/files\/2017\/09\/MASTER_PNG_006519.jpg 360w\" sizes=\"(max-width: 300px) 100vw, 300px\" \/><\/td><td class=\"column-2\"><b>La nuit Je danse avec la mort<\/b><br \/>\nLa noche que bailo con la muerte<br \/>\nThe Night I Dance with Death<br \/>\n<br \/>\n2017 \/ Color \/ 2D, 3D \/ 6:00<br \/>\nFrancia \/ France<br \/>\n            <br \/>\nd: Vincent Gibaud<\/td>\n<\/tr>\n<tr class=\"row-19\">\n\t<td class=\"column-1\"><img loading=\"lazy\" decoding=\"async\" src=\"..\/files\/2017\/09\/TheBaldFuture_Image1.jpg\" alt=\"\" width=\"267\" height=\"150\" class=\"alignnone size-full wp-image-322\" \/><\/td><td class=\"column-2\"><b>Le futur sera chauve<\/b><br \/>\nEl futuro ser\u00e1 calvo<br \/>\nThe Bald Future<br \/>\n<br \/>\n2016 \/ Color \/ Dibujos \/ Drawings \/ 6:00<br \/>\nFrancia \/ France<br \/>\n            <br \/>\nd: Paul Cabon<\/td>\n<\/tr>\n<tr class=\"row-20\">\n\t<td class=\"column-1\"><img loading=\"lazy\" decoding=\"async\" src=\"..\/files\/2017\/09\/OVAL-Icom-sq010sc028.jpg\" alt=\"\" width=\"277\" height=\"150\" class=\"alignnone size-full wp-image-323\" \/><\/td><td class=\"column-2\"><b>Les Demoiselles d'Ovalie<\/b><br \/>\nLas se\u00f1oritas de Ovalie<br \/>\nGrand Slam Ovalie<br \/>\n<br \/>\n2015 \/ Color \/ 2D \/ 13:00<br \/>\nFrancia \/ France<br \/>\n            <br \/>\nd: Laurent Kircher<\/td>\n<\/tr>\n<tr class=\"row-21\">\n\t<td class=\"column-1\"><img loading=\"lazy\" decoding=\"async\" src=\"..\/files\/2017\/09\/MeKafkaBogota_POSTER2016.jpg\" alt=\"\" width=\"150\" height=\"171\" class=\"alignnone size-full wp-image-324\" \/><\/td><td class=\"column-2\"><b>Me Kafka Bogot\u00e1<\/b><br \/>\n<br \/>\n2016 \/ ByN \/ 2D, stop motion, cut out, dibujo \/ 2D, stop motion, cut-out, drawings \/ 7:00<br \/>\nColombia<br \/>\n<br \/>\nd: Ricardo Arce &amp; Camilo Cogua<\/td>\n<\/tr>\n<tr class=\"row-22\">\n\t<td class=\"column-1\"><img loading=\"lazy\" decoding=\"async\" src=\"..\/files\/2017\/09\/mt2_elfi_08.jpg\" alt=\"\" width=\"267\" height=\"150\" class=\"alignnone size-full wp-image-325\" \/><\/td><td class=\"column-2\"><b>Metube 2: August sings Carmina Burana<\/b><br \/>\nMetube 2: August canta Carmina Burana<br \/>\n<br \/>\n2016 \/ Color \/ Acci\u00f3n en vivo, t\u00e9cnicas mixtas \/ Live action, mixed \/ 5:41<br \/>\nAustria<br \/>\n            <br \/>\nd: Daniel Moshel<\/td>\n<\/tr>\n<tr class=\"row-23\">\n\t<td class=\"column-1\"><img loading=\"lazy\" decoding=\"async\" src=\"..\/files\/2017\/09\/Mon_poulpe_2.jpg\" alt=\"\" width=\"267\" height=\"150\" class=\"alignnone size-full wp-image-328\" \/><\/td><td class=\"column-2\"><b>Mon Homme (Poulpe)<\/b><br \/>\nMi hombre (Pulpo)<br \/>\nMy Man (Octopus)<br \/>\n<br \/>\n2016 \/ Color \/ 2D \/ 8:49<br \/>\nFrancia \/ France<br \/>\n            <br \/>\nd: St\u00e9phanie Cadoret<\/td>\n<\/tr>\n<tr class=\"row-24\">\n\t<td class=\"column-1\"><img loading=\"lazy\" decoding=\"async\" src=\"..\/files\/2017\/09\/negativespace_still03.jpg\" alt=\"\" width=\"267\" height=\"150\" class=\"alignnone size-full wp-image-329\" \/><\/td><td class=\"column-2\"><b>Negative Space<\/b><br \/>\nEspacio Negativo<br \/>\n<br \/>\n2017 \/ Color \/ Stop Motion \/ 5:30<br \/>\nFrancia \/ France<br \/>\n            <br \/>\nd: Max Porter &amp; Ru Kuwahata<\/td>\n<\/tr>\n<tr class=\"row-25\">\n\t<td class=\"column-1\"><img loading=\"lazy\" decoding=\"async\" src=\"..\/files\/2017\/09\/my_fathers_project_03.jpg\" alt=\"\" width=\"267\" height=\"150\" class=\"alignnone size-full wp-image-330\" \/><\/td><td class=\"column-2\"><b>O Projeto do Meu Pai<\/b><br \/>\nEl proyecto de mi padre<br \/>\nMy Father's Project<br \/>\n<br \/>\n2016 \/ Color \/ 2D digital \/ 5:40<br \/>\nBrasil \/ Brazil<br \/>\n            <br \/>\nd: Rosaria Moreira<\/td>\n<\/tr>\n<tr class=\"row-26\">\n\t<td class=\"column-1\"><img loading=\"lazy\" decoding=\"async\" src=\"..\/files\/2017\/09\/OUTSIDE_05.jpg\" alt=\"\" width=\"267\" height=\"150\" class=\"alignnone size-full wp-image-331\" \/><\/td><td class=\"column-2\"><b>Outside<\/b><br \/>\nAfuera<br \/>\n<br \/>\n2017 \/ Color \/ 2D \/ 1:39<br \/>\nNational Taiwan University of Arts<br \/>\nMalasia \/ Malaysia<br \/>\n            <br \/>\nd: Ng Chee Chong<\/td>\n<\/tr>\n<tr class=\"row-27\">\n\t<td class=\"column-1\"><img loading=\"lazy\" decoding=\"async\" src=\"..\/files\/2017\/09\/stills_Persistence-of-Vision-III_2017.jpg\" alt=\"\" width=\"267\" height=\"150\" class=\"alignnone size-full wp-image-332\" \/><\/td><td class=\"column-2\"><b>Persistence of Vision III<\/b><br \/>\nPersistencia de la visi\u00f3n III<br \/>\n<br \/>\n2016 \/ Color \/ Pixilaci\u00f3n \/ Pixilation  \/ 1:45<br \/>\nNoruega \/ Norway<br \/>\n            <br \/>\nd: Ismael Sanz-Pena<\/td>\n<\/tr>\n<tr class=\"row-28\">\n\t<td class=\"column-1\"><img loading=\"lazy\" decoding=\"async\" src=\"..\/files\/2017\/09\/Piano_01b.jpg\" alt=\"\" width=\"267\" height=\"150\" class=\"alignnone size-full wp-image-333\" \/><\/td><td class=\"column-2\"><b>Piano<\/b><br \/>\n<br \/>\n2015 \/ Color \/ Dibujo sobre papel, 2D \/ Drawing on paper, 2D \/ 10:11<br \/>\nEstonia<br \/>\n            <br \/>\nd: Kaspar Jancis<\/td>\n<\/tr>\n<tr class=\"row-29\">\n\t<td class=\"column-1\"><img loading=\"lazy\" decoding=\"async\" src=\"..\/files\/2017\/09\/PA15-jpg-300x124.jpg\" alt=\"\" width=\"300\" height=\"124\" class=\"alignnone size-medium wp-image-334\" srcset=\"https:\/\/www.animafestival.com.ar\/current\/files\/2017\/09\/PA15-jpg-300x124.jpg 300w, https:\/\/www.animafestival.com.ar\/current\/files\/2017\/09\/PA15-jpg.jpg 364w\" sizes=\"(max-width: 300px) 100vw, 300px\" \/><\/td><td class=\"column-2\"><b>Poles Apart<\/b><br \/>\nPolos Opuestos<br \/>\n<br \/>\n2017 \/ Color \/ Stop Motion \/ 12:00<br \/>\nNational Film and Television School<br \/>\nReino Unido \/ United Kingdom<br \/>\n                                               <br \/>\nd: Paloma Baeza<\/td>\n<\/tr>\n<tr class=\"row-30\">\n\t<td class=\"column-1\"><img loading=\"lazy\" decoding=\"async\" src=\"..\/files\/2017\/09\/Davis_SansChlorophyll_still03.jpg\" alt=\"\" width=\"267\" height=\"150\" class=\"alignnone size-full wp-image-335\" \/><\/td><td class=\"column-2\"><b>Sans Chlorophyll<\/b><br \/>\nSin clorofila<br \/>\n<br \/>\n2017 \/ Color \/ Animaci\u00f3n de objetos, 2D \/ Object animation, 2D \/ 02:50<br \/>\nUSA<br \/>\n<br \/>\nd: Phil Davis<\/td>\n<\/tr>\n<tr class=\"row-31\">\n\t<td class=\"column-1\"><img loading=\"lazy\" decoding=\"async\" src=\"..\/files\/2017\/09\/schirkoa_rooftop_planes_hi-300x126.jpg\" alt=\"\" width=\"300\" height=\"126\" class=\"alignnone size-medium wp-image-336\" srcset=\"https:\/\/www.animafestival.com.ar\/current\/files\/2017\/09\/schirkoa_rooftop_planes_hi-300x126.jpg 300w, https:\/\/www.animafestival.com.ar\/current\/files\/2017\/09\/schirkoa_rooftop_planes_hi.jpg 358w\" sizes=\"(max-width: 300px) 100vw, 300px\" \/><\/td><td class=\"column-2\"><b>Schirkoa<\/b><br \/>\n<br \/>\n2016 \/ Color \/ 3D \/ 14:00<br \/>\nIndia<br \/>\n<br \/>\nd: Ishan Shukla<\/td>\n<\/tr>\n<tr class=\"row-32\">\n\t<td class=\"column-1\"><img loading=\"lazy\" decoding=\"async\" src=\"..\/files\/2017\/09\/Si-no-soy-no-puedo-ser_still02.jpg\" alt=\"\" width=\"267\" height=\"150\" class=\"alignnone size-full wp-image-337\" \/><\/td><td class=\"column-2\"><b>Si no soy no puedo ser<\/b><br \/>\nIf I am not I cannot be<br \/>\n<br \/>\n2017 \/ Color \/ Cutout \/ 10:46<br \/>\nEspa\u00f1a \/ Spain<br \/>\n<br \/>\nd: Mario Torrecillas<\/td>\n<\/tr>\n<tr class=\"row-33\">\n\t<td class=\"column-1\"><img loading=\"lazy\" decoding=\"async\" src=\"..\/files\/2017\/09\/film_still_five.jpg\" alt=\"\" width=\"267\" height=\"150\" class=\"alignnone size-full wp-image-338\" \/><\/td><td class=\"column-2\"><b>T\u00eate \u00e0 T\u00eate<\/b><br \/>\n<br \/>\n2017 \/ Color \/ Dibujo a mano, recortes, stop motion \/ Hand Drawn, Cut Out, Stop-motion \/ 8:00<br \/>\nReino Unido \/ United Kingdom<br \/>\n<br \/>\nd: Natasha Tonkin<\/td>\n<\/tr>\n<tr class=\"row-34\">\n\t<td class=\"column-1\"><img loading=\"lazy\" decoding=\"async\" src=\"..\/files\/2017\/09\/Tough_filmstill_003.jpg\" alt=\"\" width=\"267\" height=\"150\" class=\"alignnone size-full wp-image-339\" \/><\/td><td class=\"column-2\"><b>Tough<\/b><br \/>\nDuro<br \/>\n<br \/>\n2016 \/ Color \/ 2D, l\u00e1piz sobre papel \/ 2D Computer, pencil on paper  \/ 4:49<br \/>\nKingston University London<br \/>\nReino Unido \/ United Kingdom<br \/>\n<br \/>\nd: Jennifer Zheng<\/td>\n<\/tr>\n<tr class=\"row-35\">\n\t<td class=\"column-1\"><img loading=\"lazy\" decoding=\"async\" src=\"..\/files\/2017\/09\/ZugNachPeace3.jpg\" alt=\"\" width=\"267\" height=\"150\" class=\"alignnone size-full wp-image-340\" \/><\/td><td class=\"column-2\"><b>Zug nach peace<\/b><br \/>\nTren a la Paz<br \/>\nTrain to Peace<br \/>\n<br \/>\n2016 \/ Color \/ Acci\u00f3n en Vivo, Dibujos \/ Live action, Drawings \/ 9:30<br \/>\nAlemania \/ Germany<br \/>\n<br \/>\nd: Althoff Jost<\/td>\n<\/tr>\n<\/tbody>\n<\/table>\n<!-- #tablepress-1 from cache -->\n","protected":false},"excerpt":{"rendered":"<p>Jurados \/ Jurors &nbsp; Pel\u00edculas en Competencia \/ Films in Competition<\/p>\n","protected":false},"author":1,"featured_media":0,"parent":0,"menu_order":0,"comment_status":"closed","ping_status":"closed","template":"","meta":{"footnotes":""},"class_list":["post-253","page","type-page","status-publish","hentry"],"_links":{"self":[{"href":"https:\/\/www.animafestival.com.ar\/current\/wp-json\/wp\/v2\/pages\/253","targetHints":{"allow":["GET"]}}],"collection":[{"href":"https:\/\/www.animafestival.com.ar\/current\/wp-json\/wp\/v2\/pages"}],"about":[{"href":"https:\/\/www.animafestival.com.ar\/current\/wp-json\/wp\/v2\/types\/page"}],"author":[{"embeddable":true,"href":"https:\/\/www.animafestival.com.ar\/current\/wp-json\/wp\/v2\/users\/1"}],"replies":[{"embeddable":true,"href":"https:\/\/www.animafestival.com.ar\/current\/wp-json\/wp\/v2\/comments?post=253"}],"version-history":[{"count":5,"href":"https:\/\/www.animafestival.com.ar\/current\/wp-json\/wp\/v2\/pages\/253\/revisions"}],"predecessor-version":[{"id":523,"href":"https:\/\/www.animafestival.com.ar\/current\/wp-json\/wp\/v2\/pages\/253\/revisions\/523"}],"wp:attachment":[{"href":"https:\/\/www.animafestival.com.ar\/current\/wp-json\/wp\/v2\/media?parent=253"}],"curies":[{"name":"wp","href":"https:\/\/api.w.org\/{rel}","templated":true}]}}