{"id":260,"date":"2017-09-25T00:02:41","date_gmt":"2017-09-25T00:02:41","guid":{"rendered":"http:\/\/www.animafestival.com.ar\/2017\/?page_id=260"},"modified":"2021-04-28T21:56:06","modified_gmt":"2021-04-29T00:56:06","slug":"competencia-animacion-para-ninos-childrens-animation-competition","status":"publish","type":"page","link":"https:\/\/www.animafestival.com.ar\/current\/competencia-animacion-para-ninos-childrens-animation-competition\/","title":{"rendered":"Competencia Animaci\u00f3n para Ni\u00f1os \/ Children&#8217;s Animation Competition"},"content":{"rendered":"\n<figure class=\"wp-block-image\"><img fetchpriority=\"high\" decoding=\"async\" width=\"800\" height=\"800\" src=\"..\/files\/2019\/09\/A-Cortos-Ni\u00f1os.jpg\" alt=\"\" class=\"wp-image-1188\" srcset=\"https:\/\/www.animafestival.com.ar\/current\/files\/2019\/09\/A-Cortos-Ni\u00f1os.jpg 800w, https:\/\/www.animafestival.com.ar\/current\/files\/2019\/09\/A-Cortos-Ni\u00f1os-150x150.jpg 150w, https:\/\/www.animafestival.com.ar\/current\/files\/2019\/09\/A-Cortos-Ni\u00f1os-300x300.jpg 300w, https:\/\/www.animafestival.com.ar\/current\/files\/2019\/09\/A-Cortos-Ni\u00f1os-768x768.jpg 768w, https:\/\/www.animafestival.com.ar\/current\/files\/2019\/09\/A-Cortos-Ni\u00f1os-400x400.jpg 400w, https:\/\/www.animafestival.com.ar\/current\/files\/2019\/09\/A-Cortos-Ni\u00f1os-100x100.jpg 100w\" sizes=\"(max-width: 800px) 100vw, 800px\" \/><\/figure>\n\n\n\n<p><strong>A Whale\u2019s Tale<\/strong><\/p>\n\n\n\n<p>El cuento de una ballena<\/p>\n\n\n\n<p>2018 \/ 2D \/ <em>0:03:00<\/em><\/p>\n\n\n\n<p>REINO UNIDO \/ <em>UNITED KINGDOM<\/em><\/p>\n\n\n\n<p>Dir: Giovanna Utichi, Robin Celebi, Izzy Burton<\/p>\n\n\n\n<p>Una ballena ayuda a otros animales marinos a liberarse a s\u00ed mismos del pl\u00e1stico, y un ni\u00f1o tiene la misi\u00f3n de limpiar su playa local.<br><\/p>\n\n\n\n<p><em>A whale helps other sea animals free themselves of plastic, and a young boy is on a mission to clean up his local beach.<\/em><\/p>\n\n\n\n<p><\/p>\n\n\n\n<p><strong>Ail\u00edn en la Luna<\/strong><\/p>\n\n\n\n<p>Ailin In The Moon<\/p>\n\n\n\n<p>2019 \/ Stop motion, cutout \/ 0:05:00<\/p>\n\n\n\n<p>ARGENTINA&nbsp;<\/p>\n\n\n\n<p>Dir: Claudia Ruiz<\/p>\n\n\n\n<p>Trabajar, hacer las compras, cocinar, limpiar, planchar, cuidar a su hija Ail\u00edn: esa es la rutina de Vilma, madre de 40 a\u00f1os, abrumada por la fatiga. Un d\u00eda Ail\u00edn causa un brote emocional de la madre. La rutina que las separ\u00f3 debe romperse para que vuelvan a encontrarse.<br><\/p>\n\n\n\n<p><em>Working, doing the shopping, cooking, cleaning, ironing, taking care of her daughter Ail\u00edn: that is Vilma\u2019s routine, a 40 year old mom who is overwhelmed by fatigue. One day Ail\u00edn causes an emotional outbreak of the mother. The routine that separated them must be broken so that they meet again.<\/em><\/p>\n\n\n\n<p><\/p>\n\n\n\n<p><strong>Apple of My Eye<\/strong><\/p>\n\n\n\n<p>Media naranja<\/p>\n\n\n\n<p>2018 \/ 3D CGI \/ 0:05:50<\/p>\n\n\n\n<p>SINGAPUR \/ <em>SINGAPORE<\/em><\/p>\n\n\n\n<p>Dir: Davide Benvenuti<\/p>\n\n\n\n<p>En una tierra extra\u00f1a, dos criaturas se enfrentan por el \u00faltimo resto de comida.<br><\/p>\n\n\n\n<p><em>In a strange land two creatures fight over the last scrap of food.<\/em><br><\/p>\n\n\n\n<p><\/p>\n\n\n\n<p><strong>Cat Lake City<\/strong><\/p>\n\n\n\n<p>2019 \/ 2D \/ 0:06:40<\/p>\n\n\n\n<p>ALEMANIA \/ <em>GERMANY<\/em><\/p>\n\n\n\n<p>Dir: Antje Heyn<\/p>\n\n\n\n<p>Percy Gato est\u00e1 esperando pasar un d\u00eda relajante en Cat Lake City, el para\u00edso vacacional de los gatos. Pero el lugar no es lo que esperaba. Ni siquiera el lugar de la toalla es tan seguro como \u00e9l pensaba.<br><\/p>\n\n\n\n<p><em>Percy Cat is looking forward to a relaxing day in Cat Lake City \u2013 the cats\u2019 vacation paradise. But the place is not as expected. Not even the spot on the towel is as safe as he thought.<\/em><\/p>\n\n\n\n<p><\/p>\n\n\n\n<p><strong>Don&#8217;t Feed These Animals<\/strong><\/p>\n\n\n\n<p>No alimente a estos animales<\/p>\n\n\n\n<p>2019 \/ 3D CGI \/ 0:10:00<\/p>\n\n\n\n<p>PORTUGAL<\/p>\n\n\n\n<p>Dir: Guilherme Afonso, Miguel Mada\u00edl de Freitas<\/p>\n\n\n\n<p>Hab\u00eda una vez un conejo lobotomizado, que viv\u00eda en un laboratorio de investigaci\u00f3n. Ten\u00eda un desorden de personalidad bipolar, desencadenado por su gran apetito por las zanahorias. Un d\u00eda el conejo le da vida a una zanahoria por accidente, pero tambi\u00e9n crea algo malvado. Ahora ambos, la zanahoria y el conejo, deben superar sus diferencias y unir fuerzas, para juntos vencer esta amenaza.<br><\/p>\n\n\n\n<p><em>Once upon a time there was a lobotomised bunny who lived in a research laboratory. He had bipolar personality disorder, triggered by his huge appetite for carrots. One day the bunny brings a carrot to life by accident but also creates something evil. Now both carrot and bunny must surpass their differences and join forces, so that together they may end this threat.<\/em><\/p>\n\n\n\n<p><\/p>\n\n\n\n<p><strong>Dorothy la Vagabonde<\/strong><\/p>\n\n\n\n<p>Dorothy la Viajera<\/p>\n\n\n\n<p><em>Dorothy the Rambler<\/em><\/p>\n\n\n\n<p>2018 \/ Stop motion \/ 0:08:42<\/p>\n\n\n\n<p>FRANCIA \/ <em>FRANCE<\/em><\/p>\n\n\n\n<p>Dir: Emmanuelle Gorgiard<\/p>\n\n\n\n<p>Rosine, Agla\u00e9, Marguerite y Clarisse nunca viven una aventura salvaje; por lo que no conocen mucho del mundo exterior. Un d\u00eda, ven a una criatura peluda y muy extra\u00f1a durmiendo en su propia pradera.<br><\/p>\n\n\n\n<p><em>Rosine, Agla\u00e9, Marguerite and Clarisse never really live any wild adventure; therefore, they don&#8217;t know much about the outside world. One day, they see a very strange and hairy creature who is sleeping in their very own meadow.<\/em><\/p>\n\n\n\n<p><\/p>\n\n\n\n<p><strong>Flipped<\/strong><\/p>\n\n\n\n<p>Volteado<\/p>\n\n\n\n<p>2018 \/ 2D \/ 0:04:54<\/p>\n\n\n\n<p>Bristol School of Animation<\/p>\n\n\n\n<p>EGIPTO &#8211; REINO UNIDO \/ EGYPT &#8211; UNITED KINGDOM<\/p>\n\n\n\n<p>Dir: Hend Esmat, Lamiaa Diab<\/p>\n\n\n\n<p>Lo absurdo de un mundo en donde los roles de los ni\u00f1os y los adultos est\u00e1n invertidos.<br><\/p>\n\n\n\n<p><em>The absurdity of a world where the roles of kids and adults are switched. <\/em><\/p>\n\n\n\n<p><\/p>\n\n\n\n<p><strong>Geno<\/strong><\/p>\n\n\n\n<p>2017 \/ 3D CGI \/ 0:12:47<\/p>\n\n\n\n<p>GEORGIA<\/p>\n\n\n\n<p>Dir: Dato Kiknavelidze<\/p>\n\n\n\n<p>El sapo Geno y sus vecinos se ven forzados a buscar un nuevo h\u00e1bitat, porque una construcci\u00f3n invade el estanque en el que viven.<br><\/p>\n\n\n\n<p><em>Toad Geno and his neighbors are forced to seek a new habitat, because a construction site invades the pond where they live.<\/em><\/p>\n\n\n\n<p><\/p>\n\n\n\n<p><strong>HandShake<\/strong><\/p>\n\n\n\n<p>2018 \/ 3D CGI \/ 0:01:20<\/p>\n\n\n\n<p>ARGENTINA<\/p>\n\n\n\n<p>Dir: Martin Schurmann<\/p>\n\n\n\n<p>Dos amigos que no se ven desde hace mucho tiempo se encuentran y se ven involucrados en un apret\u00f3n de manos, que se convierte en una gran coreograf\u00eda.<br><\/p>\n\n\n\n<p><em>Two long-lost friends bump into each other and find themselves in a very special handshake, that turns into a great choreography!<\/em><\/p>\n\n\n\n<p><\/p>\n\n\n\n<p><strong>Heat Wave<\/strong><\/p>\n\n\n\n<p>Ola de calor<\/p>\n\n\n\n<p>2019 \/ <em>Stop Motion<\/em> \/ 0:07:13<\/p>\n\n\n\n<p>National Film and Television School<\/p>\n\n\n\n<p>REINO UNIDO \/ <em>UNITED KINGDOM<\/em><\/p>\n\n\n\n<p>Dir: Fokion Xenos<\/p>\n\n\n\n<p>\u00a1En medio de una ola de calor de locura, dos ni\u00f1os encuentran la manera de enfriar a todos!<br><\/p>\n\n\n\n<p><em>In the midst of a heatwave of insanity, two children find a way to cool everyone down!<\/em><\/p>\n\n\n\n<p><\/p>\n\n\n\n<p><strong>Light Trail<\/strong><\/p>\n\n\n\n<p>Rastro de Luz<\/p>\n\n\n\n<p>2018\/ T\u00e9cnica \/ <em>T\u00e9cnica en ingl\u00e9s<\/em> \/ 0:04:50<\/p>\n\n\n\n<p>Bristol School of Animation, UWE<\/p>\n\n\n\n<p>REINO UNIDO \/ <em>UNITED KINGDOM<\/em><\/p>\n\n\n\n<p>Dir: Melissa Pinto<\/p>\n\n\n\n<p>Mientras merodea por el bosque, una ni\u00f1a encuentra una estrella. Ambas se ayudan para llegar a su hogar.<\/p>\n\n\n\n<p><em>A girl that finds a star while she is wandering in the forest. They both help each other find their home.&nbsp;<\/em><\/p>\n\n\n\n<p><\/p>\n\n\n\n<p><strong>Like and Follow<\/strong><\/p>\n\n\n\n<p>Dar like y seguir<\/p>\n\n\n\n<p>2019 \/ 3D CGI \/ 0:02:05<\/p>\n\n\n\n<p>JAP\u00d3N \/ <em>JAPAN<\/em><\/p>\n\n\n\n<p>Dir: Tobias Schlage, Brent Forrest<\/p>\n\n\n\n<p>Cuando un ni\u00f1o empieza a pasar tiempo en el mundo real, depender\u00e1 de su tel\u00e9fono inteligente volver su atenci\u00f3n a d\u00f3nde pertenece.<\/p>\n\n\n\n<p><em>When a kid starts spending time in the real world, it&#8217;s up to his smartphone to bring his attention back to where it belongs.<\/em><\/p>\n\n\n\n<p><\/p>\n\n\n\n<p><strong>Luis Pescetti_MAGIA TODO EL DIA_3 canciones dibujadas&nbsp;<\/strong><\/p>\n\n\n\n<p><em>Luis Pescetti_MAGIC ALL DAY LONG_3 animated songs<\/em><\/p>\n\n\n\n<p>2019 \/ 2D \/ 0:04:20<\/p>\n\n\n\n<p>ARGENTINA<\/p>\n\n\n\n<p>Dir: Pablo Rodriguez Jauregui<\/p>\n\n\n\n<p>Tres canciones del libro_disco \u00abMagia todo el d\u00eda\u00bb de Luis Pescetti, editado en 2018.<\/p>\n\n\n\n<p>Three songs from the book\/record \u201cMagic all day long\u201d by Luis Pescetti, edited in 2018.<\/p>\n\n\n\n<p><\/p>\n\n\n\n<p><strong><em>C\u0153ur Fondant<\/em><\/strong><\/p>\n\n\n\n<p>Coraz\u00f3n de fondant<\/p>\n\n\n\n<p><em>Melting heart cake<\/em><\/p>\n\n\n\n<p>2018 \/ Stop motion \/ 0:11:20<\/p>\n\n\n\n<p>FRANCIA \/ <em>FRANCE<\/em><\/p>\n\n\n\n<p>Dir: Beno\u00eet Chieux<\/p>\n\n\n\n<p>Para compartir con su amiga su coraz\u00f3n de fondant de chocolate, Anna debe cruzar un bosque glacial, acechado por&nbsp; un nuevo residente: un terror\u00edfico gigante barbudo.<\/p>\n\n\n\n<p><br><em>To share her chocolate \u00abc\u0153ur fondant\u00bb with her friend, Anna must cross a glacial forest. Said forest is haunted by a new resident, a terrifying bearded giant. <\/em><\/p>\n\n\n\n<p><\/p>\n\n\n\n<p><strong><em>MVP<\/em><\/strong><\/p>\n\n\n\n<p>2018 \/ 3D CGI \/ 0:03:50<\/p>\n\n\n\n<p>POLONIA \/ <em>POLAND<\/em><\/p>\n\n\n\n<p>Dir: Artur Marcol<\/p>\n\n\n\n<p>Un campe\u00f3n de b\u00e1squetbol lucha contra su m\u00e1s grande oponente: \u00e9l mismo.<\/p>\n\n\n\n<p><em>A basketball champ is fighting against his biggest fear: himself. <\/em><\/p>\n\n\n\n<p><\/p>\n\n\n\n<p><strong><em>Nodding Off<\/em><\/strong><\/p>\n\n\n\n<p>Cabeceando<\/p>\n\n\n\n<p>2018 \/ 3D CGI \/ 0:02:15<\/p>\n\n\n\n<p>Ringling College of Art + Design<\/p>\n\n\n\n<p>USA<\/p>\n\n\n\n<p>Dir: Kailey Ga Young Choi<\/p>\n\n\n\n<p>Un oficinista se duerme conduciendo al salir del trabajo. El perrito ornamental del auto lo rescata, tomando el volante.&nbsp;<\/p>\n\n\n\n<p><em>An office worker falls asleep while he is driving after getting off work. The bobble head dog rescues him by taking the steering wheel.<\/em><\/p>\n\n\n\n<p><\/p>\n\n\n\n<p><strong>One Giant Leap For Neil<\/strong><\/p>\n\n\n\n<p>Un salto gigante para Neil<\/p>\n\n\n\n<p>2019 \/ 3D \/ 0:02:11<\/p>\n\n\n\n<p>PA\u00cdSES BAJOS \/ <em>NETHERLANDS<\/em>\t<\/p>\n\n\n\n<p>Dir: Silvester Zwaneveld, Raven Baars, David Mohrmann&nbsp;<\/p>\n\n\n\n<p>En 2019, hace 50 a\u00f1os, Neil Armstrong puso el pie en la luna.<\/p>\n\n\n\n<p><em>In 2019, 50 years ago, Neil Armstrong set foot on the moon.<\/em><\/p>\n\n\n\n<p><\/p>\n\n\n\n<p><strong>\u041b\u0435\u043a\u0430\u0440\u0441\u0442\u0432\u043e \u043e\u0442 \u043f\u043e\u0441\u043b\u0443\u0448\u043d\u043e\u0441\u0442\u0438<\/strong><\/p>\n\n\n\n<p>Ni\u00f1os perfectamente traviesos<\/p>\n\n\n\n<p><em>Perfectly Naughty Kids<\/em><\/p>\n\n\n\n<p>2018 \/ 2D \/ 0:14:10<\/p>\n\n\n\n<p>FEDERACI\u00d3N RUSA \/ <em>RUSSIAN FEDERATION<\/em>\t<\/p>\n\n\n\n<p>Dir: Tatiana Kiseleva<\/p>\n\n\n\n<p>Una incre\u00edble historia sobre c\u00f3mo un gnomo travieso ayud\u00f3 al Dr. Pyatkin a curar a los ni\u00f1os horriblemente obedientes de la excesiva cortes\u00eda.<\/p>\n\n\n\n<p>An amazing story about how a mischievous gnome helped Dr. Pyatkin to cure the horribly obedient children from excessive mannerliness.<\/p>\n\n\n\n<p><\/p>\n\n\n\n<p><strong>Planet Z &#8211; Surprise Egg<\/strong><\/p>\n\n\n\n<p>Planeta Z &#8211; Huevo sorpresa<\/p>\n\n\n\n<p>2017 \/ 2D \/ 0:06:51<\/p>\n\n\n\n<p>FINLANDIA \/ <em>FINLAND<\/em><\/p>\n\n\n\n<p>Dir: Maria Bj\u00f6rklund<\/p>\n\n\n\n<p>Tora, una criatura con forma de tigre de dos bocas, est\u00e1 buscando algo para comer. Se encuentra con una pila de huevos, pero el huevo que Tora arrebata se abre en su boca. Sale Pinki, que sabe tan desagradable que Tora no puede comerlo. Sin embargo, resulta que Tora tampoco puede deshacerse de Pinki porque piensa que Tora es su madre.<\/p>\n\n\n\n<p><em>Tora, a two-mouthed, tiger-like creature, is looking for something to eat. It runs into a pile of eggs, but the egg Tora snatches from it hatches in its mouth! Out comes Pinki, who tastes so disgusting that Tora can\u2019t eat it. However, it turns out Tora can&#8217;t get rid of Pinki either, as it seems to think that Tora is its mother.&nbsp;<\/em><\/p>\n\n\n\n<p><\/p>\n\n\n\n<p><strong>Space Yoghurt &#8211; The Moustache<\/strong><\/p>\n\n\n\n<p>Yoghurt espacial &#8211; El bigote<\/p>\n\n\n\n<p>2019 \/ 3D CGI \/ 0:02:00<\/p>\n\n\n\n<p>SUECIA \/ <em>SWEDEN<\/em><\/p>\n\n\n\n<p>Dir: Maria Avramova<\/p>\n\n\n\n<p>Algo extra\u00f1o ha ca\u00eddo del cielo\u2026 \u00a1\u00bfQu\u00e9 podr\u00eda ser?! Parece una ceja, una mariposa o un bigote.<\/p>\n\n\n\n<p><em>Something strange falls down from the sky. What could it be?! It looks like an eyebrow, or a butterfly or a moustache.<\/em><\/p>\n\n\n\n<p><\/p>\n\n\n\n<p><strong>Sk\u0159\u00ed\u0148ostroj doktora Steina<\/strong><\/p>\n\n\n\n<p>El incre\u00edble armariodispositivo del Dr. Stein<\/p>\n\n\n\n<p><em>The Incredible Wardrobegadget Of Dr. Stein<\/em><\/p>\n\n\n\n<p>2019 \/ Stop Motion \/ 0:14:55<\/p>\n\n\n\n<p>Volda University College<\/p>\n\n\n\n<p>REP\u00daBLICA CHECA \/ <em>CZECH REPUBLIC<\/em><\/p>\n\n\n\n<p>Dir: Gabriela Plackova <\/p>\n\n\n\n<p>Cuando el perrito del profesor Stein muere en un accidente, \u00e9l est\u00e1 empe\u00f1ado en hacer lo que sea por revivirlo: tanto, que construye una incre\u00edble m\u00e1quina de volver a la vida; pero \u00e9sta crea un terror\u00edfico monstruo en vez de un adorable cachorrito. \u00bfC\u00f3mo podr\u00e1 probar el monstruo que tiene el buen coraz\u00f3n de una mascota?<\/p>\n\n\n\n<p><em>When professor Stein&#8217;s dog dies in an accident, he&#8217;s ready to do whatever it takes to get him back. He builds an incredible life-reviving machine but instead of a cute pup a hideous monster comes out of it. How can the monster prove that it has the dog&#8217;s good heart inside?<\/em><\/p>\n\n\n\n<p><\/p>\n\n\n\n<p><strong>The Overcoat<\/strong><\/p>\n\n\n\n<p>El sobretodo<\/p>\n\n\n\n<p>2018 \/ 3D CGI \/ 0:30:00<\/p>\n\n\n\n<p>IRLANDA \/ <em>IRELAND<\/em><\/p>\n\n\n\n<p>Dir: Sean Mullen, Meelis Arulepp<\/p>\n\n\n\n<p>Una c\u00e1ndida historia sobre un oficinista que gasta todos sus ahorros en la compra de un nuevo abrigo para resguardarse de las bajas temperaturas navide\u00f1as, s\u00f3lo para que el destino intervenga de manera fantasmag\u00f3rica.<\/p>\n\n\n\n<p><em>A warm and unique Christmas story about an office worker that saves all his money to buy a new coat in time for Christmas, only to have fate take a ghostly hand.<\/em><\/p>\n\n\n\n<p><\/p>\n\n\n\n<p><strong>Hay secretos<\/strong><\/p>\n\n\n\n<p>There are secrets<\/p>\n\n\n\n<p>2019 \/ Recortes \/ <em>Cutout<\/em> \/ 0:03:22<\/p>\n\n\n\n<p>ARGENTINA&nbsp;<\/p>\n\n\n\n<p>Dir: Silvina Rodriguez Aguilera, Fabricio Sola<\/p>\n\n\n\n<p>Videoclip de la canci\u00f3n \u201cHay secretos\u201d, del grupo Canticu\u00e9nticos.<\/p>\n\n\n\n<p><em>Music video for the song \u201cThere are secrets\u201d by Canticu\u00e9nticos.<\/em><\/p>\n\n\n\n<p><\/p>\n\n\n\n<p><strong>\u6234\u8d77\u7f8e\u9e97\u4eba\u751f<\/strong><\/p>\n\n\n\n<p>Lleva una vida hermosa&nbsp;<\/p>\n\n\n\n<p><em>Wear Your Beautiful Life<\/em><\/p>\n\n\n\n<p>2018 \/ 3D CGI \/ 0:03:40<\/p>\n\n\n\n<p>CHINA<\/p>\n\n\n\n<p>Dir: Nicolas Lesaffre<\/p>\n\n\n\n<p>Un personaje m\u00e1gico aparece despu\u00e9s de que una joven ignora varias de las llamadas telef\u00f3nicas de su padre. Una m\u00e1quina del tiempo innovadora les har\u00e1 experimentar los cambios en Hong Kong en los \u00faltimos 30 a\u00f1os y de alguna manera nos recordar\u00e1 c\u00f3mo la familia es clave en nuestras vidas.<\/p>\n\n\n\n<p><em>A magic character appears after a young woman ignored several of her dad&#8217;s phone calls. An innovative time machine will make them experience the changes in Hong Kong over the past 30 years and somehow remind us how family is key in our lives.<\/em><\/p>\n\n\n\n<p><br><\/p>\n\n\n\n<p><br><\/p>\n\n\n\n<p><br><\/p>\n\n\n\n<p><br><\/p>\n\n\n\n<p><br><\/p>\n\n\n\n<p><br><\/p>\n\n\n\n<p><br><\/p>\n","protected":false},"excerpt":{"rendered":"<p>A Whale\u2019s Tale El cuento de una ballena 2018 \/ 2D \/ 0:03:00 REINO UNIDO \/ UNITED KINGDOM Dir: Giovanna Utichi, Robin Celebi, Izzy Burton Una ballena ayuda a otros animales marinos a liberarse a s\u00ed mismos del pl\u00e1stico, y un ni\u00f1o tiene la misi\u00f3n de limpiar su playa local. A whale helps other sea [&hellip;]<\/p>\n","protected":false},"author":1,"featured_media":0,"parent":0,"menu_order":0,"comment_status":"closed","ping_status":"closed","template":"","meta":{"footnotes":""},"class_list":["post-260","page","type-page","status-publish","hentry"],"_links":{"self":[{"href":"https:\/\/www.animafestival.com.ar\/current\/wp-json\/wp\/v2\/pages\/260","targetHints":{"allow":["GET"]}}],"collection":[{"href":"https:\/\/www.animafestival.com.ar\/current\/wp-json\/wp\/v2\/pages"}],"about":[{"href":"https:\/\/www.animafestival.com.ar\/current\/wp-json\/wp\/v2\/types\/page"}],"author":[{"embeddable":true,"href":"https:\/\/www.animafestival.com.ar\/current\/wp-json\/wp\/v2\/users\/1"}],"replies":[{"embeddable":true,"href":"https:\/\/www.animafestival.com.ar\/current\/wp-json\/wp\/v2\/comments?post=260"}],"version-history":[{"count":17,"href":"https:\/\/www.animafestival.com.ar\/current\/wp-json\/wp\/v2\/pages\/260\/revisions"}],"predecessor-version":[{"id":2012,"href":"https:\/\/www.animafestival.com.ar\/current\/wp-json\/wp\/v2\/pages\/260\/revisions\/2012"}],"wp:attachment":[{"href":"https:\/\/www.animafestival.com.ar\/current\/wp-json\/wp\/v2\/media?parent=260"}],"curies":[{"name":"wp","href":"https:\/\/api.w.org\/{rel}","templated":true}]}}