{"id":44,"date":"2017-02-20T14:07:01","date_gmt":"2017-02-20T14:07:01","guid":{"rendered":"http:\/\/www.animafestival.com.ar\/2017\/?page_id=44"},"modified":"2023-03-04T09:39:46","modified_gmt":"2023-03-04T12:39:46","slug":"acerca-de-anima-about-anima","status":"publish","type":"page","link":"https:\/\/www.animafestival.com.ar\/current\/acerca-de-anima-about-anima\/","title":{"rendered":"Acerca de ANIMA | About ANIMA"},"content":{"rendered":"\t\t<div data-elementor-type=\"wp-page\" data-elementor-id=\"44\" class=\"elementor elementor-44\">\n\t\t\t\t\t\t<section class=\"elementor-section elementor-top-section elementor-element elementor-element-6ab815e elementor-section-boxed elementor-section-height-default elementor-section-height-default\" data-id=\"6ab815e\" data-element_type=\"section\" data-e-type=\"section\">\n\t\t\t\t\t\t<div class=\"elementor-container elementor-column-gap-default\">\n\t\t\t\t\t<div class=\"elementor-column elementor-col-100 elementor-top-column elementor-element elementor-element-17b61bef\" data-id=\"17b61bef\" data-element_type=\"column\" data-e-type=\"column\">\n\t\t\t<div class=\"elementor-widget-wrap elementor-element-populated\">\n\t\t\t\t\t\t<div class=\"elementor-element elementor-element-760819c4 elementor-widget elementor-widget-text-editor\" data-id=\"760819c4\" data-element_type=\"widget\" data-e-type=\"widget\" data-widget_type=\"text-editor.default\">\n\t\t\t\t<div class=\"elementor-widget-container\">\n\t\t\t\t\t\t\t\t\t<p>For English, <a href=\"#English\">CLICK HERE<\/a><\/p>\n<table border=\"0\" width=\"100%\" rules=\"NONE\" cellspacing=\"0\" cellpadding=\"4\">\n<colgroup>\n<col width=\"43*\">\n<col width=\"213*\"> <\/colgroup>\n<tbody>\n<tr valign=\"TOP\">\n<td width=\"22%\">\n<p lang=\"en-US\"><span style=\"font-size: x-large; color: #800080;\"><em>\u00bfQu\u00e9 es ANIMA?<\/em><\/span><\/p>\n<\/td>\n<td width=\"83%\">\n<p lang=\"en-US\"><strong>ANIMA \u2013 Festival Internacional de Animaci\u00f3n de C\u00f3rdoba<\/strong> es un evento de car\u00e1cter acad\u00e9mico y cultural, de alcance internacional, dedicado espec\u00edficamente al arte y la t\u00e9cnica de la animaci\u00f3n. Se origin\u00f3 en 2001 como evento bienal, y a partir de su XI edici\u00f3n (2021) se transforma en un evento anual. Es uno de los principales eventos sobre animaci\u00f3n realizado en la Rep\u00fablica Argentina; y uno de los festivales animados m\u00e1s relevantes y valorados de Am\u00e9rica Latina.<\/p>\n<p><strong>ANIMA<\/strong> no es un evento com\u00fan. El principal objetivo es reunir a individuos creativos dedicados al arte y al oficio de la animaci\u00f3n en un punto de encuentro, donde todo el debate e intercambio pueda dirigirse hacia el campo de la animaci\u00f3n en cualquiera de sus muchas dimensiones de an\u00e1lisis: como expresi\u00f3n art\u00edstica, como industria cultural, como material did\u00e1ctico, como objeto de investigaci\u00f3n, etc&#8230; \u00a1O s\u00f3lo como algo divertido!<\/p>\n<\/td>\n<\/tr>\n<tr valign=\"TOP\">\n<td width=\"17%\">&nbsp;<\/td>\n<td width=\"83%\">&nbsp;<\/td>\n<\/tr>\n<tr valign=\"TOP\">\n<td width=\"17%\">\n<p lang=\"en-US\"><span style=\"font-size: x-large; color: #800080;\"><em>Organizadores<\/em> <\/span><\/p>\n<\/td>\n<td width=\"83%\"><strong>ANIMA<\/strong> es coorganizado por el Centro Experimental de Animaci\u00f3n (CEAn) del Departamento de Cine y TV, Facultad de Artes, Universidad Nacional de C\u00f3rdoba; la Secretar\u00eda de Extensi\u00f3n Universitaria (SEU) de la Universidad Nacional de C\u00f3rdoba; el Espacio Curricular Animaci\u00f3n de la Licenciatura en Dise\u00f1o, IAPCH, Universidad Nacional de Villa Mar\u00eda; y la Secretar\u00eda de Cultura de la Municipalidad de C\u00f3rdoba.<\/td>\n<\/tr>\n<tr valign=\"TOP\">\n<td width=\"17%\">&nbsp;<\/td>\n<td width=\"83%\">&nbsp;<\/td>\n<\/tr>\n<tr valign=\"TOP\">\n<td width=\"17%\">\n<p lang=\"en-US\"><span style=\"font-size: x-large; color: #800080;\"><em>Dimensiones<\/em><\/span><\/p>\n<\/td>\n<td width=\"83%\">\n<p><strong>ANIMA<\/strong> posee tres dimensiones superpuestas:<\/p>\n<ul>\n<li><span style=\"color: #800080;\"><strong>ANIMA ES UN FESTIVAL INTERNACIONAL DE ANIMACI\u00d3N<\/strong><\/span>: M\u00e1s de 3000 pel\u00edculas fueron recibidas para la \u00faltima edici\u00f3n (2022), de las cuales fueron seleccionadas alrededor de una centena. Entre los invitados y jurados de las ediciones anteriores se encuentran important\u00edsimas personalidades del mundo de la animaci\u00f3n, entre ellos: Chris Hinton (Canad\u00e1); Juan Pablo Zaramella (Argentina); Marcy Page (Canad\u00e1); Santiago &#8216;Bou&#8217; Grasso (Argentina); Michaela Pavl\u00e1tova (Rep\u00fablica Checa); Javier Mrad (Argentina); Martine Chartrand (Canad\u00e1); Barry Purves (Reino Unido); Pablo Rodr\u00edguez Ja\u00faregui (Argentina); Walter Tournier (Uruguay); Esteban Tolj (Argentina); Tom\u00e1s Welss (Chile); Diego Rolle (Argentina); Otto Guerra (Brasil); Vivienne Barry (Chile); Ren\u00e9 Castillo (M\u00e9xico); Hugo Covarrubias (Chile), y muchos m\u00e1s.<\/li>\n<\/ul>\n<ul>\n<li><span style=\"color: #800080;\"><strong>ANIMA ES UNA OPORTUNIDAD PARA APRENDER DE LOS MEJORES<\/strong><\/span>: ANIMA brinda a sus asistentes m\u00faltiples oportunidades educativas de alto nivel y grado de profundizaci\u00f3n. En todas las ediciones anteriores se han organizado Seminarios, Talleres y Cursos en torno a distintas especificidades de la animaci\u00f3n, tanto en el aspecto est\u00e9tico, narrativo y tecnol\u00f3gico. Las diferentes actividades estuvieron a cargo de artistas y profesionales destacados del \u00e1mbito nacional e internacional, como Rodolfo S\u00e1enz Valiente (Argentina); Steven Woloshen (Canad\u00e1); Andr\u00e9s Lieban (Brasil); Giannalberto Bendazzi (Italia).<\/li>\n<\/ul>\n<ul>\n<li><span style=\"color: #800080;\"><strong>ANIMA ES UN CONGRESO INTERNACIONAL<\/strong><\/span>: El <a href=\"http:\/\/www.animafestival.com.ar\/forum\">Foro Acad\u00e9mico Internacional de Animaci\u00f3n<\/a> es un importante Congreso espec\u00edfico sobre Animaci\u00f3n, desarrollado en castellano y en ingl\u00e9s. Realiza una convocatoria abierta a ponencias, presentaciones en video y posters. Un Comit\u00e9 Acad\u00e9mico eval\u00faa &#8211; mediante doble referato ciego &#8211; cu\u00e1les presentaciones integrar\u00e1n el Congreso y su posterior publicaci\u00f3n en Actas. En esta ocasi\u00f3n se desarrollar\u00e1 la V edici\u00f3n del Foro.<\/li>\n<\/ul>\n<\/td>\n<\/tr>\n<tr valign=\"TOP\">\n<td width=\"17%\">&nbsp;<\/td>\n<td width=\"83%\">&nbsp;<\/td>\n<\/tr>\n<tr valign=\"TOP\">\n<td width=\"17%\">&nbsp;<\/td>\n<td width=\"83%\">&nbsp;<\/td>\n<\/tr>\n<\/tbody>\n<\/table>\n<hr>\n<table border=\"0\" width=\"100%\" rules=\"NONE\" cellspacing=\"0\" cellpadding=\"4\">\n<colgroup>\n<col width=\"57*\">\n<col width=\"199*\"> <\/colgroup>\n<tbody>\n<tr valign=\"TOP\">\n<td width=\"22%\"><span style=\"font-size: x-large; color: #800080;\"><em>What is ANIMA?<\/em><\/span><\/td>\n<td width=\"78%\">\n<p lang=\"en-US\"><strong>ANIMA &#8211; C\u00f3rdoba International Animation Festival<\/strong> is both an academic and cultural event, devoted specifically to animation in its artistic and technological dimensions. It originated in 2001 as a biennial event, and from its XI edition (2021) it became&nbsp; an annual event.&nbsp; ANIMA is one of the main animation events held in the Argentine Republic; and one of the most relevant and valued animation festivals in Latin America.<\/p>\n<p lang=\"en-US\"><strong>ANIMA<\/strong> is no ordinary event. Its main objective is to gather creative individuals devoted to the art and craft of animation into a meeting point where all discussion and exchange can be directed into the scope of animation, in its many dimensions of analysis: as artistic expression, as cultural industry, as educational resource, as corpus for research, etc&#8230; Or just as fun!<\/p>\n<\/td>\n<\/tr>\n<tr valign=\"TOP\">\n<td width=\"22%\">&nbsp;<\/td>\n<td width=\"78%\">&nbsp;<\/td>\n<\/tr>\n<tr valign=\"TOP\">\n<td width=\"22%\"><span style=\"font-size: x-large; color: #800080;\"><em>Who organizes ANIMA?<\/em> <\/span><\/td>\n<td width=\"78%\">\n<p lang=\"en-US\"><strong>ANIMA<\/strong> is jointly organized by the Centro Experimental de Animaci\u00f3n (CEAn) of the Film and TV Dept, Faculty of Arts, Universidad Nacional de C\u00f3rdoba (Argentina); the Secretar\u00eda de Extensi\u00f3n Universitaria of the Universidad Nacional de C\u00f3rdoba; the Animation Chair of the Lic. in Audiovisual Design, IAPCH, Universidad Nacional de Villa Mar\u00eda; and the Secretary of Culture of the City of C\u00f3rdoba.<\/p>\n<\/td>\n<\/tr>\n<tr valign=\"TOP\">\n<td width=\"22%\">&nbsp;<\/td>\n<td width=\"78%\">&nbsp;<\/td>\n<\/tr>\n<tr valign=\"TOP\">\n<td width=\"22%\"><span style=\"font-size: x-large; color: #800080;\"><em>Brief Description<\/em><\/span><\/td>\n<td width=\"78%\">\n<p lang=\"en-US\">ANIMA is composed by three superimposed dimensions:<\/p>\n<ul>\n<li>\n<p lang=\"en-US\">It\u2019s an ANIMATION FESTIVAL: Over 3000 films were submitted for the last edition (2022), of which about a hundred were selected. Among guests and jurors from former editions you will find many relevant personalities from the animation world, among them: Chris Hinton (Canada); Juan Pablo Zaramella (Argentina); Marcy Page (Canada); Santiago &#8216;Bou&#8217; Grasso (Argentina); Michaela Pavl\u00e1tova (Czech Republic); Javier Mrad (Argentina); Martine Chartrand (Canada); Barry Purves (United Kingdom); Pablo Rodr\u00edguez Ja\u00faregui (Argentina); Walter Tournier (Uruguay); Esteban Tolj (Argentina); Tom\u00e1s Welss (Chile); Diego Rolle (Argentina); Otto Guerra (Brazil); Vivienne Barry (Chile); Ren\u00e9 Castillo (Mexico); Hugo Covarrubias (Chile) and many more.<\/p>\n<\/li>\n<li>\n<p lang=\"en-US\">It\u2019s an OPPORTUNITY TO LEARN FROM THE BEST: ANIMA aims to bring in depth and high &#8211; end educational opportunities to its audience. Seminars, workshops and short courses are organized, centered on a variety of topics dedicated to specific animation aesthetics and technology, and are conducted by prestigious professionals in the area, such as the forementioned guests, Rodolfo S\u00e1enz Valiente (Argentina); Steven Woloshen (Canada); Andr\u00e9s Lieban (Brazil); Giannalberto Bendazzi (Italy).<\/p>\n<\/li>\n<li>\n<p lang=\"en-US\">It\u2019s a CONFERENCE: ANIMA\u2019s <a href=\"http:\/\/www.animafestival.com.ar\/forum\">International Academic Forum<\/a> is the only specific Conference on Animation held in Latin America. It holds an open call for papers, video presentations and posters on animation, that undergo double peer &#8211; reviewing by an Academic Committee for selection and publication.<\/p>\n<\/li>\n<\/ul>\n<\/td>\n<\/tr>\n<tr valign=\"TOP\">\n<td width=\"22%\">&nbsp;<\/td>\n<td width=\"78%\">&nbsp;<\/td>\n<\/tr>\n<tr valign=\"TOP\">\n<td width=\"22%\">&nbsp;<\/td>\n<td width=\"78%\">&nbsp;<\/td>\n<\/tr>\n<\/tbody>\n<\/table>\t\t\t\t\t\t\t\t<\/div>\n\t\t\t\t<\/div>\n\t\t\t\t\t<\/div>\n\t\t<\/div>\n\t\t\t\t\t<\/div>\n\t\t<\/section>\n\t\t\t\t<\/div>\n\t\t","protected":false},"excerpt":{"rendered":"<p>For English, CLICK HERE \u00bfQu\u00e9 es ANIMA? ANIMA \u2013 Festival Internacional de Animaci\u00f3n de C\u00f3rdoba es un evento de car\u00e1cter acad\u00e9mico y cultural, de alcance internacional, dedicado espec\u00edficamente al arte y la t\u00e9cnica de la animaci\u00f3n. Se origin\u00f3 en 2001 como evento bienal, y a partir de su XI edici\u00f3n (2021) se transforma en un [&hellip;]<\/p>\n","protected":false},"author":1,"featured_media":0,"parent":0,"menu_order":0,"comment_status":"closed","ping_status":"closed","template":"","meta":{"footnotes":""},"class_list":["post-44","page","type-page","status-publish","hentry"],"_links":{"self":[{"href":"https:\/\/www.animafestival.com.ar\/current\/wp-json\/wp\/v2\/pages\/44","targetHints":{"allow":["GET"]}}],"collection":[{"href":"https:\/\/www.animafestival.com.ar\/current\/wp-json\/wp\/v2\/pages"}],"about":[{"href":"https:\/\/www.animafestival.com.ar\/current\/wp-json\/wp\/v2\/types\/page"}],"author":[{"embeddable":true,"href":"https:\/\/www.animafestival.com.ar\/current\/wp-json\/wp\/v2\/users\/1"}],"replies":[{"embeddable":true,"href":"https:\/\/www.animafestival.com.ar\/current\/wp-json\/wp\/v2\/comments?post=44"}],"version-history":[{"count":15,"href":"https:\/\/www.animafestival.com.ar\/current\/wp-json\/wp\/v2\/pages\/44\/revisions"}],"predecessor-version":[{"id":2908,"href":"https:\/\/www.animafestival.com.ar\/current\/wp-json\/wp\/v2\/pages\/44\/revisions\/2908"}],"wp:attachment":[{"href":"https:\/\/www.animafestival.com.ar\/current\/wp-json\/wp\/v2\/media?parent=44"}],"curies":[{"name":"wp","href":"https:\/\/api.w.org\/{rel}","templated":true}]}}