{"id":573,"date":"2017-10-02T15:10:29","date_gmt":"2017-10-02T15:10:29","guid":{"rendered":"http:\/\/www.animafestival.com.ar\/2017\/?page_id=573"},"modified":"2017-10-02T16:23:33","modified_gmt":"2017-10-02T16:23:33","slug":"sur-a-sur","status":"publish","type":"page","link":"https:\/\/www.animafestival.com.ar\/current\/sur-a-sur\/","title":{"rendered":"Sur a Sur"},"content":{"rendered":"<h2><b>Temporalidad Sur<\/b><\/h2>\n<p><b>Muestra Especial<\/b><br \/>\n<b>Sur a Sur, Red Latinoamericana de Estudios de Animaci\u00f3n<\/b><\/p>\n<p><img fetchpriority=\"high\" decoding=\"async\" class=\"aligncenter wp-image-593 size-full\" src=\"http:\/\/www.animafestival.com.ar\/2017\/files\/2017\/10\/Sur-a-Sur_Animaciones.jpg\" alt=\"\" width=\"850\" height=\"478\" srcset=\"https:\/\/www.animafestival.com.ar\/current\/files\/2017\/10\/Sur-a-Sur_Animaciones.jpg 850w, https:\/\/www.animafestival.com.ar\/current\/files\/2017\/10\/Sur-a-Sur_Animaciones-300x169.jpg 300w, https:\/\/www.animafestival.com.ar\/current\/files\/2017\/10\/Sur-a-Sur_Animaciones-768x432.jpg 768w\" sizes=\"(max-width: 850px) 100vw, 850px\" \/><\/p>\n<p>\u2018<b>Sur a Sur\u2019 <\/b>es una Red acad\u00e9mica internacional cuyo objetivo principal es generar espacios de intercambio de experiencias y producci\u00f3n de conocimiento sobre el campo de la animaci\u00f3n entre Universidades de Am\u00e9rica Latina; en pos de potenciar el desarrollo de esta industria creativa a nivel regional.<\/p>\n<p>La Red est\u00e1 conformada por investigadores y docentes universitarios especialistas en animaci\u00f3n, artes visuales y audiovisuales, dise\u00f1o y comunicaci\u00f3n. Las acciones de la Red tienden a visibilizar y revalorizar el patrimonio art\u00edstico-cultural de la animaci\u00f3n en la Regi\u00f3n Sur del continente americano; y a aportar al debate regional sobre las pol\u00edticas y programas de apoyo y fomento a las diversas expresiones art\u00edstico-culturales del sector audiovisual.<\/p>\n<p>Integran \u2018Sur a Sur\u2019, Red Latinoamericana de Estudios de Animaci\u00f3n: Universidad Nacional de Villa Mar\u00eda (Argentina), Universidad Nacional de C\u00f3rdoba (Argentina), Universidad de Buenos Aires (Argentina), Universidad Nacional de las Artes (Argentina), Universidade Federal de Pelotas (Brasil), Universidad Tecnol\u00f3gica Metropolitana (Chile), Universidad de Bogot\u00e1 Jorge Tadeo Lozano (Colombia), Pontificia Universidad Javeriana (Colombia).<\/p>\n<p>Argentina:<br \/>\nDO\u00d1A UBENZA, Juan Manuel Costa, 3:31, 2015<br \/>\nMOMENTOS, Pablo Polledri, 5:15, 2012<br \/>\nFUEGO, Pablo Penchansky, 12:23, 2015<\/p>\n<p>Colombia<br \/>\nLA CLASE DE BAILE, Camilo Cogua, 3:53, 2013<br \/>\nHAGAMOS TEMBLAR, Wilson Borja, 4:11, 2016<br \/>\nMART\u00cdN Y PRIKA (Cap. 3: El trigo y el pan), Juli\u00e1n S\u00e1nchez y Mauricio Vargas, 4:13, 2015<br \/>\nSEM\u00c1FORO, Sim\u00f3n Wilches, 3:03, 2013<br \/>\nLABERINTO M\u00c1QUINA, Omar Alonso, 1:29, 2009<br \/>\nNARANJA, Hanna Isua y Luisa Abril, 2:42, 2017<\/p>\n<p>Chile<br \/>\nJUANITO DIABLO, Franco Rampoldi y Daniela Reyes, 9:56, 2017<br \/>\nMUJERES DE LA TIERRA, EL ORIGEN DEL HILADO, Mat\u00edas Contreras, Sebasti\u00e1n M\u00e9ndez, Paulo Rodr\u00edguez, 2:22, 2016<br \/>\nLAS ISLAS NUEVAS, Constanza Ortega Painequeo, 1:45<br \/>\nHERE&#8217;S THE PLAN, Fernanda Frick, 18:29, 2016<\/p>\n","protected":false},"excerpt":{"rendered":"<p>Temporalidad Sur Muestra Especial Sur a Sur, Red Latinoamericana de Estudios de Animaci\u00f3n \u2018Sur a Sur\u2019 es una Red acad\u00e9mica internacional cuyo objetivo principal es generar espacios de intercambio de experiencias y producci\u00f3n de conocimiento sobre el campo de la animaci\u00f3n entre Universidades de Am\u00e9rica Latina; en pos de potenciar el desarrollo de esta industria [&hellip;]<\/p>\n","protected":false},"author":1,"featured_media":0,"parent":0,"menu_order":0,"comment_status":"closed","ping_status":"closed","template":"","meta":{"footnotes":""},"class_list":["post-573","page","type-page","status-publish","hentry"],"_links":{"self":[{"href":"https:\/\/www.animafestival.com.ar\/current\/wp-json\/wp\/v2\/pages\/573","targetHints":{"allow":["GET"]}}],"collection":[{"href":"https:\/\/www.animafestival.com.ar\/current\/wp-json\/wp\/v2\/pages"}],"about":[{"href":"https:\/\/www.animafestival.com.ar\/current\/wp-json\/wp\/v2\/types\/page"}],"author":[{"embeddable":true,"href":"https:\/\/www.animafestival.com.ar\/current\/wp-json\/wp\/v2\/users\/1"}],"replies":[{"embeddable":true,"href":"https:\/\/www.animafestival.com.ar\/current\/wp-json\/wp\/v2\/comments?post=573"}],"version-history":[{"count":5,"href":"https:\/\/www.animafestival.com.ar\/current\/wp-json\/wp\/v2\/pages\/573\/revisions"}],"predecessor-version":[{"id":594,"href":"https:\/\/www.animafestival.com.ar\/current\/wp-json\/wp\/v2\/pages\/573\/revisions\/594"}],"wp:attachment":[{"href":"https:\/\/www.animafestival.com.ar\/current\/wp-json\/wp\/v2\/media?parent=573"}],"curies":[{"name":"wp","href":"https:\/\/api.w.org\/{rel}","templated":true}]}}

<h2><b>Temporalidad Sur</b></h2>
<p><b>Muestra Especial</b><br />
<b>Sur a Sur, Red Latinoamericana de Estudios de Animación</b></p>
<p><img fetchpriority="high" decoding="async" class="aligncenter wp-image-593 size-full" src="http://www.animafestival.com.ar/2017/files/2017/10/Sur-a-Sur_Animaciones.jpg" alt="" width="850" height="478" srcset="https://www.animafestival.com.ar/current/files/2017/10/Sur-a-Sur_Animaciones.jpg 850w, https://www.animafestival.com.ar/current/files/2017/10/Sur-a-Sur_Animaciones-300x169.jpg 300w, https://www.animafestival.com.ar/current/files/2017/10/Sur-a-Sur_Animaciones-768x432.jpg 768w" sizes="(max-width: 850px) 100vw, 850px" /></p>
<p>‘<b>Sur a Sur’ </b>es una Red académica internacional cuyo objetivo principal es generar espacios de intercambio de experiencias y producción de conocimiento sobre el campo de la animación entre Universidades de América Latina; en pos de potenciar el desarrollo de esta industria creativa a nivel regional.</p>
<p>La Red está conformada por investigadores y docentes universitarios especialistas en animación, artes visuales y audiovisuales, diseño y comunicación. Las acciones de la Red tienden a visibilizar y revalorizar el patrimonio artístico-cultural de la animación en la Región Sur del continente americano; y a aportar al debate regional sobre las políticas y programas de apoyo y fomento a las diversas expresiones artístico-culturales del sector audiovisual.</p>
<p>Integran ‘Sur a Sur’, Red Latinoamericana de Estudios de Animación: Universidad Nacional de Villa María (Argentina), Universidad Nacional de Córdoba (Argentina), Universidad de Buenos Aires (Argentina), Universidad Nacional de las Artes (Argentina), Universidade Federal de Pelotas (Brasil), Universidad Tecnológica Metropolitana (Chile), Universidad de Bogotá Jorge Tadeo Lozano (Colombia), Pontificia Universidad Javeriana (Colombia).</p>
<p>Argentina:<br />
DOÑA UBENZA, Juan Manuel Costa, 3:31, 2015<br />
MOMENTOS, Pablo Polledri, 5:15, 2012<br />
FUEGO, Pablo Penchansky, 12:23, 2015</p>
<p>Colombia<br />
LA CLASE DE BAILE, Camilo Cogua, 3:53, 2013<br />
HAGAMOS TEMBLAR, Wilson Borja, 4:11, 2016<br />
MARTÍN Y PRIKA (Cap. 3: El trigo y el pan), Julián Sánchez y Mauricio Vargas, 4:13, 2015<br />
SEMÁFORO, Simón Wilches, 3:03, 2013<br />
LABERINTO MÁQUINA, Omar Alonso, 1:29, 2009<br />
NARANJA, Hanna Isua y Luisa Abril, 2:42, 2017</p>
<p>Chile<br />
JUANITO DIABLO, Franco Rampoldi y Daniela Reyes, 9:56, 2017<br />
MUJERES DE LA TIERRA, EL ORIGEN DEL HILADO, Matías Contreras, Sebastián Méndez, Paulo Rodríguez, 2:22, 2016<br />
LAS ISLAS NUEVAS, Constanza Ortega Painequeo, 1:45<br />
HERE&#8217;S THE PLAN, Fernanda Frick, 18:29, 2016</p>

<p>Temporalidad Sur Muestra Especial Sur a Sur, Red Latinoamericana de Estudios de Animación ‘Sur a Sur’ es una Red académica internacional cuyo objetivo principal es generar espacios de intercambio de experiencias y producción de conocimiento sobre el campo de la animación entre Universidades de América Latina; en pos de potenciar el desarrollo de esta industria [&hellip;]</p>
