{"id":435,"date":"2019-01-15T00:43:12","date_gmt":"2019-01-15T00:43:12","guid":{"rendered":"http:\/\/www.animafestival.com.ar\/forum\/?page_id=435"},"modified":"2021-04-16T16:26:09","modified_gmt":"2021-04-16T16:26:09","slug":"convocatoria-ponencias-posters-2","status":"publish","type":"page","link":"https:\/\/www.animafestival.com.ar\/forum\/home-2\/convocatoria-ponencias-posters-2\/","title":{"rendered":"CONVOCATORIA \/ CALL FOR PAPERS"},"content":{"rendered":"<p>ENGLISH VERSION BELOW SPANISH VERSION<\/p>\n<h2><\/h2>\n<h2 style=\"text-align: center\">VII Foro Acad\u00e9mico Internacional sobre Animaci\u00f3n<\/h2>\n<h2 style=\"text-align: center\">\u2013 FAIA 2021\u2013<\/h2>\n<p style=\"text-align: center\"><strong>ANIMA2021\u00a0<\/strong><\/p>\n<p style=\"text-align: center\"><strong>XI Festival Internacional de Animaci\u00f3n de C\u00f3rdoba<\/strong><\/p>\n<p style=\"text-align: center\"><strong>Universidad Nacional de C\u00f3rdoba<\/strong><\/p>\n<p style=\"text-align: center\"><strong>6 al 8 de Octubre de 2021<\/strong><\/p>\n<p style=\"text-align: center\">Organizado conjuntamente por la Facultad de Artes de la Universidad Nacional de C\u00f3rdoba a trav\u00e9s de su\u00a0<em>Centro Experimental de Animaci\u00f3n<\/em>; el Espacio Curricular\u00a0<em>Animaci\u00f3n<\/em>\u00a0de la Universidad Nacional de Villa Mar\u00eda; y la Secretar\u00eda de Extensi\u00f3n Universitaria de la UNC.<\/p>\n<p style=\"text-align: center\">Colabora en la organizaci\u00f3n el Centro de Producci\u00f3n e Investigaci\u00f3n en Artes UNC (CePIA).<\/p>\n<p style=\"text-align: center\">Auspicia: Red Acad\u00e9mica Latinoamericana de Estudios sobre Animaci\u00f3n \u201cSur a Sur\u201d<\/p>\n<p style=\"text-align: center\"><strong>\u00a0<\/strong><\/p>\n<h3 style=\"text-align: center\"><strong>20 a\u00f1os de ANIMA:\u00a0<\/strong><strong>\u00abDerivas de la animaci\u00f3n contempor\u00e1nea\u00bb<\/strong><\/h3>\n<p>En su VII edici\u00f3n el Foro Acad\u00e9mico Internacional sobre Animaci\u00f3n (FAIA) se suma a la celebraci\u00f3n de los veinte a\u00f1os de ANIMA &#8211; Festival Internacional de Animaci\u00f3n de C\u00f3rdoba, el primer festival argentino especializado en animaci\u00f3n. En estas dos d\u00e9cadas se proyectaron un sinn\u00famero de obras que dieron cuenta, cada una en su momento, de la diversidad t\u00e9cnica y la complejidad expresiva de la forma animada; y la exploraci\u00f3n art\u00edstica de animadores locales, nacionales e internacionales.<\/p>\n<p>ANIMA, entonces, se convirti\u00f3 no s\u00f3lo en una pantalla que favoreci\u00f3 las discusiones sobre los l\u00edmites de la animaci\u00f3n, sino que se constituy\u00f3 en un \u00e1mbito de resonancia de pr\u00e1cticas art\u00edsticas y comerciales variadas, al tiempo que configuraba en su interior m\u00faltiples instancias propicias para el di\u00e1logo, la formaci\u00f3n y el reconocimiento. Dos d\u00e9cadas en las que ANIMA fue testigo de la emergencia de nuevos actores en el campo profesional, favoreci\u00f3 sus itinerarios y valor\u00f3 sus trayectorias.<\/p>\n<p>La comunidad global de la animaci\u00f3n encontr\u00f3 en estos veinte a\u00f1os un Festival para proyectarse y un Foro para pensarse, porque la construcci\u00f3n colectiva que hace posible a ANIMA se encuentra atravesada por la pasi\u00f3n. La pasi\u00f3n como energ\u00eda vital para imaginar la complejidad del hecho animado; como conceptualizaci\u00f3n, siempre en devenir, de las pr\u00e1cticas productivas y est\u00e9ticas; como deseo &#8211; siempre inconcluso &#8211; de atrapar esa magia que provoca el construir y observar una particular invenci\u00f3n del movimiento; y como comunidad que se reconoce parte de la universidad p\u00fablica argentina.<\/p>\n<p>Es por ello que en esta VII edici\u00f3n del FAIA convocamos a la presentaci\u00f3n de trabajos que interroguen a la animaci\u00f3n como fen\u00f3meno art\u00edstico, productivo e industrial, identificando sus rasgos y tendencias contempor\u00e1neas.<\/p>\n<h4>Se aceptar\u00e1n presentaciones respecto de\u2026<\/h4>\n<ul>\n<li><strong>El artilugio realista:<\/strong>la vocaci\u00f3n referencial, y la confluencia (est\u00e9tico \u2013 realizativa) de acci\u00f3n en vivo y animaci\u00f3n en la audiovisualidad contempor\u00e1nea.<\/li>\n<li><strong>Perspectivas hist\u00f3ricas:<\/strong>trayectos y transformaciones en las dimensiones expresivas y tecnol\u00f3gicas en el campo de la animaci\u00f3n.<\/li>\n<li><strong>Animaci\u00f3n expandida:<\/strong>formas t\u00e9cnico-expresivas renovadas y experiencias interactivas (videojuegos, gaming, Internet, entre otros).<\/li>\n<li><strong>Animaci\u00f3n y sensorium social:<\/strong>el artificio t\u00e9cnico y las exploraciones expresivas para dar cuenta, desde sus narrativas, de situaciones pol\u00edticas, sociales y econ\u00f3micas.<\/li>\n<li><strong>\/entre\/ lenguajes y dispositivos:<\/strong>encuentros, influencias e intercambios entre la animaci\u00f3n y otras artes.<\/li>\n<li><strong>Animaci\u00f3n de escuela<\/strong>: pr\u00e1cticas y tendencias t\u00e9cnicas y expresivas en la animaci\u00f3n desarrollada en espacios de formaci\u00f3n educativa.<\/li>\n<li><strong>Experiencias educativas:<\/strong>estrategias pedag\u00f3gicas y did\u00e1cticas aplicadas en la ense\u00f1anza de la animaci\u00f3n.<\/li>\n<li><strong>Animaci\u00f3n, sociedad y mercado:<\/strong>debates, an\u00e1lisis y perspectivas sobre las pr\u00e1cticas sociol\u00f3gicas, econ\u00f3micas y profesionales en torno a la animaci\u00f3n.<\/li>\n<\/ul>\n<p>Con la intenci\u00f3n de encontrarnos y desarrollar m\u00faltiples miradas sobre estas dimensiones, y otras que surjan espont\u00e1neamente, es que invitamos a docentes e investigadores a participar en el\u00a0<strong>VII FAIA \u2013 Foro Acad\u00e9mico Internacional sobre Animaci\u00f3n \u2013<\/strong>\u00a0con la presentaci\u00f3n de\u00a0<strong>ponencias y posters audiovisuales<\/strong>.<\/p>\n<p>Los interesados en participar, tanto con ponencias como con posters audiovisuales, deber\u00e1n enviar un resumen de hasta 600 palabras de extensi\u00f3n acompa\u00f1ado de tres palabras claves (ambos requisitos en castellano o portugu\u00e9s e ingl\u00e9s) a trav\u00e9s del siguiente\u00a0<a href=\"https:\/\/forms.gle\/cUb4az5DWUh5Tbf5A\">FORMULARIO<\/a>. Se admitir\u00e1n trabajos en colaboraci\u00f3n de hasta 3 (tres) expositores.<\/p>\n<p><strong>Aclaraci\u00f3n:<\/strong>\u00a0no se admiten notas de referencia en el\u00a0<em>Resumen<\/em>\/<em>Abstract.<\/em><\/p>\n<h4><em>Los res\u00famenes ser\u00e1n recibidos hasta el 1 de junio de 2021.<\/em><\/h4>\n<h4>Selecci\u00f3n y presentaci\u00f3n:<\/h4>\n<p>Los res\u00famenes enviados ser\u00e1n sometidos a la evaluaci\u00f3n de un\u00a0<em>Comit\u00e9 de Lectura<\/em>\u00a0que decidir\u00e1 su\u00a0\u00a0aceptaci\u00f3n para participar en el Foro. Los resultados de esta evaluaci\u00f3n ser\u00e1n comunicados a partir del\u00a0<strong>1 de julio de 2021.<\/strong><\/p>\n<p><strong>Ponencias:\u00a0<\/strong>cada<strong>\u00a0<\/strong>ponencia aceptada tendr\u00e1 un espacio de 15 minutos para su exposici\u00f3n, por lo que se recomienda a los\/las autores\/as que elaboren una versi\u00f3n adaptada para el tiempo previsto (aproximadamente 5 p\u00e1ginas).<\/p>\n<p><strong>P\u00f3sters audiovisuales\u00a0<\/strong>(forma de comunicaci\u00f3n acad\u00e9mica\/cient\u00edfica que permite exponer de manera sint\u00e9tica y eficaz ciertos aspectos centrales de una investigaci\u00f3n, estudio o proyecto en ejecuci\u00f3n): el producto audiovisual deber\u00e1 tener una duraci\u00f3n de entre 10 (m\u00ednimo) a 15 minutos (m\u00e1ximo) y ser\u00e1n expuestos con anterioridad en la p\u00e1gina web del FAIA. Los autores\/as participar\u00e1n del debate dentro de las mesas de trabajo durante el FAIA. Los p\u00f3sters audiovisuales deber\u00e1n respetar la siguiente estructura:<\/p>\n<p>T\u00edtulo y subt\u00edtulo del trabajo.<\/p>\n<p>Autores y pertenencia institucional.<\/p>\n<p>Presentaci\u00f3n del tema, objetivos y\/o problema de investigaci\u00f3n.<\/p>\n<p>M\u00e9todos y procedimientos empleados.<\/p>\n<p>Resultados y Conclusiones (parciales o finales).<\/p>\n<p>Formato: MPEG-4. H264, Audio\u00a0\u00a0en\u00a0\u00a044 kHz\/16 BITS. Peso m\u00e1ximo del archivo: 2 Gb.<\/p>\n<p>El video deber\u00e1 ser enviado a la direcci\u00f3n\u00a0jornadas@animafestival.com.ar\u00a0a trav\u00e9s de un link de descarga SIN VENCIMIENTO hasta el 1\/09\/2021. Con la siguiente informaci\u00f3n en el cuerpo del correo:<\/p>\n<p>T\u00edtulo y subt\u00edtulo del trabajo:<\/p>\n<p>Palabras claves:<\/p>\n<p>Autoras\/es:<\/p>\n<p>Pertenencia Institucional:<\/p>\n<h4>Publicaci\u00f3n:<\/h4>\n<p>Los trabajos (Ponencias y P\u00f3sters Audiovisuales) efectivamente expuestos durante el Foro, que cumplan con todos los criterios formales indicados, ser\u00e1n posteriormente enviados a revisores externos. Una selecci\u00f3n de aquellos que resulten recomendados ser\u00e1n publicados en las Actas del FAIA.<\/p>\n<p><strong>Para mayor informaci\u00f3n dirigirse a:<\/strong>\u00a0jornadas@animafestival.com.ar<\/p>\n<h2><strong>_______________________________________________<\/strong><\/h2>\n<h2 style=\"text-align: center\"><strong>VII International Academic Forum on Animation<\/strong><\/h2>\n<h2 style=\"text-align: center\"><strong>\u2013<\/strong><strong>\u00a0FAIA2021\u00a0<\/strong>\u2013<\/h2>\n<p style=\"text-align: center\"><strong>ANIMA2021\u00a0<\/strong><\/p>\n<p style=\"text-align: center\"><strong>XI C\u00f3rdoba International Animation Festival<\/strong><\/p>\n<p style=\"text-align: center\"><strong>Universidad Nacional de C\u00f3rdoba<\/strong><\/p>\n<p style=\"text-align: center\"><strong>October 6th to 8th, 2021<\/strong><\/p>\n<p style=\"text-align: center\">VII FAIA is jointly organized by the Faculty of Arts of the Universidad Nacional de C\u00f3rdoba through its Centro Experimental de Animaci\u00f3n; the Animation Chair of the Universidad Nacional de Villa Mar\u00eda; and the UNC\u2019s Secretar\u00eda de Extensi\u00f3n Universitaria.<\/p>\n<p style=\"text-align: center\">Supporter: Centro de Producci\u00f3n e Investigaci\u00f3n en Artes, UNC.<\/p>\n<p style=\"text-align: center\">Academic endorsement: \u2018Sur a Sur\u2019, Latin American Animation Studies Network<\/p>\n<p style=\"text-align: center\">\n<h3 style=\"text-align: center\"><strong>20 years of ANIMA\u00a0<\/strong><strong><em>\u00abD\u00e9rives<\/em>\u00a0of contemporary animation\u00bb<\/strong><\/h3>\n<p>In its 7th edition, the International Academic Forum on Animation (FAIA in Spanish) joins the 20th anniversary of ANIMA &#8211; C\u00f3rdoba International Animation Festival, the first Argentine festival specialized in animation. In these two decades a huge number of animation works were screened, and each one of these works accounted for both the technical diversity and expressive complexity of the animated form; and also of the artistic exploration of local, regional and international animators.<\/p>\n<p>ANIMA then became not only a platform that welcomed discussions about the boundaries of animation, but also resonated as a showcase of varied artistic and commercial animation practices, and at the same time also favored opportunities for dialogue, training and recognition. It has been two decades where ANIMA witnessed the emergence of new actors in the professional field, supported their itineraries and valued their careers.<\/p>\n<p>In these twenty years, the global animation community found a Festival to project itself and a Forum to think about itself, because the collective construction that makes ANIMA possible is motivated by passion. Passion as vital energy to imagine the complexities of the animated event; passion as an evergoing conceptualization of productive and aesthetic practices; passion as a never fulfilled desire to grab the magic which originates into building and observing the creation of motion; and also passion as in a community that recognizes itself as a member of the Argentine public university system.<\/p>\n<p>For these reasons, on this VII edition of FAIA we call for the presentation of papers and audiovisual posters that ponder on animation as an artistic, productive and industrial phenomenon, identifying its contemporary traits and trends.<\/p>\n<h4>We will accept presentations about:<\/h4>\n<ul>\n<li><strong>The realistic contraption:<\/strong>the need for reference, and the confluence (both aesthetic and \/ or because of its production pipeline) of live action and animation in contemporary animation.<\/li>\n<li><strong>Historical perspectives:<\/strong>trajectories and transformations in the expressive and\/or technological dimensions in the field of animation.<\/li>\n<li><strong>Expanded animation:\u00a0<\/strong>renovating technical-expressive platforms and interactive experiences (videogames, gaming, Internet, among others).<\/li>\n<li><strong>Animation and social sensorium:<\/strong>the technical artifice and expressive explorations whose narratives account for political, social and economic state of affairs.<\/li>\n<li><strong>\/ In-between \/ languages and devices:<\/strong>encounters, influences and exchanges among animation and the other arts.<\/li>\n<li>School animation: technical and expressive practices and trends in animation from educational institutions.<\/li>\n<li>Educational experiences: pedagogical and didactic strategies employed in the teaching of animation.<\/li>\n<li>Animation, society and the market: debates, analysis and perspectives on sociological, economic and professional practices around animation.<\/li>\n<\/ul>\n<p>With the intention of meeting and discussing multiple perspectives about these topics, and also about others that may arise, we invite teachers and researchers to take part in the\u00a0<strong>VII FAIA- International Academic Forum on Animation \u2013\u00a0<\/strong>with the presentation of\u00a0<strong>papers and audiovisual posters<\/strong>.<\/p>\n<p>Those interested in taking part, both with posters or papers, should send a 600-word abstract (English and Spanish) along with three keywords (English and Spanish) through the following online\u00a0<a href=\"https:\/\/forms.gle\/cUb4az5DWUh5Tbf5A\">FORM.<\/a><\/p>\n<p><strong>Note:\u00a0<\/strong>reference notes are not accepted in the Abstract.<\/p>\n<p><em>Abstracts will be accepted until June 1, 2021.<\/em><\/p>\n<h4>Selection and presentation:<\/h4>\n<p>Submitted abstracts will be submitted for evaluation by a Reading Committee that will decide on their acceptance to participate in the Forum. The results of this evaluation will be communicated as of July 1, 2021.<\/p>\n<p><strong>Papers:<\/strong>\u00a0each accepted paper will have 15 minutes for its presentation, so it is recommended that the authors prepare a version adapted to the time allowed (approximately 5 pages).<\/p>\n<p><strong>Audiovisual posters<\/strong>\u00a0(a form of academic\/scientific communication that allows for a synthetic and effective presentation of certain central aspects of a research, study or project in progress): the audiovisual product should be between 10 (minimum) and 15 minutes (maximum) in length and will be displayed beforehand on the FAIA web page. Authors will participate in the debate at the working tables during the FAIA. Audiovisual posters should respect the following structure:<\/p>\n<p>Title and subtitle of the work.<\/p>\n<p>Authors and institutional affiliation.<\/p>\n<p>Presentation of the topic, objectives and\/or research problem.<\/p>\n<p>Methods and procedures used.<\/p>\n<p>Results and Conclusions (partial or final).<\/p>\n<p>Format: MPEG-4. H264, Audio in 44 kHz\/16 BITS. Maximum file weight: 2 Gb.<\/p>\n<p>The video should be sent to\u00a0jornadas@animafestival.com.ar\u00a0through a download link WITH EXPIRATION DATE LATER THAN September 1st, 2021, with the following information in the body of the mail:<\/p>\n<p>Title and subtitle of the work:<\/p>\n<p>Keywords:<\/p>\n<p>Author\/s:<\/p>\n<p>Institutional affiliation:<\/p>\n<h4>Publication:<\/h4>\n<p>The papers (Papers and Audiovisual Posters) effectively exposed during the Forum which meet all the formal criteria indicated will be subsequently sent to external reviewers. A selection of those that are recommended will be published in the FAIA Proceedings.<\/p>\n<p><strong>For further information, please contact:<\/strong>\u00a0jornadas@animafestival.com.ar<\/p>\n","protected":false},"excerpt":{"rendered":"<p>ENGLISH VERSION BELOW SPANISH VERSION VII Foro Acad\u00e9mico Internacional sobre Animaci\u00f3n \u2013 FAIA 2021\u2013 ANIMA2021\u00a0 XI Festival Internacional de Animaci\u00f3n de C\u00f3rdoba Universidad Nacional de C\u00f3rdoba 6 al 8 de [&hellip;]<\/p>\n","protected":false},"author":8,"featured_media":0,"parent":47,"menu_order":0,"comment_status":"closed","ping_status":"closed","template":"","meta":{"footnotes":""},"class_list":["post-435","page","type-page","status-publish","hentry"],"_links":{"self":[{"href":"https:\/\/www.animafestival.com.ar\/forum\/wp-json\/wp\/v2\/pages\/435","targetHints":{"allow":["GET"]}}],"collection":[{"href":"https:\/\/www.animafestival.com.ar\/forum\/wp-json\/wp\/v2\/pages"}],"about":[{"href":"https:\/\/www.animafestival.com.ar\/forum\/wp-json\/wp\/v2\/types\/page"}],"author":[{"embeddable":true,"href":"https:\/\/www.animafestival.com.ar\/forum\/wp-json\/wp\/v2\/users\/8"}],"replies":[{"embeddable":true,"href":"https:\/\/www.animafestival.com.ar\/forum\/wp-json\/wp\/v2\/comments?post=435"}],"version-history":[{"count":35,"href":"https:\/\/www.animafestival.com.ar\/forum\/wp-json\/wp\/v2\/pages\/435\/revisions"}],"predecessor-version":[{"id":841,"href":"https:\/\/www.animafestival.com.ar\/forum\/wp-json\/wp\/v2\/pages\/435\/revisions\/841"}],"up":[{"embeddable":true,"href":"https:\/\/www.animafestival.com.ar\/forum\/wp-json\/wp\/v2\/pages\/47"}],"wp:attachment":[{"href":"https:\/\/www.animafestival.com.ar\/forum\/wp-json\/wp\/v2\/media?parent=435"}],"curies":[{"name":"wp","href":"https:\/\/api.w.org\/{rel}","templated":true}]}}