{"id":705,"date":"2018-12-10T12:44:31","date_gmt":"2018-12-10T12:44:31","guid":{"rendered":"http:\/\/www.animafestival.com.ar\/forum\/?page_id=705"},"modified":"2021-08-13T15:01:05","modified_gmt":"2021-08-13T15:01:05","slug":"2017-v-foro-v-forum","status":"publish","type":"page","link":"https:\/\/www.animafestival.com.ar\/forum\/home-2\/actas-foro-academico\/2017-v-foro-v-forum\/","title":{"rendered":"2017 \u2013 V FORO \/ V FORUM"},"content":{"rendered":"<h2 style=\"text-align: center\"><span style=\"color: #800080\">Un siglo de animaci\u00f3n Argentina<\/span><\/h2>\n<p style=\"text-align: center\">Actas del V Foro Acad\u00e9mico Internacional\u00a0sobre\u00a0Animaci\u00f3n<br \/>\nIX Festival Internacional de Animaci\u00f3n de C\u00f3rdoba &#8211; ANIMA 2017 &#8211;<br \/>\nISBN (E-book) 978-987-1697-83-0<\/p>\n<hr \/>\n<p><span style=\"color: #800080\"><strong>\u00cdndice<\/strong><\/span><\/p>\n<p><a href=\"https:\/\/www.animafestival.com.ar\/forum\/files\/2019\/03\/00_2017-Indice.pdf\">P\u00e1g. 01 &#8211;<\/a> Informaci\u00f3n general<\/p>\n<p><a href=\"https:\/\/www.animafestival.com.ar\/forum\/files\/2019\/03\/01_2017-prologo.pdf\">P\u00e1g. 07\u00a0&#8211;<\/a> Pr\u00f3logo<\/p>\n<p><a href=\"https:\/\/www.animafestival.com.ar\/forum\/files\/2018\/12\/02_2017-Martinez.pdf\" target=\"_blank\" rel=\"noopener\">P\u00e1g. 11\u00a0&#8211;<\/a> <em>Series de animaci\u00f3n en las convocatorias INCAA 2011. Relatos, territorios, est\u00e9ticas<\/em>. Luj\u00e1n Ail\u00e9n Mart\u00ednez,\u00a0Universidad Nacional de Villa Mar\u00eda, Argentina.<\/p>\n<p><a href=\"https:\/\/www.animafestival.com.ar\/forum\/files\/2018\/12\/03_2017-Re.pdf\" target=\"_blank\" rel=\"noopener\">P\u00e1g. 25 &#8211;<\/a><em> La fusi\u00f3n animada: el relato, materiales y t\u00e9cnicas en \u201cLeyendas a Contraluz\u201d, \u201cOvo\u201d y \u201cFluxos\u201d<\/em>.<br \/>\nCamila R\u00e9, Universidad Nacional de Villa Mar\u00eda, Argentina.<\/p>\n<p><a href=\"https:\/\/www.animafestival.com.ar\/forum\/files\/2018\/12\/04_2017-Morgado.pdf\" target=\"_blank\" rel=\"noopener\">P\u00e1g. 35 &#8211;<\/a> <em>O impacto comunista e suas representa\u00e7\u00f5es na obra de Jan Svankmajer: estudo de caso da anima\u00e7\u00e3o Jabberwocky.<\/em> Carolina Morgado Le\u00e3o, Ana Beatriz de Ara\u00fajo Linardi y Claudiney Rodrigues Carrasco, <span class=\"st\">Universidade Estadual de Campinas<\/span>, Brasil.<\/p>\n<p><a href=\"https:\/\/www.animafestival.com.ar\/forum\/files\/2018\/12\/05_2017-Carignano.pdf\" target=\"_blank\" rel=\"noopener\">P\u00e1g. 51 &#8211;<\/a> <em>La Identidad animada: La animaci\u00f3n en el cine documental sobre hijos de desaparecidos<\/em>. Martina Carignano, Universidad Nacional de Villa Mar\u00eda, Argentina.<\/p>\n<p><a href=\"https:\/\/www.animafestival.com.ar\/forum\/files\/2018\/12\/06_2017-Comes-Torres.pdf\" target=\"_blank\" rel=\"noopener\">P\u00e1g. 61 &#8211;<\/a> <em>La l\u00f3gica de la imagen: dispositivos de imagen en movimiento para la reconstrucci\u00f3n de la memoria colectiva. <\/em>Ana Fern\u00e1ndez Comes y Pablo Torres, Universidad Nacional de C\u00f3rdoba, Argentina.<\/p>\n<p><a href=\"https:\/\/www.animafestival.com.ar\/forum\/files\/2018\/12\/07_2017-Asis-Curatitolli.pdf\" target=\"_blank\" rel=\"noopener\">P\u00e1g. 75 &#8211;<\/a> <em>\u00bfProducci\u00f3n Restringida? Un acercamiento a las relaciones entre producci\u00f3n y circulaci\u00f3n en las series cordobesas animadas de TV. <\/em>Mar\u00eda Constanza Curatitoli y Paula As\u00eds, Universidad Nacional de C\u00f3rdoba y Universidad Nacional de Villa Mar\u00eda, Argentina.<\/p>\n<p><a href=\"https:\/\/www.animafestival.com.ar\/forum\/files\/2018\/12\/08_2017-Nascimento-Villar.pdf\" target=\"_blank\" rel=\"noopener\">P\u00e1g. 81 &#8211;<\/a>\u00a0<em>Herramientas Proyectuales Espec\u00edficas del Lenguaje de Animaci\u00f3n. La experiencia del DAV3 Animaci\u00f3n.\u00a0<\/em>Marlene Nascimento da Silva y Mat\u00edas Revello Villar, Universidad de Buenos Aires, Argentina.<\/p>\n<p><a href=\"https:\/\/www.animafestival.com.ar\/forum\/files\/2018\/12\/09_2017-Burgardt-Bianchi.pdf\" target=\"_blank\" rel=\"noopener\">P\u00e1g. 99 &#8211;<\/a>\u00a0<em>PIUKE. Un camino Transmedia<\/em>.\u00a0Betiana Burgardt \u2013 Mat\u00edas Bianchi (UNLP, Argentina)<\/p>\n<p><a href=\"https:\/\/www.animafestival.com.ar\/forum\/files\/2018\/12\/10_2017-POSTER-Burgardt-Bianchi.pdf\" target=\"_blank\" rel=\"noopener\">P\u00e1g. 109 &#8211;<\/a><em> POSTER &#8211; PIUKE. Un camino Transmedia.\u00a0Betiana Burgardt \u2013 Mat\u00edas Bianchi (UNLP, Argentina)<\/em><\/p>\n<p>P\u00e1g. 111 &#8211;<em> M\u00edrame y dev\u00f3rame (una y otra vez): animaci\u00f3n en stop motion, publicidad y visualidad h\u00e1ptica<\/em>.\u00a0Cristina Andrea Siragusa,\u00a0Universidad Nacional de Villa Mar\u00eda, Argentina.<\/p>\n<p>P\u00e1g. 121 &#8211;<em>\u00a0 Acerca de la animaci\u00f3n de Autor en Argentina: Javier Mrad.<\/em> Alejandro Gonz\u00e1lez, Universidad Nacional de C\u00f3rdoba y Universidad Nacional de Villa Mar\u00eda, Argentina.<\/p>\n<hr \/>\n<p>Forma de citado de los art\u00edculos\u00a0publicados en esta compilaci\u00f3n:<\/p>\n<p>Apellido del Autor, Inicial del Nombre (2018). \u00abT\u00edtulo Art\u00edculo\u00bb.\u00a0En As\u00eds Ferri, P. (Comp.) <em>Un siglo de Animaci\u00f3n Argentina <\/em><em>&#8211;\u00a0Actas del V\u00ba Foro Acad\u00e9mico sobre Animaci\u00f3n<\/em>\u00a0&#8211; IX Festival Internacional de Animaci\u00f3n C\u00f3rdoba, ANIMA\u201817 &#8211; 1a ed. (pp. n\u00fameros de las p\u00e1ginas en las que est\u00e1 el cap\u00edtulo citado) &#8211; Villa Mar\u00eda: Universidad Nacional de Villa Mar\u00eda.<\/p>\n","protected":false},"excerpt":{"rendered":"<p>Un siglo de animaci\u00f3n Argentina Actas del V Foro Acad\u00e9mico Internacional\u00a0sobre\u00a0Animaci\u00f3n IX Festival Internacional de Animaci\u00f3n de C\u00f3rdoba &#8211; ANIMA 2017 &#8211; ISBN (E-book) 978-987-1697-83-0 \u00cdndice P\u00e1g. 01 &#8211; Informaci\u00f3n [&hellip;]<\/p>\n","protected":false},"author":8,"featured_media":0,"parent":57,"menu_order":0,"comment_status":"closed","ping_status":"closed","template":"","meta":{"footnotes":""},"class_list":["post-705","page","type-page","status-publish","hentry"],"_links":{"self":[{"href":"https:\/\/www.animafestival.com.ar\/forum\/wp-json\/wp\/v2\/pages\/705","targetHints":{"allow":["GET"]}}],"collection":[{"href":"https:\/\/www.animafestival.com.ar\/forum\/wp-json\/wp\/v2\/pages"}],"about":[{"href":"https:\/\/www.animafestival.com.ar\/forum\/wp-json\/wp\/v2\/types\/page"}],"author":[{"embeddable":true,"href":"https:\/\/www.animafestival.com.ar\/forum\/wp-json\/wp\/v2\/users\/8"}],"replies":[{"embeddable":true,"href":"https:\/\/www.animafestival.com.ar\/forum\/wp-json\/wp\/v2\/comments?post=705"}],"version-history":[{"count":29,"href":"https:\/\/www.animafestival.com.ar\/forum\/wp-json\/wp\/v2\/pages\/705\/revisions"}],"predecessor-version":[{"id":953,"href":"https:\/\/www.animafestival.com.ar\/forum\/wp-json\/wp\/v2\/pages\/705\/revisions\/953"}],"up":[{"embeddable":true,"href":"https:\/\/www.animafestival.com.ar\/forum\/wp-json\/wp\/v2\/pages\/57"}],"wp:attachment":[{"href":"https:\/\/www.animafestival.com.ar\/forum\/wp-json\/wp\/v2\/media?parent=705"}],"curies":[{"name":"wp","href":"https:\/\/api.w.org\/{rel}","templated":true}]}}