{"id":850,"date":"2021-04-28T12:53:06","date_gmt":"2021-04-28T12:53:06","guid":{"rendered":"https:\/\/www.animafestival.com.ar\/forum\/?page_id=850"},"modified":"2021-08-13T15:00:18","modified_gmt":"2021-08-13T15:00:18","slug":"faia-foro-academico-internacional-sobre-animacion","status":"publish","type":"page","link":"https:\/\/www.animafestival.com.ar\/forum\/home-2\/actas-foro-academico\/faia-foro-academico-internacional-sobre-animacion\/","title":{"rendered":"2019 &#8211; VI FORO \/ VI FORUM"},"content":{"rendered":"\n<h2 class=\"has-text-align-center has-vivid-purple-color has-text-color wp-block-heading\"><span style=\"color:#800080\" class=\"has-inline-color\">La animaci\u00f3n y su capacidad para construir realidades<\/span><\/h2>\n\n\n\n<p class=\"has-text-align-center\">Actas del VI Foro Acad\u00e9mico Internacional&nbsp;sobre&nbsp;Animaci\u00f3n<br>X Festival Internacional de Animaci\u00f3n de C\u00f3rdoba &#8211; ANIMA 2019 &#8211;<br>ISBN (E-book) 978-950-33-1612-2<\/p>\n\n\n\n<hr class=\"wp-block-separator\" \/>\n\n\n\n<p><strong><span style=\"color:#800080\" class=\"has-inline-color\">\u00cdndice<\/span><\/strong><\/p>\n\n\n\n<p><strong><a href=\"https:\/\/www.animafestival.com.ar\/forum\/files\/2021\/08\/01-Editorial-2019.pdf\" data-type=\"URL\" data-id=\"https:\/\/www.animafestival.com.ar\/forum\/files\/2021\/08\/01-Editorial-2019.pdf\" target=\"_blank\" rel=\"noreferrer noopener\">P\u00e1g. 1 &#8211;<\/a><\/strong> <em>Informaci\u00f3n general de la publicaci\u00f3n<\/em><\/p>\n\n\n\n<p>P\u00e1g. 7 &#8211; <em>Pr\u00f3logo&nbsp;<\/em><\/p>\n\n\n\n<p><strong><span style=\"color:#800080\" class=\"has-inline-color\">Eje: Perspectivas Hist\u00f3ricas<\/span><\/strong><\/p>\n\n\n\n<p><a href=\"https:\/\/www.animafestival.com.ar\/forum\/files\/2021\/08\/03-Armand-2019.pdf\" data-type=\"URL\" data-id=\"https:\/\/www.animafestival.com.ar\/forum\/files\/2021\/08\/03-Armand-2019.pdf\" target=\"_blank\" rel=\"noreferrer noopener\"><strong>P\u00e1g. 11 &#8211;<\/strong><\/a> <em>Artilugios y Sentidos desbordados. Novedades amenazantes, seductoras y fen\u00f3menos c\u00edclicos en la historia del cine de animaci\u00f3n.<\/em> Sergio Adri\u00e1n Armand (Universidad de Buenos Aires, Argentina)\u00a0<\/p>\n\n\n\n<p><strong><a rel=\"noreferrer noopener\" href=\"https:\/\/www.animafestival.com.ar\/forum\/files\/2021\/08\/04-Sarandon-2019.pdf\" data-type=\"URL\" data-id=\"https:\/\/www.animafestival.com.ar\/forum\/files\/2021\/08\/04-Sarandon-2019.pdf\" target=\"_blank\">P\u00e1g. 29 &#8211;<\/a><\/strong> <em>Constancias y transformaciones en las villanas de los films de Walt Disney: hacia una emancipaci\u00f3n negada. <\/em>Roc\u00edo Sarand\u00f3n (Universidad de Buenos Aires, Argentina)\u00a0<\/p>\n\n\n\n<p><\/p>\n\n\n\n<p><strong><span style=\"color:#800080\" class=\"has-inline-color\">Eje: Animaci\u00f3n y sensorium social<\/span><\/strong><\/p>\n\n\n\n<p><strong><a rel=\"noreferrer noopener\" href=\"https:\/\/www.animafestival.com.ar\/forum\/files\/2021\/08\/05-Arasaqui-Yasuda-2019.pdf\" data-type=\"URL\" data-id=\"https:\/\/www.animafestival.com.ar\/forum\/files\/2021\/08\/05-Arasaqui-Yasuda-2019.pdf\" target=\"_blank\">P\u00e1g. 47 &#8211;<\/a><\/strong> <em>Operaci\u00f3n I.N.F.A.N.C.I.A (identidad de ni\u00f1os frente a adultos nuclea el combate de intereses antag\u00f3nicos). Clara In\u00e9s Ar<\/em>akaki Yasuda (Universidad de Buenos Aires, Argentina)<\/p>\n\n\n\n<p><strong><a href=\"https:\/\/www.animafestival.com.ar\/forum\/files\/2021\/08\/06-Rojas-2019.pdf\" data-type=\"URL\" data-id=\"https:\/\/www.animafestival.com.ar\/forum\/files\/2021\/08\/06-Rojas-2019.pdf\" target=\"_blank\" rel=\"noreferrer noopener\">P\u00e1g. 69 &#8211; <\/a><\/strong><em>Perspectivas en el desarrollo de contenidos animados, desde la experiencia acad\u00e9mica.\u00a0<\/em>Oscar Rojas (Fundaci\u00f3n Universitaria Los Libertadores, Colombia)<\/p>\n\n\n\n<p><strong><a href=\"https:\/\/www.animafestival.com.ar\/forum\/files\/2021\/08\/07-Curatitoli-2019.pdf\" data-type=\"URL\" data-id=\"https:\/\/www.animafestival.com.ar\/forum\/files\/2021\/08\/07-Curatitoli-2019.pdf\" target=\"_blank\" rel=\"noreferrer noopener\">P\u00e1g. 87 &#8211;<\/a><\/strong><em>Animar seg\u00fan como-nos-miran: representaciones de lo femenino en la animaci\u00f3n contempor\u00e1nea latinoamericana.<\/em>\u00a0 Mar\u00eda Constanza Curatitoli (Becaria doctoral SeCyT, Universidad Nacional de C\u00f3rdoba, Argentina)<\/p>\n\n\n\n<p><strong><a href=\"https:\/\/www.animafestival.com.ar\/forum\/files\/2021\/08\/08-Onaindia-2019.pdf\" data-type=\"URL\" data-id=\"https:\/\/www.animafestival.com.ar\/forum\/files\/2021\/08\/08-Onaindia-2019.pdf\" target=\"_blank\" rel=\"noreferrer noopener\">P\u00e1g. 103 &#8211;<\/a><\/strong> <em>La animaci\u00f3n y su expresividad aplicadas al campo pol\u00edtico-social.<\/em>\u00a0Celeste Onaindia (Universidad Nacional de C\u00f3rdoba, Argentina)<\/p>\n\n\n\n<p><strong><a href=\"https:\/\/www.animafestival.com.ar\/forum\/files\/2021\/08\/09-Martinez-2019.pdf\" data-type=\"URL\" data-id=\"https:\/\/www.animafestival.com.ar\/forum\/files\/2021\/08\/09-Martinez-2019.pdf\" target=\"_blank\" rel=\"noreferrer noopener\">P\u00e1g. 113 &#8211;<\/a><\/strong> <em>Las nuevas infancias. personajes femeninos en series d<\/em>e animaci\u00f3n infantiles. el caso de <em>Siesta Z.\u00a0<\/em> Luj\u00e1n Ailen Martinez (Universidad Nacional de Villa Mar\u00eda, Argentina)<\/p>\n\n\n\n<p><span style=\"color:#800080\" class=\"has-inline-color\">PDF Completo disponible en MAPA \u2013 Repositorio Digital de la Facultad de Artes, UNC.<\/span><\/p>\n\n\n\n<hr class=\"wp-block-separator\" \/>\n\n\n\n<p>Forma de citado de los art\u00edculos&nbsp;publicados en esta compilaci\u00f3n:<\/p>\n\n\n\n<p>Apellido del Autor, Inicial del Nombre (2021). \u00abT\u00edtulo Art\u00edculo\u00bb.\u00a0En As\u00eds Ferri, P. (Comp.)\u00a0<em>La animaci\u00f3n y su capacidad para construir realidades\u00a0\u2013\u00a0Actas del VI\u00ba Foro Acad\u00e9mico sobre Animaci\u00f3n<\/em>\u00a0\u2013 X Festival Internacional de Animaci\u00f3n C\u00f3rdoba, ANIMA\u201819 \u2013 1a ed. (pp. n\u00fameros de las p\u00e1ginas en las que est\u00e1 el cap\u00edtulo citado) \u2013 Villa Mar\u00eda: Universidad Nacional de Villa Mar\u00eda.<\/p>\n","protected":false},"excerpt":{"rendered":"<p>FAIA, International Academic Forum on Animation<\/p>\n","protected":false},"author":8,"featured_media":0,"parent":57,"menu_order":6,"comment_status":"closed","ping_status":"closed","template":"","meta":{"footnotes":""},"class_list":["post-850","page","type-page","status-publish","hentry"],"_links":{"self":[{"href":"https:\/\/www.animafestival.com.ar\/forum\/wp-json\/wp\/v2\/pages\/850","targetHints":{"allow":["GET"]}}],"collection":[{"href":"https:\/\/www.animafestival.com.ar\/forum\/wp-json\/wp\/v2\/pages"}],"about":[{"href":"https:\/\/www.animafestival.com.ar\/forum\/wp-json\/wp\/v2\/types\/page"}],"author":[{"embeddable":true,"href":"https:\/\/www.animafestival.com.ar\/forum\/wp-json\/wp\/v2\/users\/8"}],"replies":[{"embeddable":true,"href":"https:\/\/www.animafestival.com.ar\/forum\/wp-json\/wp\/v2\/comments?post=850"}],"version-history":[{"count":23,"href":"https:\/\/www.animafestival.com.ar\/forum\/wp-json\/wp\/v2\/pages\/850\/revisions"}],"predecessor-version":[{"id":952,"href":"https:\/\/www.animafestival.com.ar\/forum\/wp-json\/wp\/v2\/pages\/850\/revisions\/952"}],"up":[{"embeddable":true,"href":"https:\/\/www.animafestival.com.ar\/forum\/wp-json\/wp\/v2\/pages\/57"}],"wp:attachment":[{"href":"https:\/\/www.animafestival.com.ar\/forum\/wp-json\/wp\/v2\/media?parent=850"}],"curies":[{"name":"wp","href":"https:\/\/api.w.org\/{rel}","templated":true}]}}